-- Table structure for table `events_statements_summary_by_user_by_event_name`
--

CREATE TABLE `events_statements_summary_by_user_by_event_name` (
  `USER` char(32) CHARACTER SET utf8mb4 COLLATE utf8mb4_bin DEFAULT NULL,
  `EVENT_NAME` varchar(128) NOT NULL,
  `COUNT_STAR` bigint unsigned NOT NULL,
  `SUM_TIMER_WAIT` bigint unsigned NOT NULL,
  `MIN_TIMER_WAIT` bigint unsigned NOT NULL,
  `AVG_TIMER_WAIT` bigint unsigned NOT NULL,
  `MAX_TIMER_WAIT` bigint unsigned NOT NULL,
  `SUM_LOCK_TIME` bigint unsigned NOT NULL,
  `SUM_ERRORS` bigint unsigned NOT NULL,
  `SUM_WARNINGS` bigint unsigned NOT NULL,
  `SUM_ROWS_AFFECTED` bigint unsigned NOT NULL,
  `SUM_ROWS_SENT` bigint unsigned NOT NULL,
  `SUM_ROWS_EXAMINED` bigint unsigned NOT NULL,
  `SUM_CREATED_TMP_DISK_TABLES` bigint unsigned NOT NULL,
  `SUM_CREATED_TMP_TABLES` bigint unsigned NOT NULL,
  `SUM_SELECT_FULL_JOIN` bigint unsigned NOT NULL,
  `SUM_SELECT_FULL_RANGE_JOIN` bigint unsigned NOT NULL,
  `SUM_SELECT_RANGE` bigint unsigned NOT NULL,
  `SUM_SELECT_RANGE_CHECK` bigint unsigned NOT NULL,
  `SUM_SELECT_SCAN` bigint unsigned NOT NULL,
  `SUM_SORT_MERGE_PASSES` bigint unsigned NOT NULL,
  `SUM_SORT_RANGE` bigint unsigned NOT NULL,
  `SUM_SORT_ROWS` bigint unsigned NOT NULL,
  `SUM_SORT_SCAN` bigint unsigned NOT NULL,
  `SUM_NO_INDEX_USED` bigint unsigned NOT NULL,
  `SUM_NO_GOOD_INDEX_USED` bigint unsigned NOT NULL,
  `SUM_CPU_TIME` bigint unsigned NOT NULL,
  `MAX_CONTROLLED_MEMORY` bigint unsigned NOT NULL,
  `MAX_TOTAL_MEMORY` bigint unsigned NOT NULL,
  `COUNT_SECONDARY` bigint unsigned NOT NULL,
  UNIQUE KEY `USER` (`USER`,`EVENT_NAME`)
) ENGINE=PERFORMANCE_SCHEMA DEFAULT CHARSET=utf8mb4 COLLATE=utf8mb4_0900_ai_ci;

--
-- Dumping data for table `events_statements_summary_by_user_by_event_name`
--

INSERT INTO `events_statements_summary_by_user_by_event_name` VALUES (NULL,'statement/sql/select',0,0,0,0,0,0,0,0,0,0,0,0,0,0,0,0,0,0,0,0,0,0,0,0,0,0,0,0),(NULL,'statement/sql/create_table',0,0,0,0,0,0,0,0,0,0,0,0,0,0,0,0,0,0,0,0,0,0,0,0,0,0,0,0),(NULL,'statement/sql/create_index',0,0,0,0,0,0,0,0,0,0,0,0,0,0,0,0,0,0,0,0,0,0,0,0,0,0,0,0),(NULL,'statement/sql/alter_table',0,0,0,0,0,0,0,0,0,0,0,0,0,0,0,0,0,0,0,0,0,0,0,0,0,0,0,0),(NULL,'statement/sql/update',0,0,0,0,0,0,0,0,0,0,0,0,0,0,0,0,0,0,0,0,0,0,0,0,0,0,0,0),(NULL,'statement/sql/insert',0,0,0,0,0,0,0,0,0,0,0,0,0,0,0,0,0,0,0,0,0,0,0,0,0,0,0,0),(NULL,'statement/sql/insert_select',0,0,0,0,0,0,0,0,0,0,0,0,0,0,0,0,0,0,0,0,0,0,0,0,0,0,0,0),(NULL,'statement/sql/delete',0,0,0,0,0,0,0,0,0,0,0,0,0,0,0,0,0,0,0,0,0,0,0,0,0,0,0,0),(NULL,'statement/sql/truncate',0,0,0,0,0,0,0,0,0,0,0,0,0,0,0,0,0,0,0,0,0,0,0,0,0,0,0,0),(NULL,'statement/sql/drop_table',0,0,0,0,0,0,0,0,0,0,0,0,0,0,0,0,0,0,0,0,0,0,0,0,0,0,0,0),(NULL,'statement/sql/drop_index',0,0,0,0,0,0,0,0,0,0,0,0,0,0,0,0,0,0,0,0,0,0,0,0,0,0,0,0),(NULL,'statement/sql/show_databases',0,0,0,0,0,0,0,0,0,0,0,0,0,0,0,0,0,0,0,0,0,0,0,0,0,0,0,0),(NULL,'statement/sql/show_tables',0,0,0,0,0,0,0,0,0,0,0,0,0,0,0,0,0,0,0,0,0,0,0,0,0,0,0,0),(NULL,'statement/sql/show_fields',0,0,0,0,0,0,0,0,0,0,0,0,0,0,0,0,0,0,0,0,0,0,0,0,0,0,0,0),(NULL,'statement/sql/show_keys',0,0,0,0,0,0,0,0,0,0,0,0,0,0,0,0,0,0,0,0,0,0,0,0,0,0,0,0),(NULL,'statement/sql/show_variables',0,0,0,0,0,0,0,0,0,0,0,0,0,0,0,0,0,0,0,0,0,0,0,0,0,0,0,0),(NULL,'statement/sql/show_status',0,0,0,0,0,0,0,0,0,0,0,0,0,0,0,0,0,0,0,0,0,0,0,0,0,0,0,0),(NULL,'statement/sql/show_engine_logs',0,0,0,0,0,0,0,0,0,0,0,0,0,0,0,0,0,0,0,0,0,0,0,0,0,0,0,0),(NULL,'statement/sql/show_engine_status',0,0,0,0,0,0,0,0,0,0,0,0,0,0,0,0,0,0,0,0,0,0,0,0,0,0,0,0),(NULL,'statement/sql/show_engine_mutex',0,0,0,0,0,0,0,0,0,0,0,0,0,0,0,0,0,0,0,0,0,0,0,0,0,0,0,0),(NULL,'statement/sql/show_processlist',0,0,0,0,0,0,0,0,0,0,0,0,0,0,0,0,0,0,0,0,0,0,0,0,0,0,0,0),(NULL,'statement/sql/show_master_status',0,0,0,0,0,0,0,0,0,0,0,0,0,0,0,0,0,0,0,0,0,0,0,0,0,0,0,0),(NULL,'statement/sql/show_slave_status',0,0,0,0,0,0,0,0,0,0,0,0,0,0,0,0,0,0,0,0,0,0,0,0,0,0,0,0),(NULL,'statement/sql/show_grants',0,0,0,0,0,0,0,0,0,0,0,0,0,0,0,0,0,0,0,0,0,0,0,0,0,0,0,0),(NULL,'statement/sql/show_create_table',0,0,0,0,0,0,0,0,0,0,0,0,0,0,0,0,0,0,0,0,0,0,0,0,0,0,0,0),(NULL,'statement/sql/show_charsets',0,0,0,0,0,0,0,0,0,0,0,0,0,0,0,0,0,0,0,0,0,0,0,0,0,0,0,0),(NULL,'statement/sql/show_collations',0,0,0,0,0,0,0,0,0,0,0,0,0,0,0,0,0,0,0,0,0,0,0,0,0,0,0,0),(NULL,'statement/sql/show_create_db',0,0,0,0,0,0,0,0,0,0,0,0,0,0,0,0,0,0,0,0,0,0,0,0,0,0,0,0),(NULL,'statement/sql/show_table_status',0,0,0,0,0,0,0,0,0,0,0,0,0,0,0,0,0,0,0,0,0,0,0,0,0,0,0,0),(NULL,'statement/sql/show_triggers',0,0,0,0,0,0,0,0,0,0,0,0,0,0,0,0,0,0,0,0,0,0,0,0,0,0,0,0),(NULL,'statement/sql/load',0,0,0,0,0,0,0,0,0,0,0,0,0,0,0,0,0,0,0,0,0,0,0,0,0,0,0,0),(NULL,'statement/sql/set_option',0,0,0,0,0,0,0,0,0,0,0,0,0,0,0,0,0,0,0,0,0,0,0,0,0,0,0,0),(NULL,'statement/sql/lock_tables',0,0,0,0,0,0,0,0,0,0,0,0,0,0,0,0,0,0,0,0,0,0,0,0,0,0,0,0),(NULL,'statement/sql/unlock_tables',0,0,0,0,0,0,0,0,0,0,0,0,0,0,0,0,0,0,0,0,0,0,0,0,0,0,0,0),(NULL,'statement/sql/grant',0,0,0,0,0,0,0,0,0,0,0,0,0,0,0,0,0,0,0,0,0,0,0,0,0,0,0,0),(NULL,'statement/sql/change_db',0,0,0,0,0,0,0,0,0,0,0,0,0,0,0,0,0,0,0,0,0,0,0,0,0,0,0,0),(NULL,'statement/sql/create_db',0,0,0,0,0,0,0,0,0,0,0,0,0,0,0,0,0,0,0,0,0,0,0,0,0,0,0,0),(NULL,'statement/sql/drop_db',0,0,0,0,0,0,0,0,0,0,0,0,0,0,0,0,0,0,0,0,0,0,0,0,0,0,0,0),(NULL,'statement/sql/alter_db',0,0,0,0,0,0,0,0,0,0,0,0,0,0,0,0,0,0,0,0,0,0,0,0,0,0,0,0),(NULL,'statement/sql/repair',0,0,0,0,0,0,0,0,0,0,0,0,0,0,0,0,0,0,0,0,0,0,0,0,0,0,0,0),(NULL,'statement/sql/replace',0,0,0,0,0,0,0,0,0,0,0,0,0,0,0,0,0,0,0,0,0,0,0,0,0,0,0,0),(NULL,'statement/sql/replace_select',0,0,0,0,0,0,0,0,0,0,0,0,0,0,0,0,0,0,0,0,0,0,0,0,0,0,0,0),(NULL,'statement/sql/create_udf',0,0,0,0,0,0,0,0,0,0,0,0,0,0,0,0,0,0,0,0,0,0,0,0,0,0,0,0),(NULL,'statement/sql/drop_function',0,0,0,0,0,0,0,0,0,0,0,0,0,0,0,0,0,0,0,0,0,0,0,0,0,0,0,0),(NULL,'statement/sql/revoke',0,0,0,0,0,0,0,0,0,0,0,0,0,0,0,0,0,0,0,0,0,0,0,0,0,0,0,0),(NULL,'statement/sql/optimize',0,0,0,0,0,0,0,0,0,0,0,0,0,0,0,0,0,0,0,0,0,0,0,0,0,0,0,0),(NULL,'statement/sql/check',0,0,0,0,0,0,0,0,0,0,0,0,0,0,0,0,0,0,0,0,0,0,0,0,0,0,0,0),(NULL,'statement/sql/assign_to_keycache',0,0,0,0,0,0,0,0,0,0,0,0,0,0,0,0,0,0,0,0,0,0,0,0,0,0,0,0),(NULL,'statement/sql/preload_keys',0,0,0,0,0,0,0,0,0,0,0,0,0,0,0,0,0,0,0,0,0,0,0,0,0,0,0,0),(NULL,'statement/sql/flush',0,0,0,0,0,0,0,0,0,0,0,0,0,0,0,0,0,0,0,0,0,0,0,0,0,0,0,0),(NULL,'statement/sql/kill',0,0,0,0,0,0,0,0,0,0,0,0,0,0,0,0,0,0,0,0,0,0,0,0,0,0,0,0),(NULL,'statement/sql/analyze',0,0,0,0,0,0,0,0,0,0,0,0,0,0,0,0,0,0,0,0,0,0,0,0,0,0,0,0),(NULL,'statement/sql/rollback',0,0,0,0,0,0,0,0,0,0,0,0,0,0,0,0,0,0,0,0,0,0,0,0,0,0,0,0),(NULL,'statement/sql/rollback_to_savepoint',0,0,0,0,0,0,0,0,0,0,0,0,0,0,0,0,0,0,0,0,0,0,0,0,0,0,0,0),(NULL,'statement/sql/commit',0,0,0,0,0,0,0,0,0,0,0,0,0,0,0,0,0,0,0,0,0,0,0,0,0,0,0,0),(NULL,'statement/sql/savepoint',0,0,0,0,0,0,0,0,0,0,0,0,0,0,0,0,0,0,0,0,0,0,0,0,0,0,0,0),(NULL,'statement/sql/release_savepoint',0,0,0,0,0,0,0,0,0,0,0,0,0,0,0,0,0,0,0,0,0,0,0,0,0,0,0,0),(NULL,'statement/sql/slave_start',0,0,0,0,0,0,0,0,0,0,0,0,0,0,0,0,0,0,0,0,0,0,0,0,0,0,0,0),(NULL,'statement/sql/slave_stop',0,0,0,0,0,0,0,0,0,0,0,0,0,0,0,0,0,0,0,0,0,0,0,0,0,0,0,0),(NULL,'statement/sql/group_replication_start',0,0,0,0,0,0,0,0,0,0,0,0,0,0,0,0,0,0,0,0,0,0,0,0,0,0,0,0),(NULL,'statement/sql/group_replication_stop',0,0,0,0,0,0,0,0,0,0,0,0,0,0,0,0,0,0,0,0,0,0,0,0,0,0,0,0),(NULL,'statement/sql/begin',0,0,0,0,0,0,0,0,0,0,0,0,0,0,0,0,0,0,0,0,0,0,0,0,0,0,0,0),(NULL,'statement/sql/change_replication_source',0,0,0,0,0,0,0,0,0,0,0,0,0,0,0,0,0,0,0,0,0,0,0,0,0,0,0,0),(NULL,'statement/sql/change_repl_filter',0,0,0,0,0,0,0,0,0,0,0,0,0,0,0,0,0,0,0,0,0,0,0,0,0,0,0,0),(NULL,'statement/sql/rename_table',0,0,0,0,0,0,0,0,0,0,0,0,0,0,0,0,0,0,0,0,0,0,0,0,0,0,0,0),(NULL,'statement/sql/reset',0,0,0,0,0,0,0,0,0,0,0,0,0,0,0,0,0,0,0,0,0,0,0,0,0,0,0,0),(NULL,'statement/sql/purge',0,0,0,0,0,0,0,0,0,0,0,0,0,0,0,0,0,0,0,0,0,0,0,0,0,0,0,0),(NULL,'statement/sql/purge_before_date',0,0,0,0,0,0,0,0,0,0,0,0,0,0,0,0,0,0,0,0,0,0,0,0,0,0,0,0),(NULL,'statement/sql/show_binlogs',0,0,0,0,0,0,0,0,0,0,0,0,0,0,0,0,0,0,0,0,0,0,0,0,0,0,0,0),(NULL,'statement/sql/show_open_tables',0,0,0,0,0,0,0,0,0,0,0,0,0,0,0,0,0,0,0,0,0,0,0,0,0,0,0,0),(NULL,'statement/sql/ha_open',0,0,0,0,0,0,0,0,0,0,0,0,0,0,0,0,0,0,0,0,0,0,0,0,0,0,0,0),(NULL,'statement/sql/ha_close',0,0,0,0,0,0,0,0,0,0,0,0,0,0,0,0,0,0,0,0,0,0,0,0,0,0,0,0),(NULL,'statement/sql/ha_read',0,0,0,0,0,0,0,0,0,0,0,0,0,0,0,0,0,0,0,0,0,0,0,0,0,0,0,0),(NULL,'statement/sql/show_slave_hosts',0,0,0,0,0,0,0,0,0,0,0,0,0,0,0,0,0,0,0,0,0,0,0,0,0,0,0,0),(NULL,'statement/sql/delete_multi',0,0,0,0,0,0,0,0,0,0,0,0,0,0,0,0,0,0,0,0,0,0,0,0,0,0,0,0),(NULL,'statement/sql/update_multi',0,0,0,0,0,0,0,0,0,0,0,0,0,0,0,0,0,0,0,0,0,0,0,0,0,0,0,0),(NULL,'statement/sql/show_binlog_events',0,0,0,0,0,0,0,0,0,0,0,0,0,0,0,0,0,0,0,0,0,0,0,0,0,0,0,0),(NULL,'statement/sql/do',0,0,0,0,0,0,0,0,0,0,0,0,0,0,0,0,0,0,0,0,0,0,0,0,0,0,0,0),(NULL,'statement/sql/show_warnings',0,0,0,0,0,0,0,0,0,0,0,0,0,0,0,0,0,0,0,0,0,0,0,0,0,0,0,0),(NULL,'statement/sql/empty_query',0,0,0,0,0,0,0,0,0,0,0,0,0,0,0,0,0,0,0,0,0,0,0,0,0,0,0,0),(NULL,'statement/sql/show_errors',0,0,0,0,0,0,0,0,0,0,0,0,0,0,0,0,0,0,0,0,0,0,0,0,0,0,0,0),(NULL,'statement/sql/show_storage_engines',0,0,0,0,0,0,0,0,0,0,0,0,0,0,0,0,0,0,0,0,0,0,0,0,0,0,0,0),(NULL,'statement/sql/show_privileges',0,0,0,0,0,0,0,0,0,0,0,0,0,0,0,0,0,0,0,0,0,0,0,0,0,0,0,0),(NULL,'statement/sql/help',0,0,0,0,0,0,0,0,0,0,0,0,0,0,0,0,0,0,0,0,0,0,0,0,0,0,0,0),(NULL,'statement/sql/create_user',0,0,0,0,0,0,0,0,0,0,0,0,0,0,0,0,0,0,0,0,0,0,0,0,0,0,0,0),(NULL,'statement/sql/drop_user',0,0,0,0,0,0,0,0,0,0,0,0,0,0,0,0,0,0,0,0,0,0,0,0,0,0,0,0),(NULL,'statement/sql/rename_user',0,0,0,0,0,0,0,0,0,0,0,0,0,0,0,0,0,0,0,0,0,0,0,0,0,0,0,0),(NULL,'statement/sql/revoke_all',0,0,0,0,0,0,0,0,0,0,0,0,0,0,0,0,0,0,0,0,0,0,0,0,0,0,0,0),(NULL,'statement/sql/checksum',0,0,0,0,0,0,0,0,0,0,0,0,0,0,0,0,0,0,0,0,0,0,0,0,0,0,0,0),(NULL,'statement/sql/create_procedure',0,0,0,0,0,0,0,0,0,0,0,0,0,0,0,0,0,0,0,0,0,0,0,0,0,0,0,0),(NULL,'statement/sql/create_function',0,0,0,0,0,0,0,0,0,0,0,0,0,0,0,0,0,0,0,0,0,0,0,0,0,0,0,0),(NULL,'statement/sql/call_procedure',0,0,0,0,0,0,0,0,0,0,0,0,0,0,0,0,0,0,0,0,0,0,0,0,0,0,0,0),(NULL,'statement/sql/drop_procedure',0,0,0,0,0,0,0,0,0,0,0,0,0,0,0,0,0,0,0,0,0,0,0,0,0,0,0,0),(NULL,'statement/sql/alter_procedure',0,0,0,0,0,0,0,0,0,0,0,0,0,0,0,0,0,0,0,0,0,0,0,0,0,0,0,0),(NULL,'statement/sql/alter_function',0,0,0,0,0,0,0,0,0,0,0,0,0,0,0,0,0,0,0,0,0,0,0,0,0,0,0,0),(NULL,'statement/sql/show_create_proc',0,0,0,0,0,0,0,0,0,0,0,0,0,0,0,0,0,0,0,0,0,0,0,0,0,0,0,0),(NULL,'statement/sql/show_create_func',0,0,0,0,0,0,0,0,0,0,0,0,0,0,0,0,0,0,0,0,0,0,0,0,0,0,0,0),(NULL,'statement/sql/show_procedure_status',0,0,0,0,0,0,0,0,0,0,0,0,0,0,0,0,0,0,0,0,0,0,0,0,0,0,0,0),(NULL,'statement/sql/show_function_status',0,0,0,0,0,0,0,0,0,0,0,0,0,0,0,0,0,0,0,0,0,0,0,0,0,0,0,0),(NULL,'statement/sql/prepare_sql',0,0,0,0,0,0,0,0,0,0,0,0,0,0,0,0,0,0,0,0,0,0,0,0,0,0,0,0),(NULL,'statement/sql/execute_sql',0,0,0,0,0,0,0,0,0,0,0,0,0,0,0,0,0,0,0,0,0,0,0,0,0,0,0,0),(NULL,'statement/sql/dealloc_sql',0,0,0,0,0,0,0,0,0,0,0,0,0,0,0,0,0,0,0,0,0,0,0,0,0,0,0,0),(NULL,'statement/sql/create_view',0,0,0,0,0,0,0,0,0,0,0,0,0,0,0,0,0,0,0,0,0,0,0,0,0,0,0,0),(NULL,'statement/sql/drop_view',0,0,0,0,0,0,0,0,0,0,0,0,0,0,0,0,0,0,0,0,0,0,0,0,0,0,0,0),(NULL,'statement/sql/create_trigger',0,0,0,0,0,0,0,0,0,0,0,0,0,0,0,0,0,0,0,0,0,0,0,0,0,0,0,0),(NULL,'statement/sql/drop_trigger',0,0,0,0,0,0,0,0,0,0,0,0,0,0,0,0,0,0,0,0,0,0,0,0,0,0,0,0),(NULL,'statement/sql/xa_start',0,0,0,0,0,0,0,0,0,0,0,0,0,0,0,0,0,0,0,0,0,0,0,0,0,0,0,0),(NULL,'statement/sql/xa_end',0,0,0,0,0,0,0,0,0,0,0,0,0,0,0,0,0,0,0,0,0,0,0,0,0,0,0,0),(NULL,'statement/sql/xa_prepare',0,0,0,0,0,0,0,0,0,0,0,0,0,0,0,0,0,0,0,0,0,0,0,0,0,0,0,0),(NULL,'statement/sql/xa_commit',0,0,0,0,0,0,0,0,0,0,0,0,0,0,0,0,0,0,0,0,0,0,0,0,0,0,0,0),(NULL,'statement/sql/xa_rollback',0,0,0,0,0,0,0,0,0,0,0,0,0,0,0,0,0,0,0,0,0,0,0,0,0,0,0,0),(NULL,'statement/sql/xa_recover',0,0,0,0,0,0,0,0,0,0,0,0,0,0,0,0,0,0,0,0,0,0,0,0,0,0,0,0),(NULL,'statement/sql/show_procedure_code',0,0,0,0,0,0,0,0,0,0,0,0,0,0,0,0,0,0,0,0,0,0,0,0,0,0,0,0),(NULL,'statement/sql/show_function_code',0,0,0,0,0,0,0,0,0,0,0,0,0,0,0,0,0,0,0,0,0,0,0,0,0,0,0,0),(NULL,'statement/sql/alter_tablespace',0,0,0,0,0,0,0,0,0,0,0,0,0,0,0,0,0,0,0,0,0,0,0,0,0,0,0,0),(NULL,'statement/sql/install_plugin',0,0,0,0,0,0,0,0,0,0,0,0,0,0,0,0,0,0,0,0,0,0,0,0,0,0,0,0),(NULL,'statement/sql/uninstall_plugin',0,0,0,0,0,0,0,0,0,0,0,0,0,0,0,0,0,0,0,0,0,0,0,0,0,0,0,0),(NULL,'statement/sql/binlog',0,0,0,0,0,0,0,0,0,0,0,0,0,0,0,0,0,0,0,0,0,0,0,0,0,0,0,0),(NULL,'statement/sql/show_plugins',0,0,0,0,0,0,0,0,0,0,0,0,0,0,0,0,0,0,0,0,0,0,0,0,0,0,0,0),(NULL,'statement/sql/create_server',0,0,0,0,0,0,0,0,0,0,0,0,0,0,0,0,0,0,0,0,0,0,0,0,0,0,0,0),(NULL,'statement/sql/drop_server',0,0,0,0,0,0,0,0,0,0,0,0,0,0,0,0,0,0,0,0,0,0,0,0,0,0,0,0),(NULL,'statement/sql/alter_server',0,0,0,0,0,0,0,0,0,0,0,0,0,0,0,0,0,0,0,0,0,0,0,0,0,0,0,0),(NULL,'statement/sql/create_event',0,0,0,0,0,0,0,0,0,0,0,0,0,0,0,0,0,0,0,0,0,0,0,0,0,0,0,0),(NULL,'statement/sql/alter_event',0,0,0,0,0,0,0,0,0,0,0,0,0,0,0,0,0,0,0,0,0,0,0,0,0,0,0,0),(NULL,'statement/sql/drop_event',0,0,0,0,0,0,0,0,0,0,0,0,0,0,0,0,0,0,0,0,0,0,0,0,0,0,0,0),(NULL,'statement/sql/show_create_event',0,0,0,0,0,0,0,0,0,0,0,0,0,0,0,0,0,0,0,0,0,0,0,0,0,0,0,0),(NULL,'statement/sql/show_events',0,0,0,0,0,0,0,0,0,0,0,0,0,0,0,0,0,0,0,0,0,0,0,0,0,0,0,0),(NULL,'statement/sql/show_create_trigger',0,0,0,0,0,0,0,0,0,0,0,0,0,0,0,0,0,0,0,0,0,0,0,0,0,0,0,0),(NULL,'statement/sql/show_profile',0,0,0,0,0,0,0,0,0,0,0,0,0,0,0,0,0,0,0,0,0,0,0,0,0,0,0,0),(NULL,'statement/sql/show_profiles',0,0,0,0,0,0,0,0,0,0,0,0,0,0,0,0,0,0,0,0,0,0,0,0,0,0,0,0),(NULL,'statement/sql/signal',0,0,0,0,0,0,0,0,0,0,0,0,0,0,0,0,0,0,0,0,0,0,0,0,0,0,0,0),(NULL,'statement/sql/resignal',0,0,0,0,0,0,0,0,0,0,0,0,0,0,0,0,0,0,0,0,0,0,0,0,0,0,0,0),(NULL,'statement/sql/show_relaylog_events',0,0,0,0,0,0,0,0,0,0,0,0,0,0,0,0,0,0,0,0,0,0,0,0,0,0,0,0),(NULL,'statement/sql/get_diagnostics',0,0,0,0,0,0,0,0,0,0,0,0,0,0,0,0,0,0,0,0,0,0,0,0,0,0,0,0),(NULL,'statement/sql/alter_user',0,0,0,0,0,0,0,0,0,0,0,0,0,0,0,0,0,0,0,0,0,0,0,0,0,0,0,0),(NULL,'statement/sql/explain_other',0,0,0,0,0,0,0,0,0,0,0,0,0,0,0,0,0,0,0,0,0,0,0,0,0,0,0,0),(NULL,'statement/sql/show_create_user',0,0,0,0,0,0,0,0,0,0,0,0,0,0,0,0,0,0,0,0,0,0,0,0,0,0,0,0),(NULL,'statement/sql/shutdown',0,0,0,0,0,0,0,0,0,0,0,0,0,0,0,0,0,0,0,0,0,0,0,0,0,0,0,0),(NULL,'statement/sql/set_password',0,0,0,0,0,0,0,0,0,0,0,0,0,0,0,0,0,0,0,0,0,0,0,0,0,0,0,0),(NULL,'statement/sql/alter_instance',0,0,0,0,0,0,0,0,0,0,0,0,0,0,0,0,0,0,0,0,0,0,0,0,0,0,0,0),(NULL,'statement/sql/install_component',0,0,0,0,0,0,0,0,0,0,0,0,0,0,0,0,0,0,0,0,0,0,0,0,0,0,0,0),(NULL,'statement/sql/uninstall_component',0,0,0,0,0,0,0,0,0,0,0,0,0,0,0,0,0,0,0,0,0,0,0,0,0,0,0,0),(NULL,'statement/sql/create_role',0,0,0,0,0,0,0,0,0,0,0,0,0,0,0,0,0,0,0,0,0,0,0,0,0,0,0,0),(NULL,'statement/sql/drop_role',0,0,0,0,0,0,0,0,0,0,0,0,0,0,0,0,0,0,0,0,0,0,0,0,0,0,0,0),(NULL,'statement/sql/set_role',0,0,0,0,0,0,0,0,0,0,0,0,0,0,0,0,0,0,0,0,0,0,0,0,0,0,0,0),(NULL,'statement/sql/grant_roles',0,0,0,0,0,0,0,0,0,0,0,0,0,0,0,0,0,0,0,0,0,0,0,0,0,0,0,0),(NULL,'statement/sql/revoke_roles',0,0,0,0,0,0,0,0,0,0,0,0,0,0,0,0,0,0,0,0,0,0,0,0,0,0,0,0),(NULL,'statement/sql/alter_user_default_role',0,0,0,0,0,0,0,0,0,0,0,0,0,0,0,0,0,0,0,0,0,0,0,0,0,0,0,0),(NULL,'statement/sql/import',0,0,0,0,0,0,0,0,0,0,0,0,0,0,0,0,0,0,0,0,0,0,0,0,0,0,0,0),(NULL,'statement/sql/create_resource_group',0,0,0,0,0,0,0,0,0,0,0,0,0,0,0,0,0,0,0,0,0,0,0,0,0,0,0,0),(NULL,'statement/sql/alter_resource_group',0,0,0,0,0,0,0,0,0,0,0,0,0,0,0,0,0,0,0,0,0,0,0,0,0,0,0,0),(NULL,'statement/sql/drop_resource_group',0,0,0,0,0,0,0,0,0,0,0,0,0,0,0,0,0,0,0,0,0,0,0,0,0,0,0,0),(NULL,'statement/sql/set_resource_group',0,0,0,0,0,0,0,0,0,0,0,0,0,0,0,0,0,0,0,0,0,0,0,0,0,0,0,0),(NULL,'statement/sql/lock_instance',0,0,0,0,0,0,0,0,0,0,0,0,0,0,0,0,0,0,0,0,0,0,0,0,0,0,0,0),(NULL,'statement/sql/unlock_instance',0,0,0,0,0,0,0,0,0,0,0,0,0,0,0,0,0,0,0,0,0,0,0,0,0,0,0,0),(NULL,'statement/sql/restart',0,0,0,0,0,0,0,0,0,0,0,0,0,0,0,0,0,0,0,0,0,0,0,0,0,0,0,0),(NULL,'statement/sql/create_spatial_reference_system',0,0,0,0,0,0,0,0,0,0,0,0,0,0,0,0,0,0,0,0,0,0,0,0,0,0,0,0),(NULL,'statement/sql/drop_spatial_reference_system',0,0,0,0,0,0,0,0,0,0,0,0,0,0,0,0,0,0,0,0,0,0,0,0,0,0,0,0),(NULL,'statement/sql/error',0,0,0,0,0,0,0,0,0,0,0,0,0,0,0,0,0,0,0,0,0,0,0,0,0,0,0,0),(NULL,'statement/sp/stmt',0,0,0,0,0,0,0,0,0,0,0,0,0,0,0,0,0,0,0,0,0,0,0,0,0,0,0,0),(NULL,'statement/sp/set',0,0,0,0,0,0,0,0,0,0,0,0,0,0,0,0,0,0,0,0,0,0,0,0,0,0,0,0),(NULL,'statement/sp/set_trigger_field',0,0,0,0,0,0,0,0,0,0,0,0,0,0,0,0,0,0,0,0,0,0,0,0,0,0,0,0),(NULL,'statement/sp/jump',0,0,0,0,0,0,0,0,0,0,0,0,0,0,0,0,0,0,0,0,0,0,0,0,0,0,0,0),(NULL,'statement/sp/jump_if_not',0,0,0,0,0,0,0,0,0,0,0,0,0,0,0,0,0,0,0,0,0,0,0,0,0,0,0,0),(NULL,'statement/sp/freturn',0,0,0,0,0,0,0,0,0,0,0,0,0,0,0,0,0,0,0,0,0,0,0,0,0,0,0,0),(NULL,'statement/sp/hpush_jump',0,0,0,0,0,0,0,0,0,0,0,0,0,0,0,0,0,0,0,0,0,0,0,0,0,0,0,0),(NULL,'statement/sp/hpop',0,0,0,0,0,0,0,0,0,0,0,0,0,0,0,0,0,0,0,0,0,0,0,0,0,0,0,0),(NULL,'statement/sp/hreturn',0,0,0,0,0,0,0,0,0,0,0,0,0,0,0,0,0,0,0,0,0,0,0,0,0,0,0,0),(NULL,'statement/sp/cpush',0,0,0,0,0,0,0,0,0,0,0,0,0,0,0,0,0,0,0,0,0,0,0,0,0,0,0,0),(NULL,'statement/sp/cpop',0,0,0,0,0,0,0,0,0,0,0,0,0,0,0,0,0,0,0,0,0,0,0,0,0,0,0,0),(NULL,'statement/sp/copen',0,0,0,0,0,0,0,0,0,0,0,0,0,0,0,0,0,0,0,0,0,0,0,0,0,0,0,0),(NULL,'statement/sp/cclose',0,0,0,0,0,0,0,0,0,0,0,0,0,0,0,0,0,0,0,0,0,0,0,0,0,0,0,0),(NULL,'statement/sp/cfetch',0,0,0,0,0,0,0,0,0,0,0,0,0,0,0,0,0,0,0,0,0,0,0,0,0,0,0,0),(NULL,'statement/sp/error',0,0,0,0,0,0,0,0,0,0,0,0,0,0,0,0,0,0,0,0,0,0,0,0,0,0,0,0),(NULL,'statement/sp/set_case_expr',0,0,0,0,0,0,0,0,0,0,0,0,0,0,0,0,0,0,0,0,0,0,0,0,0,0,0,0),(NULL,'statement/scheduler/event',0,0,0,0,0,0,0,0,0,0,0,0,0,0,0,0,0,0,0,0,0,0,0,0,0,0,0,0),(NULL,'statement/com/Sleep',0,0,0,0,0,0,0,0,0,0,0,0,0,0,0,0,0,0,0,0,0,0,0,0,0,0,0,0),(NULL,'statement/com/Quit',0,0,0,0,0,0,0,0,0,0,0,0,0,0,0,0,0,0,0,0,0,0,0,0,0,0,0,0),(NULL,'statement/com/Init DB',0,0,0,0,0,0,0,0,0,0,0,0,0,0,0,0,0,0,0,0,0,0,0,0,0,0,0,0),(NULL,'statement/com/Field List',0,0,0,0,0,0,0,0,0,0,0,0,0,0,0,0,0,0,0,0,0,0,0,0,0,0,0,0),(NULL,'statement/com/Create DB',0,0,0,0,0,0,0,0,0,0,0,0,0,0,0,0,0,0,0,0,0,0,0,0,0,0,0,0),(NULL,'statement/com/Drop DB',0,0,0,0,0,0,0,0,0,0,0,0,0,0,0,0,0,0,0,0,0,0,0,0,0,0,0,0),(NULL,'statement/com/Refresh',0,0,0,0,0,0,0,0,0,0,0,0,0,0,0,0,0,0,0,0,0,0,0,0,0,0,0,0),(NULL,'statement/com/Shutdown',0,0,0,0,0,0,0,0,0,0,0,0,0,0,0,0,0,0,0,0,0,0,0,0,0,0,0,0),(NULL,'statement/com/Statistics',0,0,0,0,0,0,0,0,0,0,0,0,0,0,0,0,0,0,0,0,0,0,0,0,0,0,0,0),(NULL,'statement/com/Processlist',0,0,0,0,0,0,0,0,0,0,0,0,0,0,0,0,0,0,0,0,0,0,0,0,0,0,0,0),(NULL,'statement/com/Connect',0,0,0,0,0,0,0,0,0,0,0,0,0,0,0,0,0,0,0,0,0,0,0,0,0,0,0,0),(NULL,'statement/com/Kill',0,0,0,0,0,0,0,0,0,0,0,0,0,0,0,0,0,0,0,0,0,0,0,0,0,0,0,0),(NULL,'statement/com/Debug',0,0,0,0,0,0,0,0,0,0,0,0,0,0,0,0,0,0,0,0,0,0,0,0,0,0,0,0),(NULL,'statement/com/Ping',0,0,0,0,0,0,0,0,0,0,0,0,0,0,0,0,0,0,0,0,0,0,0,0,0,0,0,0),(NULL,'statement/com/Time',0,0,0,0,0,0,0,0,0,0,0,0,0,0,0,0,0,0,0,0,0,0,0,0,0,0,0,0),(NULL,'statement/com/Delayed insert',0,0,0,0,0,0,0,0,0,0,0,0,0,0,0,0,0,0,0,0,0,0,0,0,0,0,0,0),(NULL,'statement/com/Change user',0,0,0,0,0,0,0,0,0,0,0,0,0,0,0,0,0,0,0,0,0,0,0,0,0,0,0,0),(NULL,'statement/com/Binlog Dump',0,0,0,0,0,0,0,0,0,0,0,0,0,0,0,0,0,0,0,0,0,0,0,0,0,0,0,0),(NULL,'statement/com/Table Dump',0,0,0,0,0,0,0,0,0,0,0,0,0,0,0,0,0,0,0,0,0,0,0,0,0,0,0,0),(NULL,'statement/com/Connect Out',0,0,0,0,0,0,0,0,0,0,0,0,0,0,0,0,0,0,0,0,0,0,0,0,0,0,0,0),(NULL,'statement/com/Register Replica',0,0,0,0,0,0,0,0,0,0,0,0,0,0,0,0,0,0,0,0,0,0,0,0,0,0,0,0),(NULL,'statement/com/Prepare',0,0,0,0,0,0,0,0,0,0,0,0,0,0,0,0,0,0,0,0,0,0,0,0,0,0,0,0),(NULL,'statement/com/Execute',0,0,0,0,0,0,0,0,0,0,0,0,0,0,0,0,0,0,0,0,0,0,0,0,0,0,0,0),(NULL,'statement/com/Long Data',0,0,0,0,0,0,0,0,0,0,0,0,0,0,0,0,0,0,0,0,0,0,0,0,0,0,0,0),(NULL,'statement/com/Close stmt',0,0,0,0,0,0,0,0,0,0,0,0,0,0,0,0,0,0,0,0,0,0,0,0,0,0,0,0),(NULL,'statement/com/Reset stmt',0,0,0,0,0,0,0,0,0,0,0,0,0,0,0,0,0,0,0,0,0,0,0,0,0,0,0,0),(NULL,'statement/com/Set option',0,0,0,0,0,0,0,0,0,0,0,0,0,0,0,0,0,0,0,0,0,0,0,0,0,0,0,0),(NULL,'statement/com/Fetch',0,0,0,0,0,0,0,0,0,0,0,0,0,0,0,0,0,0,0,0,0,0,0,0,0,0,0,0),(NULL,'statement/com/Daemon',0,0,0,0,0,0,0,0,0,0,0,0,0,0,0,0,0,0,0,0,0,0,0,0,0,0,0,0),(NULL,'statement/com/Binlog Dump GTID',0,0,0,0,0,0,0,0,0,0,0,0,0,0,0,0,0,0,0,0,0,0,0,0,0,0,0,0),(NULL,'statement/com/Reset Connection',0,0,0,0,0,0,0,0,0,0,0,0,0,0,0,0,0,0,0,0,0,0,0,0,0,0,0,0),(NULL,'statement/com/Group Replication Data Stream subscription',0,0,0,0,0,0,0,0,0,0,0,0,0,0,0,0,0,0,0,0,0,0,0,0,0,0,0,0),(NULL,'statement/com/Error',0,0,0,0,0,0,0,0,0,0,0,0,0,0,0,0,0,0,0,0,0,0,0,0,0,0,0,0),('event_scheduler','statement/sql/select',0,0,0,0,0,0,0,0,0,0,0,0,0,0,0,0,0,0,0,0,0,0,0,0,0,0,0,0),('event_scheduler','statement/sql/create_table',0,0,0,0,0,0,0,0,0,0,0,0,0,0,0,0,0,0,0,0,0,0,0,0,0,0,0,0),('event_scheduler','statement/sql/create_index',0,0,0,0,0,0,0,0,0,0,0,0,0,0,0,0,0,0,0,0,0,0,0,0,0,0,0,0),('event_scheduler','statement/sql/alter_table',0,0,0,0,0,0,0,0,0,0,0,0,0,0,0,0,0,0,0,0,0,0,0,0,0,0,0,0),('event_scheduler','statement/sql/update',0,0,0,0,0,0,0,0,0,0,0,0,0,0,0,0,0,0,0,0,0,0,0,0,0,0,0,0),('event_scheduler','statement/sql/insert',0,0,0,0,0,0,0,0,0,0,0,0,0,0,0,0,0,0,0,0,0,0,0,0,0,0,0,0),('event_scheduler','statement/sql/insert_select',0,0,0,0,0,0,0,0,0,0,0,0,0,0,0,0,0,0,0,0,0,0,0,0,0,0,0,0),('event_scheduler','statement/sql/delete',0,0,0,0,0,0,0,0,0,0,0,0,0,0,0,0,0,0,0,0,0,0,0,0,0,0,0,0),('event_scheduler','statement/sql/truncate',0,0,0,0,0,0,0,0,0,0,0,0,0,0,0,0,0,0,0,0,0,0,0,0,0,0,0,0),('event_scheduler','statement/sql/drop_table',0,0,0,0,0,0,0,0,0,0,0,0,0,0,0,0,0,0,0,0,0,0,0,0,0,0,0,0),('event_scheduler','statement/sql/drop_index',0,0,0,0,0,0,0,0,0,0,0,0,0,0,0,0,0,0,0,0,0,0,0,0,0,0,0,0),('event_scheduler','statement/sql/show_databases',0,0,0,0,0,0,0,0,0,0,0,0,0,0,0,0,0,0,0,0,0,0,0,0,0,0,0,0),('event_scheduler','statement/sql/show_tables',0,0,0,0,0,0,0,0,0,0,0,0,0,0,0,0,0,0,0,0,0,0,0,0,0,0,0,0),('event_scheduler','statement/sql/show_fields',0,0,0,0,0,0,0,0,0,0,0,0,0,0,0,0,0,0,0,0,0,0,0,0,0,0,0,0),('event_scheduler','statement/sql/show_keys',0,0,0,0,0,0,0,0,0,0,0,0,0,0,0,0,0,0,0,0,0,0,0,0,0,0,0,0),('event_scheduler','statement/sql/show_variables',0,0,0,0,0,0,0,0,0,0,0,0,0,0,0,0,0,0,0,0,0,0,0,0,0,0,0,0),('event_scheduler','statement/sql/show_status',0,0,0,0,0,0,0,0,0,0,0,0,0,0,0,0,0,0,0,0,0,0,0,0,0,0,0,0),('event_scheduler','statement/sql/show_engine_logs',0,0,0,0,0,0,0,0,0,0,0,0,0,0,0,0,0,0,0,0,0,0,0,0,0,0,0,0),('event_scheduler','statement/sql/show_engine_status',0,0,0,0,0,0,0,0,0,0,0,0,0,0,0,0,0,0,0,0,0,0,0,0,0,0,0,0),('event_scheduler','statement/sql/show_engine_mutex',0,0,0,0,0,0,0,0,0,0,0,0,0,0,0,0,0,0,0,0,0,0,0,0,0,0,0,0),('event_scheduler','statement/sql/show_processlist',0,0,0,0,0,0,0,0,0,0,0,0,0,0,0,0,0,0,0,0,0,0,0,0,0,0,0,0),('event_scheduler','statement/sql/show_master_status',0,0,0,0,0,0,0,0,0,0,0,0,0,0,0,0,0,0,0,0,0,0,0,0,0,0,0,0),('event_scheduler','statement/sql/show_slave_status',0,0,0,0,0,0,0,0,0,0,0,0,0,0,0,0,0,0,0,0,0,0,0,0,0,0,0,0),('event_scheduler','statement/sql/show_grants',0,0,0,0,0,0,0,0,0,0,0,0,0,0,0,0,0,0,0,0,0,0,0,0,0,0,0,0),('event_scheduler','statement/sql/show_create_table',0,0,0,0,0,0,0,0,0,0,0,0,0,0,0,0,0,0,0,0,0,0,0,0,0,0,0,0),('event_scheduler','statement/sql/show_charsets',0,0,0,0,0,0,0,0,0,0,0,0,0,0,0,0,0,0,0,0,0,0,0,0,0,0,0,0),('event_scheduler','statement/sql/show_collations',0,0,0,0,0,0,0,0,0,0,0,0,0,0,0,0,0,0,0,0,0,0,0,0,0,0,0,0),('event_scheduler','statement/sql/show_create_db',0,0,0,0,0,0,0,0,0,0,0,0,0,0,0,0,0,0,0,0,0,0,0,0,0,0,0,0),('event_scheduler','statement/sql/show_table_status',0,0,0,0,0,0,0,0,0,0,0,0,0,0,0,0,0,0,0,0,0,0,0,0,0,0,0,0),('event_scheduler','statement/sql/show_triggers',0,0,0,0,0,0,0,0,0,0,0,0,0,0,0,0,0,0,0,0,0,0,0,0,0,0,0,0),('event_scheduler','statement/sql/load',0,0,0,0,0,0,0,0,0,0,0,0,0,0,0,0,0,0,0,0,0,0,0,0,0,0,0,0),('event_scheduler','statement/sql/set_option',0,0,0,0,0,0,0,0,0,0,0,0,0,0,0,0,0,0,0,0,0,0,0,0,0,0,0,0),('event_scheduler','statement/sql/lock_tables',0,0,0,0,0,0,0,0,0,0,0,0,0,0,0,0,0,0,0,0,0,0,0,0,0,0,0,0),('event_scheduler','statement/sql/unlock_tables',0,0,0,0,0,0,0,0,0,0,0,0,0,0,0,0,0,0,0,0,0,0,0,0,0,0,0,0),('event_scheduler','statement/sql/grant',0,0,0,0,0,0,0,0,0,0,0,0,0,0,0,0,0,0,0,0,0,0,0,0,0,0,0,0),('event_scheduler','statement/sql/change_db',0,0,0,0,0,0,0,0,0,0,0,0,0,0,0,0,0,0,0,0,0,0,0,0,0,0,0,0),('event_scheduler','statement/sql/create_db',0,0,0,0,0,0,0,0,0,0,0,0,0,0,0,0,0,0,0,0,0,0,0,0,0,0,0,0),('event_scheduler','statement/sql/drop_db',0,0,0,0,0,0,0,0,0,0,0,0,0,0,0,0,0,0,0,0,0,0,0,0,0,0,0,0),('event_scheduler','statement/sql/alter_db',0,0,0,0,0,0,0,0,0,0,0,0,0,0,0,0,0,0,0,0,0,0,0,0,0,0,0,0),('event_scheduler','statement/sql/repair',0,0,0,0,0,0,0,0,0,0,0,0,0,0,0,0,0,0,0,0,0,0,0,0,0,0,0,0),('event_scheduler','statement/sql/replace',0,0,0,0,0,0,0,0,0,0,0,0,0,0,0,0,0,0,0,0,0,0,0,0,0,0,0,0),('event_scheduler','statement/sql/replace_select',0,0,0,0,0,0,0,0,0,0,0,0,0,0,0,0,0,0,0,0,0,0,0,0,0,0,0,0),('event_scheduler','statement/sql/create_udf',0,0,0,0,0,0,0,0,0,0,0,0,0,0,0,0,0,0,0,0,0,0,0,0,0,0,0,0),('event_scheduler','statement/sql/drop_function',0,0,0,0,0,0,0,0,0,0,0,0,0,0,0,0,0,0,0,0,0,0,0,0,0,0,0,0),('event_scheduler','statement/sql/revoke',0,0,0,0,0,0,0,0,0,0,0,0,0,0,0,0,0,0,0,0,0,0,0,0,0,0,0,0),('event_scheduler','statement/sql/optimize',0,0,0,0,0,0,0,0,0,0,0,0,0,0,0,0,0,0,0,0,0,0,0,0,0,0,0,0),('event_scheduler','statement/sql/check',0,0,0,0,0,0,0,0,0,0,0,0,0,0,0,0,0,0,0,0,0,0,0,0,0,0,0,0),('event_scheduler','statement/sql/assign_to_keycache',0,0,0,0,0,0,0,0,0,0,0,0,0,0,0,0,0,0,0,0,0,0,0,0,0,0,0,0),('event_scheduler','statement/sql/preload_keys',0,0,0,0,0,0,0,0,0,0,0,0,0,0,0,0,0,0,0,0,0,0,0,0,0,0,0,0),('event_scheduler','statement/sql/flush',0,0,0,0,0,0,0,0,0,0,0,0,0,0,0,0,0,0,0,0,0,0,0,0,0,0,0,0),('event_scheduler','statement/sql/kill',0,0,0,0,0,0,0,0,0,0,0,0,0,0,0,0,0,0,0,0,0,0,0,0,0,0,0,0),('event_scheduler','statement/sql/analyze',0,0,0,0,0,0,0,0,0,0,0,0,0,0,0,0,0,0,0,0,0,0,0,0,0,0,0,0),('event_scheduler','statement/sql/rollback',0,0,0,0,0,0,0,0,0,0,0,0,0,0,0,0,0,0,0,0,0,0,0,0,0,0,0,0),('event_scheduler','statement/sql/rollback_to_savepoint',0,0,0,0,0,0,0,0,0,0,0,0,0,0,0,0,0,0,0,0,0,0,0,0,0,0,0,0),('event_scheduler','statement/sql/commit',0,0,0,0,0,0,0,0,0,0,0,0,0,0,0,0,0,0,0,0,0,0,0,0,0,0,0,0),('event_scheduler','statement/sql/savepoint',0,0,0,0,0,0,0,0,0,0,0,0,0,0,0,0,0,0,0,0,0,0,0,0,0,0,0,0),('event_scheduler','statement/sql/release_savepoint',0,0,0,0,0,0,0,0,0,0,0,0,0,0,0,0,0,0,0,0,0,0,0,0,0,0,0,0),('event_scheduler','statement/sql/slave_start',0,0,0,0,0,0,0,0,0,0,0,0,0,0,0,0,0,0,0,0,0,0,0,0,0,0,0,0),('event_scheduler','statement/sql/slave_stop',0,0,0,0,0,0,0,0,0,0,0,0,0,0,0,0,0,0,0,0,0,0,0,0,0,0,0,0),('event_scheduler','statement/sql/group_replication_start',0,0,0,0,0,0,0,0,0,0,0,0,0,0,0,0,0,0,0,0,0,0,0,0,0,0,0,0),('event_scheduler','statement/sql/group_replication_stop',0,0,0,0,0,0,0,0,0,0,0,0,0,0,0,0,0,0,0,0,0,0,0,0,0,0,0,0),('event_scheduler','statement/sql/begin',0,0,0,0,0,0,0,0,0,0,0,0,0,0,0,0,0,0,0,0,0,0,0,0,0,0,0,0),('event_scheduler','statement/sql/change_replication_source',0,0,0,0,0,0,0,0,0,0,0,0,0,0,0,0,0,0,0,0,0,0,0,0,0,0,0,0),('event_scheduler','statement/sql/change_repl_filter',0,0,0,0,0,0,0,0,0,0,0,0,0,0,0,0,0,0,0,0,0,0,0,0,0,0,0,0),('event_scheduler','statement/sql/rename_table',0,0,0,0,0,0,0,0,0,0,0,0,0,0,0,0,0,0,0,0,0,0,0,0,0,0,0,0),('event_scheduler','statement/sql/reset',0,0,0,0,0,0,0,0,0,0,0,0,0,0,0,0,0,0,0,0,0,0,0,0,0,0,0,0),('event_scheduler','statement/sql/purge',0,0,0,0,0,0,0,0,0,0,0,0,0,0,0,0,0,0,0,0,0,0,0,0,0,0,0,0),('event_scheduler','statement/sql/purge_before_date',0,0,0,0,0,0,0,0,0,0,0,0,0,0,0,0,0,0,0,0,0,0,0,0,0,0,0,0),('event_scheduler','statement/sql/show_binlogs',0,0,0,0,0,0,0,0,0,0,0,0,0,0,0,0,0,0,0,0,0,0,0,0,0,0,0,0),('event_scheduler','statement/sql/show_open_tables',0,0,0,0,0,0,0,0,0,0,0,0,0,0,0,0,0,0,0,0,0,0,0,0,0,0,0,0),('event_scheduler','statement/sql/ha_open',0,0,0,0,0,0,0,0,0,0,0,0,0,0,0,0,0,0,0,0,0,0,0,0,0,0,0,0),('event_scheduler','statement/sql/ha_close',0,0,0,0,0,0,0,0,0,0,0,0,0,0,0,0,0,0,0,0,0,0,0,0,0,0,0,0),('event_scheduler','statement/sql/ha_read',0,0,0,0,0,0,0,0,0,0,0,0,0,0,0,0,0,0,0,0,0,0,0,0,0,0,0,0),('event_scheduler','statement/sql/show_slave_hosts',0,0,0,0,0,0,0,0,0,0,0,0,0,0,0,0,0,0,0,0,0,0,0,0,0,0,0,0),('event_scheduler','statement/sql/delete_multi',0,0,0,0,0,0,0,0,0,0,0,0,0,0,0,0,0,0,0,0,0,0,0,0,0,0,0,0),('event_scheduler','statement/sql/update_multi',0,0,0,0,0,0,0,0,0,0,0,0,0,0,0,0,0,0,0,0,0,0,0,0,0,0,0,0),('event_scheduler','statement/sql/show_binlog_events',0,0,0,0,0,0,0,0,0,0,0,0,0,0,0,0,0,0,0,0,0,0,0,0,0,0,0,0),('event_scheduler','statement/sql/do',0,0,0,0,0,0,0,0,0,0,0,0,0,0,0,0,0,0,0,0,0,0,0,0,0,0,0,0),('event_scheduler','statement/sql/show_warnings',0,0,0,0,0,0,0,0,0,0,0,0,0,0,0,0,0,0,0,0,0,0,0,0,0,0,0,0),('event_scheduler','statement/sql/empty_query',0,0,0,0,0,0,0,0,0,0,0,0,0,0,0,0,0,0,0,0,0,0,0,0,0,0,0,0),('event_scheduler','statement/sql/show_errors',0,0,0,0,0,0,0,0,0,0,0,0,0,0,0,0,0,0,0,0,0,0,0,0,0,0,0,0),('event_scheduler','statement/sql/show_storage_engines',0,0,0,0,0,0,0,0,0,0,0,0,0,0,0,0,0,0,0,0,0,0,0,0,0,0,0,0),('event_scheduler','statement/sql/show_privileges',0,0,0,0,0,0,0,0,0,0,0,0,0,0,0,0,0,0,0,0,0,0,0,0,0,0,0,0),('event_scheduler','statement/sql/help',0,0,0,0,0,0,0,0,0,0,0,0,0,0,0,0,0,0,0,0,0,0,0,0,0,0,0,0),('event_scheduler','statement/sql/create_user',0,0,0,0,0,0,0,0,0,0,0,0,0,0,0,0,0,0,0,0,0,0,0,0,0,0,0,0),('event_scheduler','statement/sql/drop_user',0,0,0,0,0,0,0,0,0,0,0,0,0,0,0,0,0,0,0,0,0,0,0,0,0,0,0,0),('event_scheduler','statement/sql/rename_user',0,0,0,0,0,0,0,0,0,0,0,0,0,0,0,0,0,0,0,0,0,0,0,0,0,0,0,0),('event_scheduler','statement/sql/revoke_all',0,0,0,0,0,0,0,0,0,0,0,0,0,0,0,0,0,0,0,0,0,0,0,0,0,0,0,0),('event_scheduler','statement/sql/checksum',0,0,0,0,0,0,0,0,0,0,0,0,0,0,0,0,0,0,0,0,0,0,0,0,0,0,0,0),('event_scheduler','statement/sql/create_procedure',0,0,0,0,0,0,0,0,0,0,0,0,0,0,0,0,0,0,0,0,0,0,0,0,0,0,0,0),('event_scheduler','statement/sql/create_function',0,0,0,0,0,0,0,0,0,0,0,0,0,0,0,0,0,0,0,0,0,0,0,0,0,0,0,0),('event_scheduler','statement/sql/call_procedure',0,0,0,0,0,0,0,0,0,0,0,0,0,0,0,0,0,0,0,0,0,0,0,0,0,0,0,0),('event_scheduler','statement/sql/drop_procedure',0,0,0,0,0,0,0,0,0,0,0,0,0,0,0,0,0,0,0,0,0,0,0,0,0,0,0,0),('event_scheduler','statement/sql/alter_procedure',0,0,0,0,0,0,0,0,0,0,0,0,0,0,0,0,0,0,0,0,0,0,0,0,0,0,0,0),('event_scheduler','statement/sql/alter_function',0,0,0,0,0,0,0,0,0,0,0,0,0,0,0,0,0,0,0,0,0,0,0,0,0,0,0,0),('event_scheduler','statement/sql/show_create_proc',0,0,0,0,0,0,0,0,0,0,0,0,0,0,0,0,0,0,0,0,0,0,0,0,0,0,0,0),('event_scheduler','statement/sql/show_create_func',0,0,0,0,0,0,0,0,0,0,0,0,0,0,0,0,0,0,0,0,0,0,0,0,0,0,0,0),('event_scheduler','statement/sql/show_procedure_status',0,0,0,0,0,0,0,0,0,0,0,0,0,0,0,0,0,0,0,0,0,0,0,0,0,0,0,0),('event_scheduler','statement/sql/show_function_status',0,0,0,0,0,0,0,0,0,0,0,0,0,0,0,0,0,0,0,0,0,0,0,0,0,0,0,0),('event_scheduler','statement/sql/prepare_sql',0,0,0,0,0,0,0,0,0,0,0,0,0,0,0,0,0,0,0,0,0,0,0,0,0,0,0,0),('event_scheduler','statement/sql/execute_sql',0,0,0,0,0,0,0,0,0,0,0,0,0,0,0,0,0,0,0,0,0,0,0,0,0,0,0,0),('event_scheduler','statement/sql/dealloc_sql',0,0,0,0,0,0,0,0,0,0,0,0,0,0,0,0,0,0,0,0,0,0,0,0,0,0,0,0),('event_scheduler','statement/sql/create_view',0,0,0,0,0,0,0,0,0,0,0,0,0,0,0,0,0,0,0,0,0,0,0,0,0,0,0,0),('event_scheduler','statement/sql/drop_view',0,0,0,0,0,0,0,0,0,0,0,0,0,0,0,0,0,0,0,0,0,0,0,0,0,0,0,0),('event_scheduler','statement/sql/create_trigger',0,0,0,0,0,0,0,0,0,0,0,0,0,0,0,0,0,0,0,0,0,0,0,0,0,0,0,0),('event_scheduler','statement/sql/drop_trigger',0,0,0,0,0,0,0,0,0,0,0,0,0,0,0,0,0,0,0,0,0,0,0,0,0,0,0,0),('event_scheduler','statement/sql/xa_start',0,0,0,0,0,0,0,0,0,0,0,0,0,0,0,0,0,0,0,0,0,0,0,0,0,0,0,0),('event_scheduler','statement/sql/xa_end',0,0,0,0,0,0,0,0,0,0,0,0,0,0,0,0,0,0,0,0,0,0,0,0,0,0,0,0),('event_scheduler','statement/sql/xa_prepare',0,0,0,0,0,0,0,0,0,0,0,0,0,0,0,0,0,0,0,0,0,0,0,0,0,0,0,0),('event_scheduler','statement/sql/xa_commit',0,0,0,0,0,0,0,0,0,0,0,0,0,0,0,0,0,0,0,0,0,0,0,0,0,0,0,0),('event_scheduler','statement/sql/xa_rollback',0,0,0,0,0,0,0,0,0,0,0,0,0,0,0,0,0,0,0,0,0,0,0,0,0,0,0,0),('event_scheduler','statement/sql/xa_recover',0,0,0,0,0,0,0,0,0,0,0,0,0,0,0,0,0,0,0,0,0,0,0,0,0,0,0,0),('event_scheduler','statement/sql/show_procedure_code',0,0,0,0,0,0,0,0,0,0,0,0,0,0,0,0,0,0,0,0,0,0,0,0,0,0,0,0),('event_scheduler','statement/sql/show_function_code',0,0,0,0,0,0,0,0,0,0,0,0,0,0,0,0,0,0,0,0,0,0,0,0,0,0,0,0),('event_scheduler','statement/sql/alter_tablespace',0,0,0,0,0,0,0,0,0,0,0,0,0,0,0,0,0,0,0,0,0,0,0,0,0,0,0,0),('event_scheduler','statement/sql/install_plugin',0,0,0,0,0,0,0,0,0,0,0,0,0,0,0,0,0,0,0,0,0,0,0,0,0,0,0,0),('event_scheduler','statement/sql/uninstall_plugin',0,0,0,0,0,0,0,0,0,0,0,0,0,0,0,0,0,0,0,0,0,0,0,0,0,0,0,0),('event_scheduler','statement/sql/binlog',0,0,0,0,0,0,0,0,0,0,0,0,0,0,0,0,0,0,0,0,0,0,0,0,0,0,0,0),('event_scheduler','statement/sql/show_plugins',0,0,0,0,0,0,0,0,0,0,0,0,0,0,0,0,0,0,0,0,0,0,0,0,0,0,0,0),('event_scheduler','statement/sql/create_server',0,0,0,0,0,0,0,0,0,0,0,0,0,0,0,0,0,0,0,0,0,0,0,0,0,0,0,0),('event_scheduler','statement/sql/drop_server',0,0,0,0,0,0,0,0,0,0,0,0,0,0,0,0,0,0,0,0,0,0,0,0,0,0,0,0),('event_scheduler','statement/sql/alter_server',0,0,0,0,0,0,0,0,0,0,0,0,0,0,0,0,0,0,0,0,0,0,0,0,0,0,0,0),('event_scheduler','statement/sql/create_event',0,0,0,0,0,0,0,0,0,0,0,0,0,0,0,0,0,0,0,0,0,0,0,0,0,0,0,0),('event_scheduler','statement/sql/alter_event',0,0,0,0,0,0,0,0,0,0,0,0,0,0,0,0,0,0,0,0,0,0,0,0,0,0,0,0),('event_scheduler','statement/sql/drop_event',0,0,0,0,0,0,0,0,0,0,0,0,0,0,0,0,0,0,0,0,0,0,0,0,0,0,0,0),('event_scheduler','statement/sql/show_create_event',0,0,0,0,0,0,0,0,0,0,0,0,0,0,0,0,0,0,0,0,0,0,0,0,0,0,0,0),('event_scheduler','statement/sql/show_events',0,0,0,0,0,0,0,0,0,0,0,0,0,0,0,0,0,0,0,0,0,0,0,0,0,0,0,0),('event_scheduler','statement/sql/show_create_trigger',0,0,0,0,0,0,0,0,0,0,0,0,0,0,0,0,0,0,0,0,0,0,0,0,0,0,0,0),('event_scheduler','statement/sql/show_profile',0,0,0,0,0,0,0,0,0,0,0,0,0,0,0,0,0,0,0,0,0,0,0,0,0,0,0,0),('event_scheduler','statement/sql/show_profiles',0,0,0,0,0,0,0,0,0,0,0,0,0,0,0,0,0,0,0,0,0,0,0,0,0,0,0,0),('event_scheduler','statement/sql/signal',0,0,0,0,0,0,0,0,0,0,0,0,0,0,0,0,0,0,0,0,0,0,0,0,0,0,0,0),('event_scheduler','statement/sql/resignal',0,0,0,0,0,0,0,0,0,0,0,0,0,0,0,0,0,0,0,0,0,0,0,0,0,0,0,0),('event_scheduler','statement/sql/show_relaylog_events',0,0,0,0,0,0,0,0,0,0,0,0,0,0,0,0,0,0,0,0,0,0,0,0,0,0,0,0),('event_scheduler','statement/sql/get_diagnostics',0,0,0,0,0,0,0,0,0,0,0,0,0,0,0,0,0,0,0,0,0,0,0,0,0,0,0,0),('event_scheduler','statement/sql/alter_user',0,0,0,0,0,0,0,0,0,0,0,0,0,0,0,0,0,0,0,0,0,0,0,0,0,0,0,0),('event_scheduler','statement/sql/explain_other',0,0,0,0,0,0,0,0,0,0,0,0,0,0,0,0,0,0,0,0,0,0,0,0,0,0,0,0),('event_scheduler','statement/sql/show_create_user',0,0,0,0,0,0,0,0,0,0,0,0,0,0,0,0,0,0,0,0,0,0,0,0,0,0,0,0),('event_scheduler','statement/sql/shutdown',0,0,0,0,0,0,0,0,0,0,0,0,0,0,0,0,0,0,0,0,0,0,0,0,0,0,0,0),('event_scheduler','statement/sql/set_password',0,0,0,0,0,0,0,0,0,0,0,0,0,0,0,0,0,0,0,0,0,0,0,0,0,0,0,0),('event_scheduler','statement/sql/alter_instance',0,0,0,0,0,0,0,0,0,0,0,0,0,0,0,0,0,0,0,0,0,0,0,0,0,0,0,0),('event_scheduler','statement/sql/install_component',0,0,0,0,0,0,0,0,0,0,0,0,0,0,0,0,0,0,0,0,0,0,0,0,0,0,0,0),('event_scheduler','statement/sql/uninstall_component',0,0,0,0,0,0,0,0,0,0,0,0,0,0,0,0,0,0,0,0,0,0,0,0,0,0,0,0),('event_scheduler','statement/sql/create_role',0,0,0,0,0,0,0,0,0,0,0,0,0,0,0,0,0,0,0,0,0,0,0,0,0,0,0,0),('event_scheduler','statement/sql/drop_role',0,0,0,0,0,0,0,0,0,0,0,0,0,0,0,0,0,0,0,0,0,0,0,0,0,0,0,0),('event_scheduler','statement/sql/set_role',0,0,0,0,0,0,0,0,0,0,0,0,0,0,0,0,0,0,0,0,0,0,0,0,0,0,0,0),('event_scheduler','statement/sql/grant_roles',0,0,0,0,0,0,0,0,0,0,0,0,0,0,0,0,0,0,0,0,0,0,0,0,0,0,0,0),('event_scheduler','statement/sql/revoke_roles',0,0,0,0,0,0,0,0,0,0,0,0,0,0,0,0,0,0,0,0,0,0,0,0,0,0,0,0),('event_scheduler','statement/sql/alter_user_default_role',0,0,0,0,0,0,0,0,0,0,0,0,0,0,0,0,0,0,0,0,0,0,0,0,0,0,0,0),('event_scheduler','statement/sql/import',0,0,0,0,0,0,0,0,0,0,0,0,0,0,0,0,0,0,0,0,0,0,0,0,0,0,0,0),('event_scheduler','statement/sql/create_resource_group',0,0,0,0,0,0,0,0,0,0,0,0,0,0,0,0,0,0,0,0,0,0,0,0,0,0,0,0),('event_scheduler','statement/sql/alter_resource_group',0,0,0,0,0,0,0,0,0,0,0,0,0,0,0,0,0,0,0,0,0,0,0,0,0,0,0,0),('event_scheduler','statement/sql/drop_resource_group',0,0,0,0,0,0,0,0,0,0,0,0,0,0,0,0,0,0,0,0,0,0,0,0,0,0,0,0),('event_scheduler','statement/sql/set_resource_group',0,0,0,0,0,0,0,0,0,0,0,0,0,0,0,0,0,0,0,0,0,0,0,0,0,0,0,0),('event_scheduler','statement/sql/lock_instance',0,0,0,0,0,0,0,0,0,0,0,0,0,0,0,0,0,0,0,0,0,0,0,0,0,0,0,0),('event_scheduler','statement/sql/unlock_instance',0,0,0,0,0,0,0,0,0,0,0,0,0,0,0,0,0,0,0,0,0,0,0,0,0,0,0,0),('event_scheduler','statement/sql/restart',0,0,0,0,0,0,0,0,0,0,0,0,0,0,0,0,0,0,0,0,0,0,0,0,0,0,0,0),('event_scheduler','statement/sql/create_spatial_reference_system',0,0,0,0,0,0,0,0,0,0,0,0,0,0,0,0,0,0,0,0,0,0,0,0,0,0,0,0),('event_scheduler','statement/sql/drop_spatial_reference_system',0,0,0,0,0,0,0,0,0,0,0,0,0,0,0,0,0,0,0,0,0,0,0,0,0,0,0,0),('event_scheduler','statement/sql/error',0,0,0,0,0,0,0,0,0,0,0,0,0,0,0,0,0,0,0,0,0,0,0,0,0,0,0,0),('event_scheduler','statement/sp/stmt',0,0,0,0,0,0,0,0,0,0,0,0,0,0,0,0,0,0,0,0,0,0,0,0,0,0,0,0),('event_scheduler','statement/sp/set',0,0,0,0,0,0,0,0,0,0,0,0,0,0,0,0,0,0,0,0,0,0,0,0,0,0,0,0),('event_scheduler','statement/sp/set_trigger_field',0,0,0,0,0,0,0,0,0,0,0,0,0,0,0,0,0,0,0,0,0,0,0,0,0,0,0,0),('event_scheduler','statement/sp/jump',0,0,0,0,0,0,0,0,0,0,0,0,0,0,0,0,0,0,0,0,0,0,0,0,0,0,0,0),('event_scheduler','statement/sp/jump_if_not',0,0,0,0,0,0,0,0,0,0,0,0,0,0,0,0,0,0,0,0,0,0,0,0,0,0,0,0),('event_scheduler','statement/sp/freturn',0,0,0,0,0,0,0,0,0,0,0,0,0,0,0,0,0,0,0,0,0,0,0,0,0,0,0,0),('event_scheduler','statement/sp/hpush_jump',0,0,0,0,0,0,0,0,0,0,0,0,0,0,0,0,0,0,0,0,0,0,0,0,0,0,0,0),('event_scheduler','statement/sp/hpop',0,0,0,0,0,0,0,0,0,0,0,0,0,0,0,0,0,0,0,0,0,0,0,0,0,0,0,0),('event_scheduler','statement/sp/hreturn',0,0,0,0,0,0,0,0,0,0,0,0,0,0,0,0,0,0,0,0,0,0,0,0,0,0,0,0),('event_scheduler','statement/sp/cpush',0,0,0,0,0,0,0,0,0,0,0,0,0,0,0,0,0,0,0,0,0,0,0,0,0,0,0,0),('event_scheduler','statement/sp/cpop',0,0,0,0,0,0,0,0,0,0,0,0,0,0,0,0,0,0,0,0,0,0,0,0,0,0,0,0),('event_scheduler','statement/sp/copen',0,0,0,0,0,0,0,0,0,0,0,0,0,0,0,0,0,0,0,0,0,0,0,0,0,0,0,0),('event_scheduler','statement/sp/cclose',0,0,0,0,0,0,0,0,0,0,0,0,0,0,0,0,0,0,0,0,0,0,0,0,0,0,0,0),('event_scheduler','statement/sp/cfetch',0,0,0,0,0,0,0,0,0,0,0,0,0,0,0,0,0,0,0,0,0,0,0,0,0,0,0,0),('event_scheduler','statement/sp/error',0,0,0,0,0,0,0,0,0,0,0,0,0,0,0,0,0,0,0,0,0,0,0,0,0,0,0,0),('event_scheduler','statement/sp/set_case_expr',0,0,0,0,0,0,0,0,0,0,0,0,0,0,0,0,0,0,0,0,0,0,0,0,0,0,0,0),('event_scheduler','statement/scheduler/event',0,0,0,0,0,0,0,0,0,0,0,0,0,0,0,0,0,0,0,0,0,0,0,0,0,0,0,0),('event_scheduler','statement/com/Sleep',0,0,0,0,0,0,0,0,0,0,0,0,0,0,0,0,0,0,0,0,0,0,0,0,0,0,0,0),('event_scheduler','statement/com/Quit',0,0,0,0,0,0,0,0,0,0,0,0,0,0,0,0,0,0,0,0,0,0,0,0,0,0,0,0),('event_scheduler','statement/com/Init DB',0,0,0,0,0,0,0,0,0,0,0,0,0,0,0,0,0,0,0,0,0,0,0,0,0,0,0,0),('event_scheduler','statement/com/Field List',0,0,0,0,0,0,0,0,0,0,0,0,0,0,0,0,0,0,0,0,0,0,0,0,0,0,0,0),('event_scheduler','statement/com/Create DB',0,0,0,0,0,0,0,0,0,0,0,0,0,0,0,0,0,0,0,0,0,0,0,0,0,0,0,0),('event_scheduler','statement/com/Drop DB',0,0,0,0,0,0,0,0,0,0,0,0,0,0,0,0,0,0,0,0,0,0,0,0,0,0,0,0),('event_scheduler','statement/com/Refresh',0,0,0,0,0,0,0,0,0,0,0,0,0,0,0,0,0,0,0,0,0,0,0,0,0,0,0,0),('event_scheduler','statement/com/Shutdown',0,0,0,0,0,0,0,0,0,0,0,0,0,0,0,0,0,0,0,0,0,0,0,0,0,0,0,0),('event_scheduler','statement/com/Statistics',0,0,0,0,0,0,0,0,0,0,0,0,0,0,0,0,0,0,0,0,0,0,0,0,0,0,0,0),('event_scheduler','statement/com/Processlist',0,0,0,0,0,0,0,0,0,0,0,0,0,0,0,0,0,0,0,0,0,0,0,0,0,0,0,0),('event_scheduler','statement/com/Connect',0,0,0,0,0,0,0,0,0,0,0,0,0,0,0,0,0,0,0,0,0,0,0,0,0,0,0,0),('event_scheduler','statement/com/Kill',0,0,0,0,0,0,0,0,0,0,0,0,0,0,0,0,0,0,0,0,0,0,0,0,0,0,0,0),('event_scheduler','statement/com/Debug',0,0,0,0,0,0,0,0,0,0,0,0,0,0,0,0,0,0,0,0,0,0,0,0,0,0,0,0),('event_scheduler','statement/com/Ping',0,0,0,0,0,0,0,0,0,0,0,0,0,0,0,0,0,0,0,0,0,0,0,0,0,0,0,0),('event_scheduler','statement/com/Time',0,0,0,0,0,0,0,0,0,0,0,0,0,0,0,0,0,0,0,0,0,0,0,0,0,0,0,0),('event_scheduler','statement/com/Delayed insert',0,0,0,0,0,0,0,0,0,0,0,0,0,0,0,0,0,0,0,0,0,0,0,0,0,0,0,0),('event_scheduler','statement/com/Change user',0,0,0,0,0,0,0,0,0,0,0,0,0,0,0,0,0,0,0,0,0,0,0,0,0,0,0,0),('event_scheduler','statement/com/Binlog Dump',0,0,0,0,0,0,0,0,0,0,0,0,0,0,0,0,0,0,0,0,0,0,0,0,0,0,0,0),('event_scheduler','statement/com/Table Dump',0,0,0,0,0,0,0,0,0,0,0,0,0,0,0,0,0,0,0,0,0,0,0,0,0,0,0,0),('event_scheduler','statement/com/Connect Out',0,0,0,0,0,0,0,0,0,0,0,0,0,0,0,0,0,0,0,0,0,0,0,0,0,0,0,0),('event_scheduler','statement/com/Register Replica',0,0,0,0,0,0,0,0,0,0,0,0,0,0,0,0,0,0,0,0,0,0,0,0,0,0,0,0),('event_scheduler','statement/com/Prepare',0,0,0,0,0,0,0,0,0,0,0,0,0,0,0,0,0,0,0,0,0,0,0,0,0,0,0,0),('event_scheduler','statement/com/Execute',0,0,0,0,0,0,0,0,0,0,0,0,0,0,0,0,0,0,0,0,0,0,0,0,0,0,0,0),('event_scheduler','statement/com/Long Data',0,0,0,0,0,0,0,0,0,0,0,0,0,0,0,0,0,0,0,0,0,0,0,0,0,0,0,0),('event_scheduler','statement/com/Close stmt',0,0,0,0,0,0,0,0,0,0,0,0,0,0,0,0,0,0,0,0,0,0,0,0,0,0,0,0),('event_scheduler','statement/com/Reset stmt',0,0,0,0,0,0,0,0,0,0,0,0,0,0,0,0,0,0,0,0,0,0,0,0,0,0,0,0),('event_scheduler','statement/com/Set option',0,0,0,0,0,0,0,0,0,0,0,0,0,0,0,0,0,0,0,0,0,0,0,0,0,0,0,0),('event_scheduler','statement/com/Fetch',0,0,0,0,0,0,0,0,0,0,0,0,0,0,0,0,0,0,0,0,0,0,0,0,0,0,0,0),('event_scheduler','statement/com/Daemon',0,0,0,0,0,0,0,0,0,0,0,0,0,0,0,0,0,0,0,0,0,0,0,0,0,0,0,0),('event_scheduler','statement/com/Binlog Dump GTID',0,0,0,0,0,0,0,0,0,0,0,0,0,0,0,0,0,0,0,0,0,0,0,0,0,0,0,0),('event_scheduler','statement/com/Reset Connection',0,0,0,0,0,0,0,0,0,0,0,0,0,0,0,0,0,0,0,0,0,0,0,0,0,0,0,0),('event_scheduler','statement/com/Group Replication Data Stream subscription',0,0,0,0,0,0,0,0,0,0,0,0,0,0,0,0,0,0,0,0,0,0,0,0,0,0,0,0),('event_scheduler','statement/com/Error',0,0,0,0,0,0,0,0,0,0,0,0,0,0,0,0,0,0,0,0,0,0,0,0,0,0,0,0),('oc_ucr','statement/sql/select',44155381,12642132557433000,68068000,286310000,336465123000,124692279000000,0,0,0,187001449,229166215,0,9,6,0,1696475,0,8720033,0,0,11353550,3283159,8478881,0,0,1437872,1478180,0),('oc_ucr','statement/sql/create_table',0,0,0,0,0,0,0,0,0,0,0,0,0,0,0,0,0,0,0,0,0,0,0,0,0,0,0,0),('oc_ucr','statement/sql/create_index',0,0,0,0,0,0,0,0,0,0,0,0,0,0,0,0,0,0,0,0,0,0,0,0,0,0,0,0),('oc_ucr','statement/sql/alter_table',0,0,0,0,0,0,0,0,0,0,0,0,0,0,0,0,0,0,0,0,0,0,0,0,0,0,0,0),('oc_ucr','statement/sql/update',49710,4667023811151000,164121000,93885009000,1255622348000,65470543000000,0,0,60926,0,186336,0,0,0,0,0,0,0,0,0,0,0,0,0,0,179680,870365,0),('oc_ucr','statement/sql/insert',7850,371185969614000,319880000,47284836000,490205054000,23376000000,0,0,7850,0,0,0,0,0,0,0,0,0,0,0,0,0,0,0,0,175536,859941,0),('oc_ucr','statement/sql/insert_select',8847,31096359877000,169140000,3514904000,390515000000,38326000000,0,0,277,0,8570,0,0,0,0,0,0,0,0,0,0,0,0,0,0,175536,540188,0),('oc_ucr','statement/sql/delete',15498,87850004411000,122502000,5668473000,591148813000,48625000000,0,0,716,0,716,0,0,0,0,0,0,0,0,0,0,0,0,0,0,35200,393715,0),('oc_ucr','statement/sql/truncate',0,0,0,0,0,0,0,0,0,0,0,0,0,0,0,0,0,0,0,0,0,0,0,0,0,0,0,0),('oc_ucr','statement/sql/drop_table',0,0,0,0,0,0,0,0,0,0,0,0,0,0,0,0,0,0,0,0,0,0,0,0,0,0,0,0),('oc_ucr','statement/sql/drop_index',0,0,0,0,0,0,0,0,0,0,0,0,0,0,0,0,0,0,0,0,0,0,0,0,0,0,0,0),('oc_ucr','statement/sql/show_databases',0,0,0,0,0,0,0,0,0,0,0,0,0,0,0,0,0,0,0,0,0,0,0,0,0,0,0,0),('oc_ucr','statement/sql/show_tables',0,0,0,0,0,0,0,0,0,0,0,0,0,0,0,0,0,0,0,0,0,0,0,0,0,0,0,0),('oc_ucr','statement/sql/show_fields',0,0,0,0,0,0,0,0,0,0,0,0,0,0,0,0,0,0,0,0,0,0,0,0,0,0,0,0),('oc_ucr','statement/sql/show_keys',0,0,0,0,0,0,0,0,0,0,0,0,0,0,0,0,0,0,0,0,0,0,0,0,0,0,0,0),('oc_ucr','statement/sql/show_variables',0,0,0,0,0,0,0,0,0,0,0,0,0,0,0,0,0,0,0,0,0,0,0,0,0,0,0,0),('oc_ucr','statement/sql/show_status',0,0,0,0,0,0,0,0,0,0,0,0,0,0,0,0,0,0,0,0,0,0,0,0,0,0,0,0),('oc_ucr','statement/sql/show_engine_logs',0,0,0,0,0,0,0,0,0,0,0,0,0,0,0,0,0,0,0,0,0,0,0,0,0,0,0,0),('oc_ucr','statement/sql/show_engine_status',0,0,0,0,0,0,0,0,0,0,0,0,0,0,0,0,0,0,0,0,0,0,0,0,0,0,0,0),('oc_ucr','statement/sql/show_engine_mutex',0,0,0,0,0,0,0,0,0,0,0,0,0,0,0,0,0,0,0,0,0,0,0,0,0,0,0,0),('oc_ucr','statement/sql/show_processlist',0,0,0,0,0,0,0,0,0,0,0,0,0,0,0,0,0,0,0,0,0,0,0,0,0,0,0,0),('oc_ucr','statement/sql/show_master_status',0,0,0,0,0,0,0,0,0,0,0,0,0,0,0,0,0,0,0,0,0,0,0,0,0,0,0,0),('oc_ucr','statement/sql/show_slave_status',0,0,0,0,0,0,0,0,0,0,0,0,0,0,0,0,0,0,0,0,0,0,0,0,0,0,0,0),('oc_ucr','statement/sql/show_grants',0,0,0,0,0,0,0,0,0,0,0,0,0,0,0,0,0,0,0,0,0,0,0,0,0,0,0,0),('oc_ucr','statement/sql/show_create_table',0,0,0,0,0,0,0,0,0,0,0,0,0,0,0,0,0,0,0,0,0,0,0,0,0,0,0,0),('oc_ucr','statement/sql/show_charsets',0,0,0,0,0,0,0,0,0,0,0,0,0,0,0,0,0,0,0,0,0,0,0,0,0,0,0,0),('oc_ucr','statement/sql/show_collations',0,0,0,0,0,0,0,0,0,0,0,0,0,0,0,0,0,0,0,0,0,0,0,0,0,0,0,0),('oc_ucr','statement/sql/show_create_db',0,0,0,0,0,0,0,0,0,0,0,0,0,0,0,0,0,0,0,0,0,0,0,0,0,0,0,0),('oc_ucr','statement/sql/show_table_status',0,0,0,0,0,0,0,0,0,0,0,0,0,0,0,0,0,0,0,0,0,0,0,0,0,0,0,0),('oc_ucr','statement/sql/show_triggers',0,0,0,0,0,0,0,0,0,0,0,0,0,0,0,0,0,0,0,0,0,0,0,0,0,0,0,0),('oc_ucr','statement/sql/load',0,0,0,0,0,0,0,0,0,0,0,0,0,0,0,0,0,0,0,0,0,0,0,0,0,0,0,0),('oc_ucr','statement/sql/set_option',3310754,249993279831000,22008000,75509000,13887135000,0,0,0,0,0,0,0,0,0,0,0,0,0,0,0,0,0,0,0,0,8480,72430,0),('oc_ucr','statement/sql/lock_tables',0,0,0,0,0,0,0,0,0,0,0,0,0,0,0,0,0,0,0,0,0,0,0,0,0,0,0,0),('oc_ucr','statement/sql/unlock_tables',0,0,0,0,0,0,0,0,0,0,0,0,0,0,0,0,0,0,0,0,0,0,0,0,0,0,0,0),('oc_ucr','statement/sql/grant',0,0,0,0,0,0,0,0,0,0,0,0,0,0,0,0,0,0,0,0,0,0,0,0,0,0,0,0),('oc_ucr','statement/sql/change_db',0,0,0,0,0,0,0,0,0,0,0,0,0,0,0,0,0,0,0,0,0,0,0,0,0,0,0,0),('oc_ucr','statement/sql/create_db',0,0,0,0,0,0,0,0,0,0,0,0,0,0,0,0,0,0,0,0,0,0,0,0,0,0,0,0),('oc_ucr','statement/sql/drop_db',0,0,0,0,0,0,0,0,0,0,0,0,0,0,0,0,0,0,0,0,0,0,0,0,0,0,0,0),('oc_ucr','statement/sql/alter_db',0,0,0,0,0,0,0,0,0,0,0,0,0,0,0,0,0,0,0,0,0,0,0,0,0,0,0,0),('oc_ucr','statement/sql/repair',0,0,0,0,0,0,0,0,0,0,0,0,0,0,0,0,0,0,0,0,0,0,0,0,0,0,0,0),('oc_ucr','statement/sql/replace',0,0,0,0,0,0,0,0,0,0,0,0,0,0,0,0,0,0,0,0,0,0,0,0,0,0,0,0),('oc_ucr','statement/sql/replace_select',0,0,0,0,0,0,0,0,0,0,0,0,0,0,0,0,0,0,0,0,0,0,0,0,0,0,0,0),('oc_ucr','statement/sql/create_udf',0,0,0,0,0,0,0,0,0,0,0,0,0,0,0,0,0,0,0,0,0,0,0,0,0,0,0,0),('oc_ucr','statement/sql/drop_function',0,0,0,0,0,0,0,0,0,0,0,0,0,0,0,0,0,0,0,0,0,0,0,0,0,0,0,0),('oc_ucr','statement/sql/revoke',0,0,0,0,0,0,0,0,0,0,0,0,0,0,0,0,0,0,0,0,0,0,0,0,0,0,0,0),('oc_ucr','statement/sql/optimize',0,0,0,0,0,0,0,0,0,0,0,0,0,0,0,0,0,0,0,0,0,0,0,0,0,0,0,0),('oc_ucr','statement/sql/check',0,0,0,0,0,0,0,0,0,0,0,0,0,0,0,0,0,0,0,0,0,0,0,0,0,0,0,0),('oc_ucr','statement/sql/assign_to_keycache',0,0,0,0,0,0,0,0,0,0,0,0,0,0,0,0,0,0,0,0,0,0,0,0,0,0,0,0),('oc_ucr','statement/sql/preload_keys',0,0,0,0,0,0,0,0,0,0,0,0,0,0,0,0,0,0,0,0,0,0,0,0,0,0,0,0),('oc_ucr','statement/sql/flush',0,0,0,0,0,0,0,0,0,0,0,0,0,0,0,0,0,0,0,0,0,0,0,0,0,0,0,0),('oc_ucr','statement/sql/kill',0,0,0,0,0,0,0,0,0,0,0,0,0,0,0,0,0,0,0,0,0,0,0,0,0,0,0,0),('oc_ucr','statement/sql/analyze',0,0,0,0,0,0,0,0,0,0,0,0,0,0,0,0,0,0,0,0,0,0,0,0,0,0,0,0),('oc_ucr','statement/sql/rollback',0,0,0,0,0,0,0,0,0,0,0,0,0,0,0,0,0,0,0,0,0,0,0,0,0,0,0,0),('oc_ucr','statement/sql/rollback_to_savepoint',0,0,0,0,0,0,0,0,0,0,0,0,0,0,0,0,0,0,0,0,0,0,0,0,0,0,0,0),('oc_ucr','statement/sql/commit',864,45267351289000,35127000,52392767000,804923377000,0,0,0,0,0,0,0,0,0,0,0,0,0,0,0,0,0,0,0,0,147840,355861,0),('oc_ucr','statement/sql/savepoint',0,0,0,0,0,0,0,0,0,0,0,0,0,0,0,0,0,0,0,0,0,0,0,0,0,0,0,0),('oc_ucr','statement/sql/release_savepoint',0,0,0,0,0,0,0,0,0,0,0,0,0,0,0,0,0,0,0,0,0,0,0,0,0,0,0,0),('oc_ucr','statement/sql/slave_start',0,0,0,0,0,0,0,0,0,0,0,0,0,0,0,0,0,0,0,0,0,0,0,0,0,0,0,0),('oc_ucr','statement/sql/slave_stop',0,0,0,0,0,0,0,0,0,0,0,0,0,0,0,0,0,0,0,0,0,0,0,0,0,0,0,0),('oc_ucr','statement/sql/group_replication_start',0,0,0,0,0,0,0,0,0,0,0,0,0,0,0,0,0,0,0,0,0,0,0,0,0,0,0,0),('oc_ucr','statement/sql/group_replication_stop',0,0,0,0,0,0,0,0,0,0,0,0,0,0,0,0,0,0,0,0,0,0,0,0,0,0,0,0),('oc_ucr','statement/sql/begin',864,49319923000,38761000,57083000,7067757000,0,0,0,0,0,0,0,0,0,0,0,0,0,0,0,0,0,0,0,0,147840,345765,0),('oc_ucr','statement/sql/change_replication_source',0,0,0,0,0,0,0,0,0,0,0,0,0,0,0,0,0,0,0,0,0,0,0,0,0,0,0,0),('oc_ucr','statement/sql/change_repl_filter',0,0,0,0,0,0,0,0,0,0,0,0,0,0,0,0,0,0,0,0,0,0,0,0,0,0,0,0),('oc_ucr','statement/sql/rename_table',0,0,0,0,0,0,0,0,0,0,0,0,0,0,0,0,0,0,0,0,0,0,0,0,0,0,0,0),('oc_ucr','statement/sql/reset',0,0,0,0,0,0,0,0,0,0,0,0,0,0,0,0,0,0,0,0,0,0,0,0,0,0,0,0),('oc_ucr','statement/sql/purge',0,0,0,0,0,0,0,0,0,0,0,0,0,0,0,0,0,0,0,0,0,0,0,0,0,0,0,0),('oc_ucr','statement/sql/purge_before_date',0,0,0,0,0,0,0,0,0,0,0,0,0,0,0,0,0,0,0,0,0,0,0,0,0,0,0,0),('oc_ucr','statement/sql/show_binlogs',0,0,0,0,0,0,0,0,0,0,0,0,0,0,0,0,0,0,0,0,0,0,0,0,0,0,0,0),('oc_ucr','statement/sql/show_open_tables',0,0,0,0,0,0,0,0,0,0,0,0,0,0,0,0,0,0,0,0,0,0,0,0,0,0,0,0),('oc_ucr','statement/sql/ha_open',0,0,0,0,0,0,0,0,0,0,0,0,0,0,0,0,0,0,0,0,0,0,0,0,0,0,0,0),('oc_ucr','statement/sql/ha_close',0,0,0,0,0,0,0,0,0,0,0,0,0,0,0,0,0,0,0,0,0,0,0,0,0,0,0,0),('oc_ucr','statement/sql/ha_read',0,0,0,0,0,0,0,0,0,0,0,0,0,0,0,0,0,0,0,0,0,0,0,0,0,0,0,0),('oc_ucr','statement/sql/show_slave_hosts',0,0,0,0,0,0,0,0,0,0,0,0,0,0,0,0,0,0,0,0,0,0,0,0,0,0,0,0),('oc_ucr','statement/sql/delete_multi',0,0,0,0,0,0,0,0,0,0,0,0,0,0,0,0,0,0,0,0,0,0,0,0,0,0,0,0),('oc_ucr','statement/sql/update_multi',0,0,0,0,0,0,0,0,0,0,0,0,0,0,0,0,0,0,0,0,0,0,0,0,0,0,0,0),('oc_ucr','statement/sql/show_binlog_events',0,0,0,0,0,0,0,0,0,0,0,0,0,0,0,0,0,0,0,0,0,0,0,0,0,0,0,0),('oc_ucr','statement/sql/do',0,0,0,0,0,0,0,0,0,0,0,0,0,0,0,0,0,0,0,0,0,0,0,0,0,0,0,0),('oc_ucr','statement/sql/show_warnings',0,0,0,0,0,0,0,0,0,0,0,0,0,0,0,0,0,0,0,0,0,0,0,0,0,0,0,0),('oc_ucr','statement/sql/empty_query',0,0,0,0,0,0,0,0,0,0,0,0,0,0,0,0,0,0,0,0,0,0,0,0,0,0,0,0),('oc_ucr','statement/sql/show_errors',0,0,0,0,0,0,0,0,0,0,0,0,0,0,0,0,0,0,0,0,0,0,0,0,0,0,0,0),('oc_ucr','statement/sql/show_storage_engines',0,0,0,0,0,0,0,0,0,0,0,0,0,0,0,0,0,0,0,0,0,0,0,0,0,0,0,0),('oc_ucr','statement/sql/show_privileges',0,0,0,0,0,0,0,0,0,0,0,0,0,0,0,0,0,0,0,0,0,0,0,0,0,0,0,0),('oc_ucr','statement/sql/help',0,0,0,0,0,0,0,0,0,0,0,0,0,0,0,0,0,0,0,0,0,0,0,0,0,0,0,0),('oc_ucr','statement/sql/create_user',0,0,0,0,0,0,0,0,0,0,0,0,0,0,0,0,0,0,0,0,0,0,0,0,0,0,0,0),('oc_ucr','statement/sql/drop_user',0,0,0,0,0,0,0,0,0,0,0,0,0,0,0,0,0,0,0,0,0,0,0,0,0,0,0,0),('oc_ucr','statement/sql/rename_user',0,0,0,0,0,0,0,0,0,0,0,0,0,0,0,0,0,0,0,0,0,0,0,0,0,0,0,0),('oc_ucr','statement/sql/revoke_all',0,0,0,0,0,0,0,0,0,0,0,0,0,0,0,0,0,0,0,0,0,0,0,0,0,0,0,0),('oc_ucr','statement/sql/checksum',0,0,0,0,0,0,0,0,0,0,0,0,0,0,0,0,0,0,0,0,0,0,0,0,0,0,0,0),('oc_ucr','statement/sql/create_procedure',0,0,0,0,0,0,0,0,0,0,0,0,0,0,0,0,0,0,0,0,0,0,0,0,0,0,0,0),('oc_ucr','statement/sql/create_function',0,0,0,0,0,0,0,0,0,0,0,0,0,0,0,0,0,0,0,0,0,0,0,0,0,0,0,0),('oc_ucr','statement/sql/call_procedure',0,0,0,0,0,0,0,0,0,0,0,0,0,0,0,0,0,0,0,0,0,0,0,0,0,0,0,0),('oc_ucr','statement/sql/drop_procedure',0,0,0,0,0,0,0,0,0,0,0,0,0,0,0,0,0,0,0,0,0,0,0,0,0,0,0,0),('oc_ucr','statement/sql/alter_procedure',0,0,0,0,0,0,0,0,0,0,0,0,0,0,0,0,0,0,0,0,0,0,0,0,0,0,0,0),('oc_ucr','statement/sql/alter_function',0,0,0,0,0,0,0,0,0,0,0,0,0,0,0,0,0,0,0,0,0,0,0,0,0,0,0,0),('oc_ucr','statement/sql/show_create_proc',0,0,0,0,0,0,0,0,0,0,0,0,0,0,0,0,0,0,0,0,0,0,0,0,0,0,0,0),('oc_ucr','statement/sql/show_create_func',0,0,0,0,0,0,0,0,0,0,0,0,0,0,0,0,0,0,0,0,0,0,0,0,0,0,0,0),('oc_ucr','statement/sql/show_procedure_status',0,0,0,0,0,0,0,0,0,0,0,0,0,0,0,0,0,0,0,0,0,0,0,0,0,0,0,0),('oc_ucr','statement/sql/show_function_status',0,0,0,0,0,0,0,0,0,0,0,0,0,0,0,0,0,0,0,0,0,0,0,0,0,0,0,0),('oc_ucr','statement/sql/prepare_sql',0,0,0,0,0,0,0,0,0,0,0,0,0,0,0,0,0,0,0,0,0,0,0,0,0,0,0,0),('oc_ucr','statement/sql/execute_sql',0,0,0,0,0,0,0,0,0,0,0,0,0,0,0,0,0,0,0,0,0,0,0,0,0,0,0,0),('oc_ucr','statement/sql/dealloc_sql',0,0,0,0,0,0,0,0,0,0,0,0,0,0,0,0,0,0,0,0,0,0,0,0,0,0,0,0),('oc_ucr','statement/sql/create_view',0,0,0,0,0,0,0,0,0,0,0,0,0,0,0,0,0,0,0,0,0,0,0,0,0,0,0,0),('oc_ucr','statement/sql/drop_view',0,0,0,0,0,0,0,0,0,0,0,0,0,0,0,0,0,0,0,0,0,0,0,0,0,0,0,0),('oc_ucr','statement/sql/create_trigger',0,0,0,0,0,0,0,0,0,0,0,0,0,0,0,0,0,0,0,0,0,0,0,0,0,0,0,0),('oc_ucr','statement/sql/drop_trigger',0,0,0,0,0,0,0,0,0,0,0,0,0,0,0,0,0,0,0,0,0,0,0,0,0,0,0,0),('oc_ucr','statement/sql/xa_start',0,0,0,0,0,0,0,0,0,0,0,0,0,0,0,0,0,0,0,0,0,0,0,0,0,0,0,0),('oc_ucr','statement/sql/xa_end',0,0,0,0,0,0,0,0,0,0,0,0,0,0,0,0,0,0,0,0,0,0,0,0,0,0,0,0),('oc_ucr','statement/sql/xa_prepare',0,0,0,0,0,0,0,0,0,0,0,0,0,0,0,0,0,0,0,0,0,0,0,0,0,0,0,0),('oc_ucr','statement/sql/xa_commit',0,0,0,0,0,0,0,0,0,0,0,0,0,0,0,0,0,0,0,0,0,0,0,0,0,0,0,0),('oc_ucr','statement/sql/xa_rollback',0,0,0,0,0,0,0,0,0,0,0,0,0,0,0,0,0,0,0,0,0,0,0,0,0,0,0,0),('oc_ucr','statement/sql/xa_recover',0,0,0,0,0,0,0,0,0,0,0,0,0,0,0,0,0,0,0,0,0,0,0,0,0,0,0,0),('oc_ucr','statement/sql/show_procedure_code',0,0,0,0,0,0,0,0,0,0,0,0,0,0,0,0,0,0,0,0,0,0,0,0,0,0,0,0),('oc_ucr','statement/sql/show_function_code',0,0,0,0,0,0,0,0,0,0,0,0,0,0,0,0,0,0,0,0,0,0,0,0,0,0,0,0),('oc_ucr','statement/sql/alter_tablespace',0,0,0,0,0,0,0,0,0,0,0,0,0,0,0,0,0,0,0,0,0,0,0,0,0,0,0,0),('oc_ucr','statement/sql/install_plugin',0,0,0,0,0,0,0,0,0,0,0,0,0,0,0,0,0,0,0,0,0,0,0,0,0,0,0,0),('oc_ucr','statement/sql/uninstall_plugin',0,0,0,0,0,0,0,0,0,0,0,0,0,0,0,0,0,0,0,0,0,0,0,0,0,0,0,0),('oc_ucr','statement/sql/binlog',0,0,0,0,0,0,0,0,0,0,0,0,0,0,0,0,0,0,0,0,0,0,0,0,0,0,0,0),('oc_ucr','statement/sql/show_plugins',0,0,0,0,0,0,0,0,0,0,0,0,0,0,0,0,0,0,0,0,0,0,0,0,0,0,0,0),('oc_ucr','statement/sql/create_server',0,0,0,0,0,0,0,0,0,0,0,0,0,0,0,0,0,0,0,0,0,0,0,0,0,0,0,0),('oc_ucr','statement/sql/drop_server',0,0,0,0,0,0,0,0,0,0,0,0,0,0,0,0,0,0,0,0,0,0,0,0,0,0,0,0),('oc_ucr','statement/sql/alter_server',0,0,0,0,0,0,0,0,0,0,0,0,0,0,0,0,0,0,0,0,0,0,0,0,0,0,0,0),('oc_ucr','statement/sql/create_event',0,0,0,0,0,0,0,0,0,0,0,0,0,0,0,0,0,0,0,0,0,0,0,0,0,0,0,0),('oc_ucr','statement/sql/alter_event',0,0,0,0,0,0,0,0,0,0,0,0,0,0,0,0,0,0,0,0,0,0,0,0,0,0,0,0),('oc_ucr','statement/sql/drop_event',0,0,0,0,0,0,0,0,0,0,0,0,0,0,0,0,0,0,0,0,0,0,0,0,0,0,0,0),('oc_ucr','statement/sql/show_create_event',0,0,0,0,0,0,0,0,0,0,0,0,0,0,0,0,0,0,0,0,0,0,0,0,0,0,0,0),('oc_ucr','statement/sql/show_events',0,0,0,0,0,0,0,0,0,0,0,0,0,0,0,0,0,0,0,0,0,0,0,0,0,0,0,0),('oc_ucr','statement/sql/show_create_trigger',0,0,0,0,0,0,0,0,0,0,0,0,0,0,0,0,0,0,0,0,0,0,0,0,0,0,0,0),('oc_ucr','statement/sql/show_profile',0,0,0,0,0,0,0,0,0,0,0,0,0,0,0,0,0,0,0,0,0,0,0,0,0,0,0,0),('oc_ucr','statement/sql/show_profiles',0,0,0,0,0,0,0,0,0,0,0,0,0,0,0,0,0,0,0,0,0,0,0,0,0,0,0,0),('oc_ucr','statement/sql/signal',0,0,0,0,0,0,0,0,0,0,0,0,0,0,0,0,0,0,0,0,0,0,0,0,0,0,0,0),('oc_ucr','statement/sql/resignal',0,0,0,0,0,0,0,0,0,0,0,0,0,0,0,0,0,0,0,0,0,0,0,0,0,0,0,0),('oc_ucr','statement/sql/show_relaylog_events',0,0,0,0,0,0,0,0,0,0,0,0,0,0,0,0,0,0,0,0,0,0,0,0,0,0,0,0),('oc_ucr','statement/sql/get_diagnostics',0,0,0,0,0,0,0,0,0,0,0,0,0,0,0,0,0,0,0,0,0,0,0,0,0,0,0,0),('oc_ucr','statement/sql/alter_user',0,0,0,0,0,0,0,0,0,0,0,0,0,0,0,0,0,0,0,0,0,0,0,0,0,0,0,0),('oc_ucr','statement/sql/explain_other',0,0,0,0,0,0,0,0,0,0,0,0,0,0,0,0,0,0,0,0,0,0,0,0,0,0,0,0),('oc_ucr','statement/sql/show_create_user',0,0,0,0,0,0,0,0,0,0,0,0,0,0,0,0,0,0,0,0,0,0,0,0,0,0,0,0),('oc_ucr','statement/sql/shutdown',0,0,0,0,0,0,0,0,0,0,0,0,0,0,0,0,0,0,0,0,0,0,0,0,0,0,0,0),('oc_ucr','statement/sql/set_password',0,0,0,0,0,0,0,0,0,0,0,0,0,0,0,0,0,0,0,0,0,0,0,0,0,0,0,0),('oc_ucr','statement/sql/alter_instance',0,0,0,0,0,0,0,0,0,0,0,0,0,0,0,0,0,0,0,0,0,0,0,0,0,0,0,0),('oc_ucr','statement/sql/install_component',0,0,0,0,0,0,0,0,0,0,0,0,0,0,0,0,0,0,0,0,0,0,0,0,0,0,0,0),('oc_ucr','statement/sql/uninstall_component',0,0,0,0,0,0,0,0,0,0,0,0,0,0,0,0,0,0,0,0,0,0,0,0,0,0,0,0),('oc_ucr','statement/sql/create_role',0,0,0,0,0,0,0,0,0,0,0,0,0,0,0,0,0,0,0,0,0,0,0,0,0,0,0,0),('oc_ucr','statement/sql/drop_role',0,0,0,0,0,0,0,0,0,0,0,0,0,0,0,0,0,0,0,0,0,0,0,0,0,0,0,0),('oc_ucr','statement/sql/set_role',0,0,0,0,0,0,0,0,0,0,0,0,0,0,0,0,0,0,0,0,0,0,0,0,0,0,0,0),('oc_ucr','statement/sql/grant_roles',0,0,0,0,0,0,0,0,0,0,0,0,0,0,0,0,0,0,0,0,0,0,0,0,0,0,0,0),('oc_ucr','statement/sql/revoke_roles',0,0,0,0,0,0,0,0,0,0,0,0,0,0,0,0,0,0,0,0,0,0,0,0,0,0,0,0),('oc_ucr','statement/sql/alter_user_default_role',0,0,0,0,0,0,0,0,0,0,0,0,0,0,0,0,0,0,0,0,0,0,0,0,0,0,0,0),('oc_ucr','statement/sql/import',0,0,0,0,0,0,0,0,0,0,0,0,0,0,0,0,0,0,0,0,0,0,0,0,0,0,0,0),('oc_ucr','statement/sql/create_resource_group',0,0,0,0,0,0,0,0,0,0,0,0,0,0,0,0,0,0,0,0,0,0,0,0,0,0,0,0),('oc_ucr','statement/sql/alter_resource_group',0,0,0,0,0,0,0,0,0,0,0,0,0,0,0,0,0,0,0,0,0,0,0,0,0,0,0,0),('oc_ucr','statement/sql/drop_resource_group',0,0,0,0,0,0,0,0,0,0,0,0,0,0,0,0,0,0,0,0,0,0,0,0,0,0,0,0),('oc_ucr','statement/sql/set_resource_group',0,0,0,0,0,0,0,0,0,0,0,0,0,0,0,0,0,0,0,0,0,0,0,0,0,0,0,0),('oc_ucr','statement/sql/lock_instance',0,0,0,0,0,0,0,0,0,0,0,0,0,0,0,0,0,0,0,0,0,0,0,0,0,0,0,0),('oc_ucr','statement/sql/unlock_instance',0,0,0,0,0,0,0,0,0,0,0,0,0,0,0,0,0,0,0,0,0,0,0,0,0,0,0,0),('oc_ucr','statement/sql/restart',0,0,0,0,0,0,0,0,0,0,0,0,0,0,0,0,0,0,0,0,0,0,0,0,0,0,0,0),('oc_ucr','statement/sql/create_spatial_reference_system',0,0,0,0,0,0,0,0,0,0,0,0,0,0,0,0,0,0,0,0,0,0,0,0,0,0,0,0),('oc_ucr','statement/sql/drop_spatial_reference_system',0,0,0,0,0,0,0,0,0,0,0,0,0,0,0,0,0,0,0,0,0,0,0,0,0,0,0,0),('oc_ucr','statement/sql/error',0,0,0,0,0,0,0,0,0,0,0,0,0,0,0,0,0,0,0,0,0,0,0,0,0,0,0,0),('oc_ucr','statement/sp/stmt',0,0,0,0,0,0,0,0,0,0,0,0,0,0,0,0,0,0,0,0,0,0,0,0,0,0,0,0),('oc_ucr','statement/sp/set',0,0,0,0,0,0,0,0,0,0,0,0,0,0,0,0,0,0,0,0,0,0,0,0,0,0,0,0),('oc_ucr','statement/sp/set_trigger_field',0,0,0,0,0,0,0,0,0,0,0,0,0,0,0,0,0,0,0,0,0,0,0,0,0,0,0,0),('oc_ucr','statement/sp/jump',0,0,0,0,0,0,0,0,0,0,0,0,0,0,0,0,0,0,0,0,0,0,0,0,0,0,0,0),('oc_ucr','statement/sp/jump_if_not',0,0,0,0,0,0,0,0,0,0,0,0,0,0,0,0,0,0,0,0,0,0,0,0,0,0,0,0),('oc_ucr','statement/sp/freturn',0,0,0,0,0,0,0,0,0,0,0,0,0,0,0,0,0,0,0,0,0,0,0,0,0,0,0,0),('oc_ucr','statement/sp/hpush_jump',0,0,0,0,0,0,0,0,0,0,0,0,0,0,0,0,0,0,0,0,0,0,0,0,0,0,0,0),('oc_ucr','statement/sp/hpop',0,0,0,0,0,0,0,0,0,0,0,0,0,0,0,0,0,0,0,0,0,0,0,0,0,0,0,0),('oc_ucr','statement/sp/hreturn',0,0,0,0,0,0,0,0,0,0,0,0,0,0,0,0,0,0,0,0,0,0,0,0,0,0,0,0),('oc_ucr','statement/sp/cpush',0,0,0,0,0,0,0,0,0,0,0,0,0,0,0,0,0,0,0,0,0,0,0,0,0,0,0,0),('oc_ucr','statement/sp/cpop',0,0,0,0,0,0,0,0,0,0,0,0,0,0,0,0,0,0,0,0,0,0,0,0,0,0,0,0),('oc_ucr','statement/sp/copen',0,0,0,0,0,0,0,0,0,0,0,0,0,0,0,0,0,0,0,0,0,0,0,0,0,0,0,0),('oc_ucr','statement/sp/cclose',0,0,0,0,0,0,0,0,0,0,0,0,0,0,0,0,0,0,0,0,0,0,0,0,0,0,0,0),('oc_ucr','statement/sp/cfetch',0,0,0,0,0,0,0,0,0,0,0,0,0,0,0,0,0,0,0,0,0,0,0,0,0,0,0,0),('oc_ucr','statement/sp/error',0,0,0,0,0,0,0,0,0,0,0,0,0,0,0,0,0,0,0,0,0,0,0,0,0,0,0,0),('oc_ucr','statement/sp/set_case_expr',0,0,0,0,0,0,0,0,0,0,0,0,0,0,0,0,0,0,0,0,0,0,0,0,0,0,0,0),('oc_ucr','statement/scheduler/event',0,0,0,0,0,0,0,0,0,0,0,0,0,0,0,0,0,0,0,0,0,0,0,0,0,0,0,0),('oc_ucr','statement/com/Sleep',0,0,0,0,0,0,0,0,0,0,0,0,0,0,0,0,0,0,0,0,0,0,0,0,0,0,0,0),('oc_ucr','statement/com/Quit',1655395,22803511626000,4139000,13775000,557895000,0,0,0,0,0,0,0,0,0,0,0,0,0,0,0,0,0,0,0,0,1048608,1080204,0),('oc_ucr','statement/com/Init DB',0,0,0,0,0,0,0,0,0,0,0,0,0,0,0,0,0,0,0,0,0,0,0,0,0,0,0,0),('oc_ucr','statement/com/Field List',0,0,0,0,0,0,0,0,0,0,0,0,0,0,0,0,0,0,0,0,0,0,0,0,0,0,0,0),('oc_ucr','statement/com/Create DB',0,0,0,0,0,0,0,0,0,0,0,0,0,0,0,0,0,0,0,0,0,0,0,0,0,0,0,0),('oc_ucr','statement/com/Drop DB',0,0,0,0,0,0,0,0,0,0,0,0,0,0,0,0,0,0,0,0,0,0,0,0,0,0,0,0),('oc_ucr','statement/com/Refresh',0,0,0,0,0,0,0,0,0,0,0,0,0,0,0,0,0,0,0,0,0,0,0,0,0,0,0,0),('oc_ucr','statement/com/Shutdown',0,0,0,0,0,0,0,0,0,0,0,0,0,0,0,0,0,0,0,0,0,0,0,0,0,0,0,0),('oc_ucr','statement/com/Statistics',0,0,0,0,0,0,0,0,0,0,0,0,0,0,0,0,0,0,0,0,0,0,0,0,0,0,0,0),('oc_ucr','statement/com/Processlist',0,0,0,0,0,0,0,0,0,0,0,0,0,0,0,0,0,0,0,0,0,0,0,0,0,0,0,0),('oc_ucr','statement/com/Connect',0,0,0,0,0,0,0,0,0,0,0,0,0,0,0,0,0,0,0,0,0,0,0,0,0,0,0,0),('oc_ucr','statement/com/Kill',0,0,0,0,0,0,0,0,0,0,0,0,0,0,0,0,0,0,0,0,0,0,0,0,0,0,0,0),('oc_ucr','statement/com/Debug',0,0,0,0,0,0,0,0,0,0,0,0,0,0,0,0,0,0,0,0,0,0,0,0,0,0,0,0),('oc_ucr','statement/com/Ping',0,0,0,0,0,0,0,0,0,0,0,0,0,0,0,0,0,0,0,0,0,0,0,0,0,0,0,0),('oc_ucr','statement/com/Time',0,0,0,0,0,0,0,0,0,0,0,0,0,0,0,0,0,0,0,0,0,0,0,0,0,0,0,0),('oc_ucr','statement/com/Delayed insert',0,0,0,0,0,0,0,0,0,0,0,0,0,0,0,0,0,0,0,0,0,0,0,0,0,0,0,0),('oc_ucr','statement/com/Change user',0,0,0,0,0,0,0,0,0,0,0,0,0,0,0,0,0,0,0,0,0,0,0,0,0,0,0,0),('oc_ucr','statement/com/Binlog Dump',0,0,0,0,0,0,0,0,0,0,0,0,0,0,0,0,0,0,0,0,0,0,0,0,0,0,0,0),('oc_ucr','statement/com/Table Dump',0,0,0,0,0,0,0,0,0,0,0,0,0,0,0,0,0,0,0,0,0,0,0,0,0,0,0,0),('oc_ucr','statement/com/Connect Out',0,0,0,0,0,0,0,0,0,0,0,0,0,0,0,0,0,0,0,0,0,0,0,0,0,0,0,0),('oc_ucr','statement/com/Register Replica',0,0,0,0,0,0,0,0,0,0,0,0,0,0,0,0,0,0,0,0,0,0,0,0,0,0,0,0),('oc_ucr','statement/com/Prepare',0,0,0,0,0,0,0,0,0,0,0,0,0,0,0,0,0,0,0,0,0,0,0,0,0,0,0,0),('oc_ucr','statement/com/Execute',0,0,0,0,0,0,0,0,0,0,0,0,0,0,0,0,0,0,0,0,0,0,0,0,0,0,0,0),('oc_ucr','statement/com/Long Data',0,0,0,0,0,0,0,0,0,0,0,0,0,0,0,0,0,0,0,0,0,0,0,0,0,0,0,0),('oc_ucr','statement/com/Close stmt',0,0,0,0,0,0,0,0,0,0,0,0,0,0,0,0,0,0,0,0,0,0,0,0,0,0,0,0),('oc_ucr','statement/com/Reset stmt',0,0,0,0,0,0,0,0,0,0,0,0,0,0,0,0,0,0,0,0,0,0,0,0,0,0,0,0),('oc_ucr','statement/com/Set option',0,0,0,0,0,0,0,0,0,0,0,0,0,0,0,0,0,0,0,0,0,0,0,0,0,0,0,0),('oc_ucr','statement/com/Fetch',0,0,0,0,0,0,0,0,0,0,0,0,0,0,0,0,0,0,0,0,0,0,0,0,0,0,0,0),('oc_ucr','statement/com/Daemon',0,0,0,0,0,0,0,0,0,0,0,0,0,0,0,0,0,0,0,0,0,0,0,0,0,0,0,0),('oc_ucr','statement/com/Binlog Dump GTID',0,0,0,0,0,0,0,0,0,0,0,0,0,0,0,0,0,0,0,0,0,0,0,0,0,0,0,0),('oc_ucr','statement/com/Reset Connection',0,0,0,0,0,0,0,0,0,0,0,0,0,0,0,0,0,0,0,0,0,0,0,0,0,0,0,0),('oc_ucr','statement/com/Group Replication Data Stream subscription',0,0,0,0,0,0,0,0,0,0,0,0,0,0,0,0,0,0,0,0,0,0,0,0,0,0,0,0),('oc_ucr','statement/com/Error',0,0,0,0,0,0,0,0,0,0,0,0,0,0,0,0,0,0,0,0,0,0,0,0,0,0,0,0),('root','statement/sql/select',72349,142448199386000,33524000,1968903000,835341380000,104557000000,0,15712,0,58315884,58429169,0,1292,1938,0,0,0,48313,0,0,0,646,39260,0,0,3175336,6149704,0),('root','statement/sql/create_table',0,0,0,0,0,0,0,0,0,0,0,0,0,0,0,0,0,0,0,0,0,0,0,0,0,0,0,0),('root','statement/sql/create_index',0,0,0,0,0,0,0,0,0,0,0,0,0,0,0,0,0,0,0,0,0,0,0,0,0,0,0,0),('root','statement/sql/alter_table',0,0,0,0,0,0,0,0,0,0,0,0,0,0,0,0,0,0,0,0,0,0,0,0,0,0,0,0),('root','statement/sql/update',0,0,0,0,0,0,0,0,0,0,0,0,0,0,0,0,0,0,0,0,0,0,0,0,0,0,0,0),('root','statement/sql/insert',0,0,0,0,0,0,0,0,0,0,0,0,0,0,0,0,0,0,0,0,0,0,0,0,0,0,0,0),('root','statement/sql/insert_select',0,0,0,0,0,0,0,0,0,0,0,0,0,0,0,0,0,0,0,0,0,0,0,0,0,0,0,0),('root','statement/sql/delete',0,0,0,0,0,0,0,0,0,0,0,0,0,0,0,0,0,0,0,0,0,0,0,0,0,0,0,0),('root','statement/sql/truncate',0,0,0,0,0,0,0,0,0,0,0,0,0,0,0,0,0,0,0,0,0,0,0,0,0,0,0,0),('root','statement/sql/drop_table',0,0,0,0,0,0,0,0,0,0,0,0,0,0,0,0,0,0,0,0,0,0,0,0,0,0,0,0),('root','statement/sql/drop_index',0,0,0,0,0,0,0,0,0,0,0,0,0,0,0,0,0,0,0,0,0,0,0,0,0,0,0,0),('root','statement/sql/show_databases',81,2451665139000,639627000,30267470000,141202468000,419000000,0,0,0,405,1701,0,0,81,0,0,0,81,0,0,405,81,81,0,0,467952,703614,0),('root','statement/sql/show_tables',403,1096140514000,962197000,2719951000,25416802000,1648000000,0,0,0,32279,91201,0,0,0,0,0,0,403,0,0,32279,403,0,0,0,1696384,6526393,0),('root','statement/sql/show_fields',40236,47415951548000,551482000,1178445000,107574635000,144844000000,0,0,0,420572,1831180,0,40236,0,0,0,0,40236,0,0,420572,40236,0,0,0,1486656,6343699,0),('root','statement/sql/show_keys',0,0,0,0,0,0,0,0,0,0,0,0,0,0,0,0,0,0,0,0,0,0,0,0,0,0,0,0),('root','statement/sql/show_variables',646,3499210037000,1020334000,5416733000,188125225000,1453000000,0,0,0,323,323,0,646,0,0,0,0,1292,0,0,0,0,646,0,0,1123600,1647157,0),('root','statement/sql/show_status',0,0,0,0,0,0,0,0,0,0,0,0,0,0,0,0,0,0,0,0,0,0,0,0,0,0,0,0),('root','statement/sql/show_engine_logs',0,0,0,0,0,0,0,0,0,0,0,0,0,0,0,0,0,0,0,0,0,0,0,0,0,0,0,0),('root','statement/sql/show_engine_status',0,0,0,0,0,0,0,0,0,0,0,0,0,0,0,0,0,0,0,0,0,0,0,0,0,0,0,0),('root','statement/sql/show_engine_mutex',0,0,0,0,0,0,0,0,0,0,0,0,0,0,0,0,0,0,0,0,0,0,0,0,0,0,0,0),('root','statement/sql/show_processlist',0,0,0,0,0,0,0,0,0,0,0,0,0,0,0,0,0,0,0,0,0,0,0,0,0,0,0,0),('root','statement/sql/show_master_status',0,0,0,0,0,0,0,0,0,0,0,0,0,0,0,0,0,0,0,0,0,0,0,0,0,0,0,0),('root','statement/sql/show_slave_status',0,0,0,0,0,0,0,0,0,0,0,0,0,0,0,0,0,0,0,0,0,0,0,0,0,0,0,0),('root','statement/sql/show_grants',0,0,0,0,0,0,0,0,0,0,0,0,0,0,0,0,0,0,0,0,0,0,0,0,0,0,0,0),('root','statement/sql/show_create_table',32036,24804056761000,51309000,774255000,152097979000,51051000000,0,0,0,0,0,320,2400,0,0,0,0,0,0,0,0,0,0,0,0,2450664,7307504,0),('root','statement/sql/show_charsets',0,0,0,0,0,0,0,0,0,0,0,0,0,0,0,0,0,0,0,0,0,0,0,0,0,0,0,0),('root','statement/sql/show_collations',0,0,0,0,0,0,0,0,0,0,0,0,0,0,0,0,0,0,0,0,0,0,0,0,0,0,0,0),('root','statement/sql/show_create_db',323,31448771000,45082000,97364000,3795114000,0,0,0,0,0,0,0,0,0,0,0,0,0,0,0,0,0,0,0,0,1056848,1585347,0),('root','statement/sql/show_table_status',24118,40050865823000,778125000,1660621000,130408657000,80079000000,0,0,0,24118,2318002,0,0,0,0,0,0,24118,0,0,24118,24118,0,0,0,1696384,6536963,0),('root','statement/sql/show_triggers',23955,18043141721000,435167000,753209000,16836511000,72304000000,0,0,0,160,144530,0,23955,23955,0,0,0,23955,0,0,160,23955,23955,0,0,1730144,6556249,0),('root','statement/sql/load',0,0,0,0,0,0,0,0,0,0,0,0,0,0,0,0,0,0,0,0,0,0,0,0,0,0,0,0),('root','statement/sql/set_option',201302,11240874845000,24048000,55840000,11105870000,0,0,0,0,0,0,0,0,0,0,0,0,0,0,0,0,0,0,0,0,1067824,5915976,0),('root','statement/sql/lock_tables',0,0,0,0,0,0,0,0,0,0,0,0,0,0,0,0,0,0,0,0,0,0,0,0,0,0,0,0),('root','statement/sql/unlock_tables',0,0,0,0,0,0,0,0,0,0,0,0,0,0,0,0,0,0,0,0,0,0,0,0,0,0,0,0),('root','statement/sql/grant',0,0,0,0,0,0,0,0,0,0,0,0,0,0,0,0,0,0,0,0,0,0,0,0,0,0,0,0),('root','statement/sql/change_db',23955,1177434956000,27107000,49151000,4237858000,0,0,0,0,0,0,0,0,0,0,0,0,0,0,0,0,0,0,0,0,1067824,5888881,0),('root','statement/sql/create_db',0,0,0,0,0,0,0,0,0,0,0,0,0,0,0,0,0,0,0,0,0,0,0,0,0,0,0,0),('root','statement/sql/drop_db',0,0,0,0,0,0,0,0,0,0,0,0,0,0,0,0,0,0,0,0,0,0,0,0,0,0,0,0),('root','statement/sql/alter_db',0,0,0,0,0,0,0,0,0,0,0,0,0,0,0,0,0,0,0,0,0,0,0,0,0,0,0,0),('root','statement/sql/repair',0,0,0,0,0,0,0,0,0,0,0,0,0,0,0,0,0,0,0,0,0,0,0,0,0,0,0,0),('root','statement/sql/replace',0,0,0,0,0,0,0,0,0,0,0,0,0,0,0,0,0,0,0,0,0,0,0,0,0,0,0,0),('root','statement/sql/replace_select',0,0,0,0,0,0,0,0,0,0,0,0,0,0,0,0,0,0,0,0,0,0,0,0,0,0,0,0),('root','statement/sql/create_udf',0,0,0,0,0,0,0,0,0,0,0,0,0,0,0,0,0,0,0,0,0,0,0,0,0,0,0,0),('root','statement/sql/drop_function',0,0,0,0,0,0,0,0,0,0,0,0,0,0,0,0,0,0,0,0,0,0,0,0,0,0,0,0),('root','statement/sql/revoke',0,0,0,0,0,0,0,0,0,0,0,0,0,0,0,0,0,0,0,0,0,0,0,0,0,0,0,0),('root','statement/sql/optimize',0,0,0,0,0,0,0,0,0,0,0,0,0,0,0,0,0,0,0,0,0,0,0,0,0,0,0,0),('root','statement/sql/check',0,0,0,0,0,0,0,0,0,0,0,0,0,0,0,0,0,0,0,0,0,0,0,0,0,0,0,0),('root','statement/sql/assign_to_keycache',0,0,0,0,0,0,0,0,0,0,0,0,0,0,0,0,0,0,0,0,0,0,0,0,0,0,0,0),('root','statement/sql/preload_keys',0,0,0,0,0,0,0,0,0,0,0,0,0,0,0,0,0,0,0,0,0,0,0,0,0,0,0,0),('root','statement/sql/flush',0,0,0,0,0,0,0,0,0,0,0,0,0,0,0,0,0,0,0,0,0,0,0,0,0,0,0,0),('root','statement/sql/kill',0,0,0,0,0,0,0,0,0,0,0,0,0,0,0,0,0,0,0,0,0,0,0,0,0,0,0,0),('root','statement/sql/analyze',0,0,0,0,0,0,0,0,0,0,0,0,0,0,0,0,0,0,0,0,0,0,0,0,0,0,0,0),('root','statement/sql/rollback',0,0,0,0,0,0,0,0,0,0,0,0,0,0,0,0,0,0,0,0,0,0,0,0,0,0,0,0),('root','statement/sql/rollback_to_savepoint',0,0,0,0,0,0,0,0,0,0,0,0,0,0,0,0,0,0,0,0,0,0,0,0,0,0,0,0),('root','statement/sql/commit',0,0,0,0,0,0,0,0,0,0,0,0,0,0,0,0,0,0,0,0,0,0,0,0,0,0,0,0),('root','statement/sql/savepoint',0,0,0,0,0,0,0,0,0,0,0,0,0,0,0,0,0,0,0,0,0,0,0,0,0,0,0,0),('root','statement/sql/release_savepoint',0,0,0,0,0,0,0,0,0,0,0,0,0,0,0,0,0,0,0,0,0,0,0,0,0,0,0,0),('root','statement/sql/slave_start',0,0,0,0,0,0,0,0,0,0,0,0,0,0,0,0,0,0,0,0,0,0,0,0,0,0,0,0),('root','statement/sql/slave_stop',0,0,0,0,0,0,0,0,0,0,0,0,0,0,0,0,0,0,0,0,0,0,0,0,0,0,0,0),('root','statement/sql/group_replication_start',0,0,0,0,0,0,0,0,0,0,0,0,0,0,0,0,0,0,0,0,0,0,0,0,0,0,0,0),('root','statement/sql/group_replication_stop',0,0,0,0,0,0,0,0,0,0,0,0,0,0,0,0,0,0,0,0,0,0,0,0,0,0,0,0),('root','statement/sql/begin',0,0,0,0,0,0,0,0,0,0,0,0,0,0,0,0,0,0,0,0,0,0,0,0,0,0,0,0),('root','statement/sql/change_replication_source',0,0,0,0,0,0,0,0,0,0,0,0,0,0,0,0,0,0,0,0,0,0,0,0,0,0,0,0),('root','statement/sql/change_repl_filter',0,0,0,0,0,0,0,0,0,0,0,0,0,0,0,0,0,0,0,0,0,0,0,0,0,0,0,0),('root','statement/sql/rename_table',0,0,0,0,0,0,0,0,0,0,0,0,0,0,0,0,0,0,0,0,0,0,0,0,0,0,0,0),('root','statement/sql/reset',0,0,0,0,0,0,0,0,0,0,0,0,0,0,0,0,0,0,0,0,0,0,0,0,0,0,0,0),('root','statement/sql/purge',0,0,0,0,0,0,0,0,0,0,0,0,0,0,0,0,0,0,0,0,0,0,0,0,0,0,0,0),('root','statement/sql/purge_before_date',0,0,0,0,0,0,0,0,0,0,0,0,0,0,0,0,0,0,0,0,0,0,0,0,0,0,0,0),('root','statement/sql/show_binlogs',0,0,0,0,0,0,0,0,0,0,0,0,0,0,0,0,0,0,0,0,0,0,0,0,0,0,0,0),('root','statement/sql/show_open_tables',0,0,0,0,0,0,0,0,0,0,0,0,0,0,0,0,0,0,0,0,0,0,0,0,0,0,0,0),('root','statement/sql/ha_open',0,0,0,0,0,0,0,0,0,0,0,0,0,0,0,0,0,0,0,0,0,0,0,0,0,0,0,0),('root','statement/sql/ha_close',0,0,0,0,0,0,0,0,0,0,0,0,0,0,0,0,0,0,0,0,0,0,0,0,0,0,0,0),('root','statement/sql/ha_read',0,0,0,0,0,0,0,0,0,0,0,0,0,0,0,0,0,0,0,0,0,0,0,0,0,0,0,0),('root','statement/sql/show_slave_hosts',0,0,0,0,0,0,0,0,0,0,0,0,0,0,0,0,0,0,0,0,0,0,0,0,0,0,0,0),('root','statement/sql/delete_multi',0,0,0,0,0,0,0,0,0,0,0,0,0,0,0,0,0,0,0,0,0,0,0,0,0,0,0,0),('root','statement/sql/update_multi',0,0,0,0,0,0,0,0,0,0,0,0,0,0,0,0,0,0,0,0,0,0,0,0,0,0,0,0),('root','statement/sql/show_binlog_events',0,0,0,0,0,0,0,0,0,0,0,0,0,0,0,0,0,0,0,0,0,0,0,0,0,0,0,0),('root','statement/sql/do',0,0,0,0,0,0,0,0,0,0,0,0,0,0,0,0,0,0,0,0,0,0,0,0,0,0,0,0),('root','statement/sql/show_warnings',0,0,0,0,0,0,0,0,0,0,0,0,0,0,0,0,0,0,0,0,0,0,0,0,0,0,0,0),('root','statement/sql/empty_query',0,0,0,0,0,0,0,0,0,0,0,0,0,0,0,0,0,0,0,0,0,0,0,0,0,0,0,0),('root','statement/sql/show_errors',0,0,0,0,0,0,0,0,0,0,0,0,0,0,0,0,0,0,0,0,0,0,0,0,0,0,0,0),('root','statement/sql/show_storage_engines',0,0,0,0,0,0,0,0,0,0,0,0,0,0,0,0,0,0,0,0,0,0,0,0,0,0,0,0),('root','statement/sql/show_privileges',0,0,0,0,0,0,0,0,0,0,0,0,0,0,0,0,0,0,0,0,0,0,0,0,0,0,0,0),('root','statement/sql/help',0,0,0,0,0,0,0,0,0,0,0,0,0,0,0,0,0,0,0,0,0,0,0,0,0,0,0,0),('root','statement/sql/create_user',0,0,0,0,0,0,0,0,0,0,0,0,0,0,0,0,0,0,0,0,0,0,0,0,0,0,0,0),('root','statement/sql/drop_user',0,0,0,0,0,0,0,0,0,0,0,0,0,0,0,0,0,0,0,0,0,0,0,0,0,0,0,0),('root','statement/sql/rename_user',0,0,0,0,0,0,0,0,0,0,0,0,0,0,0,0,0,0,0,0,0,0,0,0,0,0,0,0),('root','statement/sql/revoke_all',0,0,0,0,0,0,0,0,0,0,0,0,0,0,0,0,0,0,0,0,0,0,0,0,0,0,0,0),('root','statement/sql/checksum',0,0,0,0,0,0,0,0,0,0,0,0,0,0,0,0,0,0,0,0,0,0,0,0,0,0,0,0),('root','statement/sql/create_procedure',0,0,0,0,0,0,0,0,0,0,0,0,0,0,0,0,0,0,0,0,0,0,0,0,0,0,0,0),('root','statement/sql/create_function',0,0,0,0,0,0,0,0,0,0,0,0,0,0,0,0,0,0,0,0,0,0,0,0,0,0,0,0),('root','statement/sql/call_procedure',0,0,0,0,0,0,0,0,0,0,0,0,0,0,0,0,0,0,0,0,0,0,0,0,0,0,0,0),('root','statement/sql/drop_procedure',0,0,0,0,0,0,0,0,0,0,0,0,0,0,0,0,0,0,0,0,0,0,0,0,0,0,0,0),('root','statement/sql/alter_procedure',0,0,0,0,0,0,0,0,0,0,0,0,0,0,0,0,0,0,0,0,0,0,0,0,0,0,0,0),('root','statement/sql/alter_function',0,0,0,0,0,0,0,0,0,0,0,0,0,0,0,0,0,0,0,0,0,0,0,0,0,0,0,0),('root','statement/sql/show_create_proc',0,0,0,0,0,0,0,0,0,0,0,0,0,0,0,0,0,0,0,0,0,0,0,0,0,0,0,0),('root','statement/sql/show_create_func',0,0,0,0,0,0,0,0,0,0,0,0,0,0,0,0,0,0,0,0,0,0,0,0,0,0,0,0),('root','statement/sql/show_procedure_status',0,0,0,0,0,0,0,0,0,0,0,0,0,0,0,0,0,0,0,0,0,0,0,0,0,0,0,0),('root','statement/sql/show_function_status',0,0,0,0,0,0,0,0,0,0,0,0,0,0,0,0,0,0,0,0,0,0,0,0,0,0,0,0),('root','statement/sql/prepare_sql',0,0,0,0,0,0,0,0,0,0,0,0,0,0,0,0,0,0,0,0,0,0,0,0,0,0,0,0),('root','statement/sql/execute_sql',0,0,0,0,0,0,0,0,0,0,0,0,0,0,0,0,0,0,0,0,0,0,0,0,0,0,0,0),('root','statement/sql/dealloc_sql',0,0,0,0,0,0,0,0,0,0,0,0,0,0,0,0,0,0,0,0,0,0,0,0,0,0,0,0),('root','statement/sql/create_view',0,0,0,0,0,0,0,0,0,0,0,0,0,0,0,0,0,0,0,0,0,0,0,0,0,0,0,0),('root','statement/sql/drop_view',0,0,0,0,0,0,0,0,0,0,0,0,0,0,0,0,0,0,0,0,0,0,0,0,0,0,0,0),('root','statement/sql/create_trigger',0,0,0,0,0,0,0,0,0,0,0,0,0,0,0,0,0,0,0,0,0,0,0,0,0,0,0,0),('root','statement/sql/drop_trigger',0,0,0,0,0,0,0,0,0,0,0,0,0,0,0,0,0,0,0,0,0,0,0,0,0,0,0,0),('root','statement/sql/xa_start',0,0,0,0,0,0,0,0,0,0,0,0,0,0,0,0,0,0,0,0,0,0,0,0,0,0,0,0),('root','statement/sql/xa_end',0,0,0,0,0,0,0,0,0,0,0,0,0,0,0,0,0,0,0,0,0,0,0,0,0,0,0,0),('root','statement/sql/xa_prepare',0,0,0,0,0,0,0,0,0,0,0,0,0,0,0,0,0,0,0,0,0,0,0,0,0,0,0,0),('root','statement/sql/xa_commit',0,0,0,0,0,0,0,0,0,0,0,0,0,0,0,0,0,0,0,0,0,0,0,0,0,0,0,0),('root','statement/sql/xa_rollback',0,0,0,0,0,0,0,0,0,0,0,0,0,0,0,0,0,0,0,0,0,0,0,0,0,0,0,0),('root','statement/sql/xa_recover',0,0,0,0,0,0,0,0,0,0,0,0,0,0,0,0,0,0,0,0,0,0,0,0,0,0,0,0),('root','statement/sql/show_procedure_code',0,0,0,0,0,0,0,0,0,0,0,0,0,0,0,0,0,0,0,0,0,0,0,0,0,0,0,0),('root','statement/sql/show_function_code',0,0,0,0,0,0,0,0,0,0,0,0,0,0,0,0,0,0,0,0,0,0,0,0,0,0,0,0),('root','statement/sql/alter_tablespace',0,0,0,0,0,0,0,0,0,0,0,0,0,0,0,0,0,0,0,0,0,0,0,0,0,0,0,0),('root','statement/sql/install_plugin',0,0,0,0,0,0,0,0,0,0,0,0,0,0,0,0,0,0,0,0,0,0,0,0,0,0,0,0),('root','statement/sql/uninstall_plugin',0,0,0,0,0,0,0,0,0,0,0,0,0,0,0,0,0,0,0,0,0,0,0,0,0,0,0,0),('root','statement/sql/binlog',0,0,0,0,0,0,0,0,0,0,0,0,0,0,0,0,0,0,0,0,0,0,0,0,0,0,0,0),('root','statement/sql/show_plugins',0,0,0,0,0,0,0,0,0,0,0,0,0,0,0,0,0,0,0,0,0,0,0,0,0,0,0,0),('root','statement/sql/create_server',0,0,0,0,0,0,0,0,0,0,0,0,0,0,0,0,0,0,0,0,0,0,0,0,0,0,0,0),('root','statement/sql/drop_server',0,0,0,0,0,0,0,0,0,0,0,0,0,0,0,0,0,0,0,0,0,0,0,0,0,0,0,0),('root','statement/sql/alter_server',0,0,0,0,0,0,0,0,0,0,0,0,0,0,0,0,0,0,0,0,0,0,0,0,0,0,0,0),('root','statement/sql/create_event',0,0,0,0,0,0,0,0,0,0,0,0,0,0,0,0,0,0,0,0,0,0,0,0,0,0,0,0),('root','statement/sql/alter_event',0,0,0,0,0,0,0,0,0,0,0,0,0,0,0,0,0,0,0,0,0,0,0,0,0,0,0,0),('root','statement/sql/drop_event',0,0,0,0,0,0,0,0,0,0,0,0,0,0,0,0,0,0,0,0,0,0,0,0,0,0,0,0),('root','statement/sql/show_create_event',0,0,0,0,0,0,0,0,0,0,0,0,0,0,0,0,0,0,0,0,0,0,0,0,0,0,0,0),('root','statement/sql/show_events',0,0,0,0,0,0,0,0,0,0,0,0,0,0,0,0,0,0,0,0,0,0,0,0,0,0,0,0),('root','statement/sql/show_create_trigger',160,86007959000,292929000,537549000,4010971000,726000000,0,0,0,0,0,0,0,0,0,0,0,0,0,0,0,0,0,0,0,1057584,4636091,0),('root','statement/sql/show_profile',0,0,0,0,0,0,0,0,0,0,0,0,0,0,0,0,0,0,0,0,0,0,0,0,0,0,0,0),('root','statement/sql/show_profiles',0,0,0,0,0,0,0,0,0,0,0,0,0,0,0,0,0,0,0,0,0,0,0,0,0,0,0,0),('root','statement/sql/signal',0,0,0,0,0,0,0,0,0,0,0,0,0,0,0,0,0,0,0,0,0,0,0,0,0,0,0,0),('root','statement/sql/resignal',0,0,0,0,0,0,0,0,0,0,0,0,0,0,0,0,0,0,0,0,0,0,0,0,0,0,0,0),('root','statement/sql/show_relaylog_events',0,0,0,0,0,0,0,0,0,0,0,0,0,0,0,0,0,0,0,0,0,0,0,0,0,0,0,0),('root','statement/sql/get_diagnostics',0,0,0,0,0,0,0,0,0,0,0,0,0,0,0,0,0,0,0,0,0,0,0,0,0,0,0,0),('root','statement/sql/alter_user',0,0,0,0,0,0,0,0,0,0,0,0,0,0,0,0,0,0,0,0,0,0,0,0,0,0,0,0),('root','statement/sql/explain_other',0,0,0,0,0,0,0,0,0,0,0,0,0,0,0,0,0,0,0,0,0,0,0,0,0,0,0,0),('root','statement/sql/show_create_user',0,0,0,0,0,0,0,0,0,0,0,0,0,0,0,0,0,0,0,0,0,0,0,0,0,0,0,0),('root','statement/sql/shutdown',0,0,0,0,0,0,0,0,0,0,0,0,0,0,0,0,0,0,0,0,0,0,0,0,0,0,0,0),('root','statement/sql/set_password',0,0,0,0,0,0,0,0,0,0,0,0,0,0,0,0,0,0,0,0,0,0,0,0,0,0,0,0),('root','statement/sql/alter_instance',0,0,0,0,0,0,0,0,0,0,0,0,0,0,0,0,0,0,0,0,0,0,0,0,0,0,0,0),('root','statement/sql/install_component',0,0,0,0,0,0,0,0,0,0,0,0,0,0,0,0,0,0,0,0,0,0,0,0,0,0,0,0),('root','statement/sql/uninstall_component',0,0,0,0,0,0,0,0,0,0,0,0,0,0,0,0,0,0,0,0,0,0,0,0,0,0,0,0),('root','statement/sql/create_role',0,0,0,0,0,0,0,0,0,0,0,0,0,0,0,0,0,0,0,0,0,0,0,0,0,0,0,0),('root','statement/sql/drop_role',0,0,0,0,0,0,0,0,0,0,0,0,0,0,0,0,0,0,0,0,0,0,0,0,0,0,0,0),('root','statement/sql/set_role',0,0,0,0,0,0,0,0,0,0,0,0,0,0,0,0,0,0,0,0,0,0,0,0,0,0,0,0),('root','statement/sql/grant_roles',0,0,0,0,0,0,0,0,0,0,0,0,0,0,0,0,0,0,0,0,0,0,0,0,0,0,0,0),('root','statement/sql/revoke_roles',0,0,0,0,0,0,0,0,0,0,0,0,0,0,0,0,0,0,0,0,0,0,0,0,0,0,0,0),('root','statement/sql/alter_user_default_role',0,0,0,0,0,0,0,0,0,0,0,0,0,0,0,0,0,0,0,0,0,0,0,0,0,0,0,0),('root','statement/sql/import',0,0,0,0,0,0,0,0,0,0,0,0,0,0,0,0,0,0,0,0,0,0,0,0,0,0,0,0),('root','statement/sql/create_resource_group',0,0,0,0,0,0,0,0,0,0,0,0,0,0,0,0,0,0,0,0,0,0,0,0,0,0,0,0),('root','statement/sql/alter_resource_group',0,0,0,0,0,0,0,0,0,0,0,0,0,0,0,0,0,0,0,0,0,0,0,0,0,0,0,0),('root','statement/sql/drop_resource_group',0,0,0,0,0,0,0,0,0,0,0,0,0,0,0,0,0,0,0,0,0,0,0,0,0,0,0,0),('root','statement/sql/set_resource_group',0,0,0,0,0,0,0,0,0,0,0,0,0,0,0,0,0,0,0,0,0,0,0,0,0,0,0,0),('root','statement/sql/lock_instance',0,0,0,0,0,0,0,0,0,0,0,0,0,0,0,0,0,0,0,0,0,0,0,0,0,0,0,0),('root','statement/sql/unlock_instance',0,0,0,0,0,0,0,0,0,0,0,0,0,0,0,0,0,0,0,0,0,0,0,0,0,0,0,0),('root','statement/sql/restart',0,0,0,0,0,0,0,0,0,0,0,0,0,0,0,0,0,0,0,0,0,0,0,0,0,0,0,0),('root','statement/sql/create_spatial_reference_system',0,0,0,0,0,0,0,0,0,0,0,0,0,0,0,0,0,0,0,0,0,0,0,0,0,0,0,0),('root','statement/sql/drop_spatial_reference_system',0,0,0,0,0,0,0,0,0,0,0,0,0,0,0,0,0,0,0,0,0,0,0,0,0,0,0,0),('root','statement/sql/error',0,0,0,0,0,0,0,0,0,0,0,0,0,0,0,0,0,0,0,0,0,0,0,0,0,0,0,0),('root','statement/sp/stmt',0,0,0,0,0,0,0,0,0,0,0,0,0,0,0,0,0,0,0,0,0,0,0,0,0,0,0,0),('root','statement/sp/set',0,0,0,0,0,0,0,0,0,0,0,0,0,0,0,0,0,0,0,0,0,0,0,0,0,0,0,0),('root','statement/sp/set_trigger_field',0,0,0,0,0,0,0,0,0,0,0,0,0,0,0,0,0,0,0,0,0,0,0,0,0,0,0,0),('root','statement/sp/jump',0,0,0,0,0,0,0,0,0,0,0,0,0,0,0,0,0,0,0,0,0,0,0,0,0,0,0,0),('root','statement/sp/jump_if_not',0,0,0,0,0,0,0,0,0,0,0,0,0,0,0,0,0,0,0,0,0,0,0,0,0,0,0,0),('root','statement/sp/freturn',0,0,0,0,0,0,0,0,0,0,0,0,0,0,0,0,0,0,0,0,0,0,0,0,0,0,0,0),('root','statement/sp/hpush_jump',0,0,0,0,0,0,0,0,0,0,0,0,0,0,0,0,0,0,0,0,0,0,0,0,0,0,0,0),('root','statement/sp/hpop',0,0,0,0,0,0,0,0,0,0,0,0,0,0,0,0,0,0,0,0,0,0,0,0,0,0,0,0),('root','statement/sp/hreturn',0,0,0,0,0,0,0,0,0,0,0,0,0,0,0,0,0,0,0,0,0,0,0,0,0,0,0,0),('root','statement/sp/cpush',0,0,0,0,0,0,0,0,0,0,0,0,0,0,0,0,0,0,0,0,0,0,0,0,0,0,0,0),('root','statement/sp/cpop',0,0,0,0,0,0,0,0,0,0,0,0,0,0,0,0,0,0,0,0,0,0,0,0,0,0,0,0),('root','statement/sp/copen',0,0,0,0,0,0,0,0,0,0,0,0,0,0,0,0,0,0,0,0,0,0,0,0,0,0,0,0),('root','statement/sp/cclose',0,0,0,0,0,0,0,0,0,0,0,0,0,0,0,0,0,0,0,0,0,0,0,0,0,0,0,0),('root','statement/sp/cfetch',0,0,0,0,0,0,0,0,0,0,0,0,0,0,0,0,0,0,0,0,0,0,0,0,0,0,0,0),('root','statement/sp/error',0,0,0,0,0,0,0,0,0,0,0,0,0,0,0,0,0,0,0,0,0,0,0,0,0,0,0,0),('root','statement/sp/set_case_expr',0,0,0,0,0,0,0,0,0,0,0,0,0,0,0,0,0,0,0,0,0,0,0,0,0,0,0,0),('root','statement/scheduler/event',0,0,0,0,0,0,0,0,0,0,0,0,0,0,0,0,0,0,0,0,0,0,0,0,0,0,0,0),('root','statement/com/Sleep',0,0,0,0,0,0,0,0,0,0,0,0,0,0,0,0,0,0,0,0,0,0,0,0,0,0,0,0),('root','statement/com/Quit',403,5383864000,6399000,13359000,40840000,0,0,0,0,0,0,0,0,0,0,0,0,0,0,0,0,0,0,0,0,1057584,5914352,0),('root','statement/com/Init DB',403,23779100000,18850000,59005000,165371000,2000000,0,0,0,0,0,0,0,0,0,0,0,0,0,0,0,0,0,0,0,1057584,5888881,0),('root','statement/com/Field List',0,0,0,0,0,0,0,0,0,0,0,0,0,0,0,0,0,0,0,0,0,0,0,0,0,0,0,0),('root','statement/com/Create DB',0,0,0,0,0,0,0,0,0,0,0,0,0,0,0,0,0,0,0,0,0,0,0,0,0,0,0,0),('root','statement/com/Drop DB',0,0,0,0,0,0,0,0,0,0,0,0,0,0,0,0,0,0,0,0,0,0,0,0,0,0,0,0),('root','statement/com/Refresh',0,0,0,0,0,0,0,0,0,0,0,0,0,0,0,0,0,0,0,0,0,0,0,0,0,0,0,0),('root','statement/com/Shutdown',0,0,0,0,0,0,0,0,0,0,0,0,0,0,0,0,0,0,0,0,0,0,0,0,0,0,0,0),('root','statement/com/Statistics',0,0,0,0,0,0,0,0,0,0,0,0,0,0,0,0,0,0,0,0,0,0,0,0,0,0,0,0),('root','statement/com/Processlist',0,0,0,0,0,0,0,0,0,0,0,0,0,0,0,0,0,0,0,0,0,0,0,0,0,0,0,0),('root','statement/com/Connect',0,0,0,0,0,0,0,0,0,0,0,0,0,0,0,0,0,0,0,0,0,0,0,0,0,0,0,0),('root','statement/com/Kill',0,0,0,0,0,0,0,0,0,0,0,0,0,0,0,0,0,0,0,0,0,0,0,0,0,0,0,0),('root','statement/com/Debug',0,0,0,0,0,0,0,0,0,0,0,0,0,0,0,0,0,0,0,0,0,0,0,0,0,0,0,0),('root','statement/com/Ping',0,0,0,0,0,0,0,0,0,0,0,0,0,0,0,0,0,0,0,0,0,0,0,0,0,0,0,0),('root','statement/com/Time',0,0,0,0,0,0,0,0,0,0,0,0,0,0,0,0,0,0,0,0,0,0,0,0,0,0,0,0),('root','statement/com/Delayed insert',0,0,0,0,0,0,0,0,0,0,0,0,0,0,0,0,0,0,0,0,0,0,0,0,0,0,0,0),('root','statement/com/Change user',0,0,0,0,0,0,0,0,0,0,0,0,0,0,0,0,0,0,0,0,0,0,0,0,0,0,0,0),('root','statement/com/Binlog Dump',0,0,0,0,0,0,0,0,0,0,0,0,0,0,0,0,0,0,0,0,0,0,0,0,0,0,0,0),('root','statement/com/Table Dump',0,0,0,0,0,0,0,0,0,0,0,0,0,0,0,0,0,0,0,0,0,0,0,0,0,0,0,0),('root','statement/com/Connect Out',0,0,0,0,0,0,0,0,0,0,0,0,0,0,0,0,0,0,0,0,0,0,0,0,0,0,0,0),('root','statement/com/Register Replica',0,0,0,0,0,0,0,0,0,0,0,0,0,0,0,0,0,0,0,0,0,0,0,0,0,0,0,0),('root','statement/com/Prepare',0,0,0,0,0,0,0,0,0,0,0,0,0,0,0,0,0,0,0,0,0,0,0,0,0,0,0,0),('root','statement/com/Execute',0,0,0,0,0,0,0,0,0,0,0,0,0,0,0,0,0,0,0,0,0,0,0,0,0,0,0,0),('root','statement/com/Long Data',0,0,0,0,0,0,0,0,0,0,0,0,0,0,0,0,0,0,0,0,0,0,0,0,0,0,0,0),('root','statement/com/Close stmt',0,0,0,0,0,0,0,0,0,0,0,0,0,0,0,0,0,0,0,0,0,0,0,0,0,0,0,0),('root','statement/com/Reset stmt',0,0,0,0,0,0,0,0,0,0,0,0,0,0,0,0,0,0,0,0,0,0,0,0,0,0,0,0),('root','statement/com/Set option',0,0,0,0,0,0,0,0,0,0,0,0,0,0,0,0,0,0,0,0,0,0,0,0,0,0,0,0),('root','statement/com/Fetch',0,0,0,0,0,0,0,0,0,0,0,0,0,0,0,0,0,0,0,0,0,0,0,0,0,0,0,0),('root','statement/com/Daemon',0,0,0,0,0,0,0,0,0,0,0,0,0,0,0,0,0,0,0,0,0,0,0,0,0,0,0,0),('root','statement/com/Binlog Dump GTID',0,0,0,0,0,0,0,0,0,0,0,0,0,0,0,0,0,0,0,0,0,0,0,0,0,0,0,0),('root','statement/com/Reset Connection',0,0,0,0,0,0,0,0,0,0,0,0,0,0,0,0,0,0,0,0,0,0,0,0,0,0,0,0),('root','statement/com/Group Replication Data Stream subscription',0,0,0,0,0,0,0,0,0,0,0,0,0,0,0,0,0,0,0,0,0,0,0,0,0,0,0,0),('root','statement/com/Error',0,0,0,0,0,0,0,0,0,0,0,0,0,0,0,0,0,0,0,0,0,0,0,0,0,0,0,0);

--
-- Table structure for table `events_statements_summary_global_by_event_name`
--

CREATE TABLE `events_statements_summary_global_by_event_name` (
  `EVENT_NAME` varchar(128) NOT NULL,
  `COUNT_STAR` bigint unsigned NOT NULL,
  `SUM_TIMER_WAIT` bigint unsigned NOT NULL,
  `MIN_TIMER_WAIT` bigint unsigned NOT NULL,
  `AVG_TIMER_WAIT` bigint unsigned NOT NULL,
  `MAX_TIMER_WAIT` bigint unsigned NOT NULL,
  `SUM_LOCK_TIME` bigint unsigned NOT NULL,
  `SUM_ERRORS` bigint unsigned NOT NULL,
  `SUM_WARNINGS` bigint unsigned NOT NULL,
  `SUM_ROWS_AFFECTED` bigint unsigned NOT NULL,
  `SUM_ROWS_SENT` bigint unsigned NOT NULL,
  `SUM_ROWS_EXAMINED` bigint unsigned NOT NULL,
  `SUM_CREATED_TMP_DISK_TABLES` bigint unsigned NOT NULL,
  `SUM_CREATED_TMP_TABLES` bigint unsigned NOT NULL,
  `SUM_SELECT_FULL_JOIN` bigint unsigned NOT NULL,
  `SUM_SELECT_FULL_RANGE_JOIN` bigint unsigned NOT NULL,
  `SUM_SELECT_RANGE` bigint unsigned NOT NULL,
  `SUM_SELECT_RANGE_CHECK` bigint unsigned NOT NULL,
  `SUM_SELECT_SCAN` bigint unsigned NOT NULL,
  `SUM_SORT_MERGE_PASSES` bigint unsigned NOT NULL,
  `SUM_SORT_RANGE` bigint unsigned NOT NULL,
  `SUM_SORT_ROWS` bigint unsigned NOT NULL,
  `SUM_SORT_SCAN` bigint unsigned NOT NULL,
  `SUM_NO_INDEX_USED` bigint unsigned NOT NULL,
  `SUM_NO_GOOD_INDEX_USED` bigint unsigned NOT NULL,
  `SUM_CPU_TIME` bigint unsigned NOT NULL,
  `MAX_CONTROLLED_MEMORY` bigint unsigned NOT NULL,
  `MAX_TOTAL_MEMORY` bigint unsigned NOT NULL,
  `COUNT_SECONDARY` bigint unsigned NOT NULL,
  PRIMARY KEY (`EVENT_NAME`)
) ENGINE=PERFORMANCE_SCHEMA DEFAULT CHARSET=utf8mb4 COLLATE=utf8mb4_0900_ai_ci;

--
-- Dumping data for table `events_statements_summary_global_by_event_name`
--

INSERT INTO `events_statements_summary_global_by_event_name` VALUES ('statement/sql/select',44227733,12784583663681000,33524000,289062000,835341380000,124796838000000,0,15713,0,245318170,287596221,0,1301,1944,0,1696475,0,8768348,0,0,11353550,3283805,8518143,0,0,3175336,6149704,0),('statement/sql/create_table',0,0,0,0,0,0,0,0,0,0,0,0,0,0,0,0,0,0,0,0,0,0,0,0,0,0,0,0),('statement/sql/create_index',0,0,0,0,0,0,0,0,0,0,0,0,0,0,0,0,0,0,0,0,0,0,0,0,0,0,0,0),('statement/sql/alter_table',0,0,0,0,0,0,0,0,0,0,0,0,0,0,0,0,0,0,0,0,0,0,0,0,0,0,0,0),('statement/sql/update',49710,4667023811151000,164121000,93885009000,1255622348000,65470543000000,0,0,60926,0,186336,0,0,0,0,0,0,0,0,0,0,0,0,0,0,179680,870365,0),('statement/sql/insert',7850,371185969614000,319880000,47284836000,490205054000,23376000000,0,0,7850,0,0,0,0,0,0,0,0,0,0,0,0,0,0,0,0,175536,859941,0),('statement/sql/insert_select',8847,31096359877000,169140000,3514904000,390515000000,38326000000,0,0,277,0,8570,0,0,0,0,0,0,0,0,0,0,0,0,0,0,175536,540188,0),('statement/sql/delete',15498,87850004411000,122502000,5668473000,591148813000,48625000000,0,0,716,0,716,0,0,0,0,0,0,0,0,0,0,0,0,0,0,35200,393715,0),('statement/sql/truncate',0,0,0,0,0,0,0,0,0,0,0,0,0,0,0,0,0,0,0,0,0,0,0,0,0,0,0,0),('statement/sql/drop_table',0,0,0,0,0,0,0,0,0,0,0,0,0,0,0,0,0,0,0,0,0,0,0,0,0,0,0,0),('statement/sql/drop_index',0,0,0,0,0,0,0,0,0,0,0,0,0,0,0,0,0,0,0,0,0,0,0,0,0,0,0,0),('statement/sql/show_databases',81,2451665139000,639627000,30267470000,141202468000,419000000,0,0,0,405,1701,0,0,81,0,0,0,81,0,0,405,81,81,0,0,467952,703614,0),('statement/sql/show_tables',403,1096140514000,962197000,2719951000,25416802000,1648000000,0,0,0,32279,91201,0,0,0,0,0,0,403,0,0,32279,403,0,0,0,1696384,6526393,0),('statement/sql/show_fields',40238,47418050308000,551482000,1178439000,107574635000,144849000000,0,0,0,420630,1831418,0,40238,0,0,0,0,40238,0,0,420630,40238,0,0,0,1486656,6343699,0),('statement/sql/show_keys',0,0,0,0,0,0,0,0,0,0,0,0,0,0,0,0,0,0,0,0,0,0,0,0,0,0,0,0),('statement/sql/show_variables',646,3499210037000,1020334000,5416733000,188125225000,1453000000,0,0,0,323,323,0,646,0,0,0,0,1292,0,0,0,0,646,0,0,1123600,1647157,0),('statement/sql/show_status',0,0,0,0,0,0,0,0,0,0,0,0,0,0,0,0,0,0,0,0,0,0,0,0,0,0,0,0),('statement/sql/show_engine_logs',0,0,0,0,0,0,0,0,0,0,0,0,0,0,0,0,0,0,0,0,0,0,0,0,0,0,0,0),('statement/sql/show_engine_status',0,0,0,0,0,0,0,0,0,0,0,0,0,0,0,0,0,0,0,0,0,0,0,0,0,0,0,0),('statement/sql/show_engine_mutex',0,0,0,0,0,0,0,0,0,0,0,0,0,0,0,0,0,0,0,0,0,0,0,0,0,0,0,0),('statement/sql/show_processlist',0,0,0,0,0,0,0,0,0,0,0,0,0,0,0,0,0,0,0,0,0,0,0,0,0,0,0,0),('statement/sql/show_master_status',0,0,0,0,0,0,0,0,0,0,0,0,0,0,0,0,0,0,0,0,0,0,0,0,0,0,0,0),('statement/sql/show_slave_status',0,0,0,0,0,0,0,0,0,0,0,0,0,0,0,0,0,0,0,0,0,0,0,0,0,0,0,0),('statement/sql/show_grants',0,0,0,0,0,0,0,0,0,0,0,0,0,0,0,0,0,0,0,0,0,0,0,0,0,0,0,0),('statement/sql/show_create_table',32037,24804605598000,51309000,774248000,152097979000,51054000000,0,0,0,0,0,320,2400,0,0,0,0,0,0,0,0,0,0,0,0,2450664,7307504,0),('statement/sql/show_charsets',0,0,0,0,0,0,0,0,0,0,0,0,0,0,0,0,0,0,0,0,0,0,0,0,0,0,0,0),('statement/sql/show_collations',0,0,0,0,0,0,0,0,0,0,0,0,0,0,0,0,0,0,0,0,0,0,0,0,0,0,0,0),('statement/sql/show_create_db',323,31448771000,45082000,97364000,3795114000,0,0,0,0,0,0,0,0,0,0,0,0,0,0,0,0,0,0,0,0,1056848,1585347,0),('statement/sql/show_table_status',24119,40052155872000,778125000,1660605000,130408657000,80082000000,0,0,0,24119,2318117,0,0,0,0,0,0,24119,0,0,24119,24119,0,0,0,1696384,6536963,0),('statement/sql/show_triggers',23956,18043793512000,435167000,753205000,16836511000,72306000000,0,0,0,160,144536,0,23956,23956,0,0,0,23956,0,0,160,23956,23956,0,0,1730144,6556249,0),('statement/sql/load',0,0,0,0,0,0,0,0,0,0,0,0,0,0,0,0,0,0,0,0,0,0,0,0,0,0,0,0),('statement/sql/set_option',3512063,261234486811000,22008000,74382000,13887135000,0,0,0,0,0,0,0,0,0,0,0,0,0,0,0,0,0,0,0,0,1067824,5915976,0),('statement/sql/lock_tables',0,0,0,0,0,0,0,0,0,0,0,0,0,0,0,0,0,0,0,0,0,0,0,0,0,0,0,0),('statement/sql/unlock_tables',0,0,0,0,0,0,0,0,0,0,0,0,0,0,0,0,0,0,0,0,0,0,0,0,0,0,0,0),('statement/sql/grant',0,0,0,0,0,0,0,0,0,0,0,0,0,0,0,0,0,0,0,0,0,0,0,0,0,0,0,0),('statement/sql/change_db',23956,1177474612000,27107000,49151000,4237858000,0,0,0,0,0,0,0,0,0,0,0,0,0,0,0,0,0,0,0,0,1067824,5888881,0),('statement/sql/create_db',0,0,0,0,0,0,0,0,0,0,0,0,0,0,0,0,0,0,0,0,0,0,0,0,0,0,0,0),('statement/sql/drop_db',0,0,0,0,0,0,0,0,0,0,0,0,0,0,0,0,0,0,0,0,0,0,0,0,0,0,0,0),('statement/sql/alter_db',0,0,0,0,0,0,0,0,0,0,0,0,0,0,0,0,0,0,0,0,0,0,0,0,0,0,0,0),('statement/sql/repair',0,0,0,0,0,0,0,0,0,0,0,0,0,0,0,0,0,0,0,0,0,0,0,0,0,0,0,0),('statement/sql/replace',0,0,0,0,0,0,0,0,0,0,0,0,0,0,0,0,0,0,0,0,0,0,0,0,0,0,0,0),('statement/sql/replace_select',0,0,0,0,0,0,0,0,0,0,0,0,0,0,0,0,0,0,0,0,0,0,0,0,0,0,0,0),('statement/sql/create_udf',0,0,0,0,0,0,0,0,0,0,0,0,0,0,0,0,0,0,0,0,0,0,0,0,0,0,0,0),('statement/sql/drop_function',0,0,0,0,0,0,0,0,0,0,0,0,0,0,0,0,0,0,0,0,0,0,0,0,0,0,0,0),('statement/sql/revoke',0,0,0,0,0,0,0,0,0,0,0,0,0,0,0,0,0,0,0,0,0,0,0,0,0,0,0,0),('statement/sql/optimize',0,0,0,0,0,0,0,0,0,0,0,0,0,0,0,0,0,0,0,0,0,0,0,0,0,0,0,0),('statement/sql/check',0,0,0,0,0,0,0,0,0,0,0,0,0,0,0,0,0,0,0,0,0,0,0,0,0,0,0,0),('statement/sql/assign_to_keycache',0,0,0,0,0,0,0,0,0,0,0,0,0,0,0,0,0,0,0,0,0,0,0,0,0,0,0,0),('statement/sql/preload_keys',0,0,0,0,0,0,0,0,0,0,0,0,0,0,0,0,0,0,0,0,0,0,0,0,0,0,0,0),('statement/sql/flush',0,0,0,0,0,0,0,0,0,0,0,0,0,0,0,0,0,0,0,0,0,0,0,0,0,0,0,0),('statement/sql/kill',0,0,0,0,0,0,0,0,0,0,0,0,0,0,0,0,0,0,0,0,0,0,0,0,0,0,0,0),('statement/sql/analyze',0,0,0,0,0,0,0,0,0,0,0,0,0,0,0,0,0,0,0,0,0,0,0,0,0,0,0,0),('statement/sql/rollback',0,0,0,0,0,0,0,0,0,0,0,0,0,0,0,0,0,0,0,0,0,0,0,0,0,0,0,0),('statement/sql/rollback_to_savepoint',0,0,0,0,0,0,0,0,0,0,0,0,0,0,0,0,0,0,0,0,0,0,0,0,0,0,0,0),('statement/sql/commit',864,45267351289000,35127000,52392767000,804923377000,0,0,0,0,0,0,0,0,0,0,0,0,0,0,0,0,0,0,0,0,147840,355861,0),('statement/sql/savepoint',0,0,0,0,0,0,0,0,0,0,0,0,0,0,0,0,0,0,0,0,0,0,0,0,0,0,0,0),('statement/sql/release_savepoint',0,0,0,0,0,0,0,0,0,0,0,0,0,0,0,0,0,0,0,0,0,0,0,0,0,0,0,0),('statement/sql/slave_start',0,0,0,0,0,0,0,0,0,0,0,0,0,0,0,0,0,0,0,0,0,0,0,0,0,0,0,0),('statement/sql/slave_stop',0,0,0,0,0,0,0,0,0,0,0,0,0,0,0,0,0,0,0,0,0,0,0,0,0,0,0,0),('statement/sql/group_replication_start',0,0,0,0,0,0,0,0,0,0,0,0,0,0,0,0,0,0,0,0,0,0,0,0,0,0,0,0),('statement/sql/group_replication_stop',0,0,0,0,0,0,0,0,0,0,0,0,0,0,0,0,0,0,0,0,0,0,0,0,0,0,0,0),('statement/sql/begin',864,49319923000,38761000,57083000,7067757000,0,0,0,0,0,0,0,0,0,0,0,0,0,0,0,0,0,0,0,0,147840,345765,0),('statement/sql/change_replication_source',0,0,0,0,0,0,0,0,0,0,0,0,0,0,0,0,0,0,0,0,0,0,0,0,0,0,0,0),('statement/sql/change_repl_filter',0,0,0,0,0,0,0,0,0,0,0,0,0,0,0,0,0,0,0,0,0,0,0,0,0,0,0,0),('statement/sql/rename_table',0,0,0,0,0,0,0,0,0,0,0,0,0,0,0,0,0,0,0,0,0,0,0,0,0,0,0,0),('statement/sql/reset',0,0,0,0,0,0,0,0,0,0,0,0,0,0,0,0,0,0,0,0,0,0,0,0,0,0,0,0),('statement/sql/purge',0,0,0,0,0,0,0,0,0,0,0,0,0,0,0,0,0,0,0,0,0,0,0,0,0,0,0,0),('statement/sql/purge_before_date',0,0,0,0,0,0,0,0,0,0,0,0,0,0,0,0,0,0,0,0,0,0,0,0,0,0,0,0),('statement/sql/show_binlogs',0,0,0,0,0,0,0,0,0,0,0,0,0,0,0,0,0,0,0,0,0,0,0,0,0,0,0,0),('statement/sql/show_open_tables',0,0,0,0,0,0,0,0,0,0,0,0,0,0,0,0,0,0,0,0,0,0,0,0,0,0,0,0),('statement/sql/ha_open',0,0,0,0,0,0,0,0,0,0,0,0,0,0,0,0,0,0,0,0,0,0,0,0,0,0,0,0),('statement/sql/ha_close',0,0,0,0,0,0,0,0,0,0,0,0,0,0,0,0,0,0,0,0,0,0,0,0,0,0,0,0),('statement/sql/ha_read',0,0,0,0,0,0,0,0,0,0,0,0,0,0,0,0,0,0,0,0,0,0,0,0,0,0,0,0),('statement/sql/show_slave_hosts',0,0,0,0,0,0,0,0,0,0,0,0,0,0,0,0,0,0,0,0,0,0,0,0,0,0,0,0),('statement/sql/delete_multi',0,0,0,0,0,0,0,0,0,0,0,0,0,0,0,0,0,0,0,0,0,0,0,0,0,0,0,0),('statement/sql/update_multi',0,0,0,0,0,0,0,0,0,0,0,0,0,0,0,0,0,0,0,0,0,0,0,0,0,0,0,0),('statement/sql/show_binlog_events',0,0,0,0,0,0,0,0,0,0,0,0,0,0,0,0,0,0,0,0,0,0,0,0,0,0,0,0),('statement/sql/do',0,0,0,0,0,0,0,0,0,0,0,0,0,0,0,0,0,0,0,0,0,0,0,0,0,0,0,0),('statement/sql/show_warnings',0,0,0,0,0,0,0,0,0,0,0,0,0,0,0,0,0,0,0,0,0,0,0,0,0,0,0,0),('statement/sql/empty_query',0,0,0,0,0,0,0,0,0,0,0,0,0,0,0,0,0,0,0,0,0,0,0,0,0,0,0,0),('statement/sql/show_errors',0,0,0,0,0,0,0,0,0,0,0,0,0,0,0,0,0,0,0,0,0,0,0,0,0,0,0,0),('statement/sql/show_storage_engines',0,0,0,0,0,0,0,0,0,0,0,0,0,0,0,0,0,0,0,0,0,0,0,0,0,0,0,0),('statement/sql/show_privileges',0,0,0,0,0,0,0,0,0,0,0,0,0,0,0,0,0,0,0,0,0,0,0,0,0,0,0,0),('statement/sql/help',0,0,0,0,0,0,0,0,0,0,0,0,0,0,0,0,0,0,0,0,0,0,0,0,0,0,0,0),('statement/sql/create_user',0,0,0,0,0,0,0,0,0,0,0,0,0,0,0,0,0,0,0,0,0,0,0,0,0,0,0,0),('statement/sql/drop_user',0,0,0,0,0,0,0,0,0,0,0,0,0,0,0,0,0,0,0,0,0,0,0,0,0,0,0,0),('statement/sql/rename_user',0,0,0,0,0,0,0,0,0,0,0,0,0,0,0,0,0,0,0,0,0,0,0,0,0,0,0,0),('statement/sql/revoke_all',0,0,0,0,0,0,0,0,0,0,0,0,0,0,0,0,0,0,0,0,0,0,0,0,0,0,0,0),('statement/sql/checksum',0,0,0,0,0,0,0,0,0,0,0,0,0,0,0,0,0,0,0,0,0,0,0,0,0,0,0,0),('statement/sql/create_procedure',0,0,0,0,0,0,0,0,0,0,0,0,0,0,0,0,0,0,0,0,0,0,0,0,0,0,0,0),('statement/sql/create_function',0,0,0,0,0,0,0,0,0,0,0,0,0,0,0,0,0,0,0,0,0,0,0,0,0,0,0,0),('statement/sql/call_procedure',0,0,0,0,0,0,0,0,0,0,0,0,0,0,0,0,0,0,0,0,0,0,0,0,0,0,0,0),('statement/sql/drop_procedure',0,0,0,0,0,0,0,0,0,0,0,0,0,0,0,0,0,0,0,0,0,0,0,0,0,0,0,0),('statement/sql/alter_procedure',0,0,0,0,0,0,0,0,0,0,0,0,0,0,0,0,0,0,0,0,0,0,0,0,0,0,0,0),('statement/sql/alter_function',0,0,0,0,0,0,0,0,0,0,0,0,0,0,0,0,0,0,0,0,0,0,0,0,0,0,0,0),('statement/sql/show_create_proc',0,0,0,0,0,0,0,0,0,0,0,0,0,0,0,0,0,0,0,0,0,0,0,0,0,0,0,0),('statement/sql/show_create_func',0,0,0,0,0,0,0,0,0,0,0,0,0,0,0,0,0,0,0,0,0,0,0,0,0,0,0,0),('statement/sql/show_procedure_status',0,0,0,0,0,0,0,0,0,0,0,0,0,0,0,0,0,0,0,0,0,0,0,0,0,0,0,0),('statement/sql/show_function_status',0,0,0,0,0,0,0,0,0,0,0,0,0,0,0,0,0,0,0,0,0,0,0,0,0,0,0,0),('statement/sql/prepare_sql',0,0,0,0,0,0,0,0,0,0,0,0,0,0,0,0,0,0,0,0,0,0,0,0,0,0,0,0),('statement/sql/execute_sql',0,0,0,0,0,0,0,0,0,0,0,0,0,0,0,0,0,0,0,0,0,0,0,0,0,0,0,0),('statement/sql/dealloc_sql',0,0,0,0,0,0,0,0,0,0,0,0,0,0,0,0,0,0,0,0,0,0,0,0,0,0,0,0),('statement/sql/create_view',0,0,0,0,0,0,0,0,0,0,0,0,0,0,0,0,0,0,0,0,0,0,0,0,0,0,0,0),('statement/sql/drop_view',0,0,0,0,0,0,0,0,0,0,0,0,0,0,0,0,0,0,0,0,0,0,0,0,0,0,0,0),('statement/sql/create_trigger',0,0,0,0,0,0,0,0,0,0,0,0,0,0,0,0,0,0,0,0,0,0,0,0,0,0,0,0),('statement/sql/drop_trigger',0,0,0,0,0,0,0,0,0,0,0,0,0,0,0,0,0,0,0,0,0,0,0,0,0,0,0,0),('statement/sql/xa_start',0,0,0,0,0,0,0,0,0,0,0,0,0,0,0,0,0,0,0,0,0,0,0,0,0,0,0,0),('statement/sql/xa_end',0,0,0,0,0,0,0,0,0,0,0,0,0,0,0,0,0,0,0,0,0,0,0,0,0,0,0,0),('statement/sql/xa_prepare',0,0,0,0,0,0,0,0,0,0,0,0,0,0,0,0,0,0,0,0,0,0,0,0,0,0,0,0),('statement/sql/xa_commit',0,0,0,0,0,0,0,0,0,0,0,0,0,0,0,0,0,0,0,0,0,0,0,0,0,0,0,0),('statement/sql/xa_rollback',0,0,0,0,0,0,0,0,0,0,0,0,0,0,0,0,0,0,0,0,0,0,0,0,0,0,0,0),('statement/sql/xa_recover',0,0,0,0,0,0,0,0,0,0,0,0,0,0,0,0,0,0,0,0,0,0,0,0,0,0,0,0),('statement/sql/show_procedure_code',0,0,0,0,0,0,0,0,0,0,0,0,0,0,0,0,0,0,0,0,0,0,0,0,0,0,0,0),('statement/sql/show_function_code',0,0,0,0,0,0,0,0,0,0,0,0,0,0,0,0,0,0,0,0,0,0,0,0,0,0,0,0),('statement/sql/alter_tablespace',0,0,0,0,0,0,0,0,0,0,0,0,0,0,0,0,0,0,0,0,0,0,0,0,0,0,0,0),('statement/sql/install_plugin',0,0,0,0,0,0,0,0,0,0,0,0,0,0,0,0,0,0,0,0,0,0,0,0,0,0,0,0),('statement/sql/uninstall_plugin',0,0,0,0,0,0,0,0,0,0,0,0,0,0,0,0,0,0,0,0,0,0,0,0,0,0,0,0),('statement/sql/binlog',0,0,0,0,0,0,0,0,0,0,0,0,0,0,0,0,0,0,0,0,0,0,0,0,0,0,0,0),('statement/sql/show_plugins',0,0,0,0,0,0,0,0,0,0,0,0,0,0,0,0,0,0,0,0,0,0,0,0,0,0,0,0),('statement/sql/create_server',0,0,0,0,0,0,0,0,0,0,0,0,0,0,0,0,0,0,0,0,0,0,0,0,0,0,0,0),('statement/sql/drop_server',0,0,0,0,0,0,0,0,0,0,0,0,0,0,0,0,0,0,0,0,0,0,0,0,0,0,0,0),('statement/sql/alter_server',0,0,0,0,0,0,0,0,0,0,0,0,0,0,0,0,0,0,0,0,0,0,0,0,0,0,0,0),('statement/sql/create_event',0,0,0,0,0,0,0,0,0,0,0,0,0,0,0,0,0,0,0,0,0,0,0,0,0,0,0,0),('statement/sql/alter_event',0,0,0,0,0,0,0,0,0,0,0,0,0,0,0,0,0,0,0,0,0,0,0,0,0,0,0,0),('statement/sql/drop_event',0,0,0,0,0,0,0,0,0,0,0,0,0,0,0,0,0,0,0,0,0,0,0,0,0,0,0,0),('statement/sql/show_create_event',0,0,0,0,0,0,0,0,0,0,0,0,0,0,0,0,0,0,0,0,0,0,0,0,0,0,0,0),('statement/sql/show_events',0,0,0,0,0,0,0,0,0,0,0,0,0,0,0,0,0,0,0,0,0,0,0,0,0,0,0,0),('statement/sql/show_create_trigger',160,86007959000,292929000,537549000,4010971000,726000000,0,0,0,0,0,0,0,0,0,0,0,0,0,0,0,0,0,0,0,1057584,4636091,0),('statement/sql/show_profile',0,0,0,0,0,0,0,0,0,0,0,0,0,0,0,0,0,0,0,0,0,0,0,0,0,0,0,0),('statement/sql/show_profiles',0,0,0,0,0,0,0,0,0,0,0,0,0,0,0,0,0,0,0,0,0,0,0,0,0,0,0,0),('statement/sql/signal',0,0,0,0,0,0,0,0,0,0,0,0,0,0,0,0,0,0,0,0,0,0,0,0,0,0,0,0),('statement/sql/resignal',0,0,0,0,0,0,0,0,0,0,0,0,0,0,0,0,0,0,0,0,0,0,0,0,0,0,0,0),('statement/sql/show_relaylog_events',0,0,0,0,0,0,0,0,0,0,0,0,0,0,0,0,0,0,0,0,0,0,0,0,0,0,0,0),('statement/sql/get_diagnostics',0,0,0,0,0,0,0,0,0,0,0,0,0,0,0,0,0,0,0,0,0,0,0,0,0,0,0,0),('statement/sql/alter_user',0,0,0,0,0,0,0,0,0,0,0,0,0,0,0,0,0,0,0,0,0,0,0,0,0,0,0,0),('statement/sql/explain_other',0,0,0,0,0,0,0,0,0,0,0,0,0,0,0,0,0,0,0,0,0,0,0,0,0,0,0,0),('statement/sql/show_create_user',0,0,0,0,0,0,0,0,0,0,0,0,0,0,0,0,0,0,0,0,0,0,0,0,0,0,0,0),('statement/sql/shutdown',0,0,0,0,0,0,0,0,0,0,0,0,0,0,0,0,0,0,0,0,0,0,0,0,0,0,0,0),('statement/sql/set_password',0,0,0,0,0,0,0,0,0,0,0,0,0,0,0,0,0,0,0,0,0,0,0,0,0,0,0,0),('statement/sql/alter_instance',0,0,0,0,0,0,0,0,0,0,0,0,0,0,0,0,0,0,0,0,0,0,0,0,0,0,0,0),('statement/sql/install_component',0,0,0,0,0,0,0,0,0,0,0,0,0,0,0,0,0,0,0,0,0,0,0,0,0,0,0,0),('statement/sql/uninstall_component',0,0,0,0,0,0,0,0,0,0,0,0,0,0,0,0,0,0,0,0,0,0,0,0,0,0,0,0),('statement/sql/create_role',0,0,0,0,0,0,0,0,0,0,0,0,0,0,0,0,0,0,0,0,0,0,0,0,0,0,0,0),('statement/sql/drop_role',0,0,0,0,0,0,0,0,0,0,0,0,0,0,0,0,0,0,0,0,0,0,0,0,0,0,0,0),('statement/sql/set_role',0,0,0,0,0,0,0,0,0,0,0,0,0,0,0,0,0,0,0,0,0,0,0,0,0,0,0,0),('statement/sql/grant_roles',0,0,0,0,0,0,0,0,0,0,0,0,0,0,0,0,0,0,0,0,0,0,0,0,0,0,0,0),('statement/sql/revoke_roles',0,0,0,0,0,0,0,0,0,0,0,0,0,0,0,0,0,0,0,0,0,0,0,0,0,0,0,0),('statement/sql/alter_user_default_role',0,0,0,0,0,0,0,0,0,0,0,0,0,0,0,0,0,0,0,0,0,0,0,0,0,0,0,0),('statement/sql/import',0,0,0,0,0,0,0,0,0,0,0,0,0,0,0,0,0,0,0,0,0,0,0,0,0,0,0,0),('statement/sql/create_resource_group',0,0,0,0,0,0,0,0,0,0,0,0,0,0,0,0,0,0,0,0,0,0,0,0,0,0,0,0),('statement/sql/alter_resource_group',0,0,0,0,0,0,0,0,0,0,0,0,0,0,0,0,0,0,0,0,0,0,0,0,0,0,0,0),('statement/sql/drop_resource_group',0,0,0,0,0,0,0,0,0,0,0,0,0,0,0,0,0,0,0,0,0,0,0,0,0,0,0,0),('statement/sql/set_resource_group',0,0,0,0,0,0,0,0,0,0,0,0,0,0,0,0,0,0,0,0,0,0,0,0,0,0,0,0),('statement/sql/lock_instance',0,0,0,0,0,0,0,0,0,0,0,0,0,0,0,0,0,0,0,0,0,0,0,0,0,0,0,0),('statement/sql/unlock_instance',0,0,0,0,0,0,0,0,0,0,0,0,0,0,0,0,0,0,0,0,0,0,0,0,0,0,0,0),('statement/sql/restart',0,0,0,0,0,0,0,0,0,0,0,0,0,0,0,0,0,0,0,0,0,0,0,0,0,0,0,0),('statement/sql/create_spatial_reference_system',0,0,0,0,0,0,0,0,0,0,0,0,0,0,0,0,0,0,0,0,0,0,0,0,0,0,0,0),('statement/sql/drop_spatial_reference_system',0,0,0,0,0,0,0,0,0,0,0,0,0,0,0,0,0,0,0,0,0,0,0,0,0,0,0,0),('statement/sql/error',0,0,0,0,0,0,0,0,0,0,0,0,0,0,0,0,0,0,0,0,0,0,0,0,0,0,0,0),('statement/sp/stmt',0,0,0,0,0,0,0,0,0,0,0,0,0,0,0,0,0,0,0,0,0,0,0,0,0,0,0,0),('statement/sp/set',0,0,0,0,0,0,0,0,0,0,0,0,0,0,0,0,0,0,0,0,0,0,0,0,0,0,0,0),('statement/sp/set_trigger_field',0,0,0,0,0,0,0,0,0,0,0,0,0,0,0,0,0,0,0,0,0,0,0,0,0,0,0,0),('statement/sp/jump',0,0,0,0,0,0,0,0,0,0,0,0,0,0,0,0,0,0,0,0,0,0,0,0,0,0,0,0),('statement/sp/jump_if_not',0,0,0,0,0,0,0,0,0,0,0,0,0,0,0,0,0,0,0,0,0,0,0,0,0,0,0,0),('statement/sp/freturn',0,0,0,0,0,0,0,0,0,0,0,0,0,0,0,0,0,0,0,0,0,0,0,0,0,0,0,0),('statement/sp/hpush_jump',0,0,0,0,0,0,0,0,0,0,0,0,0,0,0,0,0,0,0,0,0,0,0,0,0,0,0,0),('statement/sp/hpop',0,0,0,0,0,0,0,0,0,0,0,0,0,0,0,0,0,0,0,0,0,0,0,0,0,0,0,0),('statement/sp/hreturn',0,0,0,0,0,0,0,0,0,0,0,0,0,0,0,0,0,0,0,0,0,0,0,0,0,0,0,0),('statement/sp/cpush',0,0,0,0,0,0,0,0,0,0,0,0,0,0,0,0,0,0,0,0,0,0,0,0,0,0,0,0),('statement/sp/cpop',0,0,0,0,0,0,0,0,0,0,0,0,0,0,0,0,0,0,0,0,0,0,0,0,0,0,0,0),('statement/sp/copen',0,0,0,0,0,0,0,0,0,0,0,0,0,0,0,0,0,0,0,0,0,0,0,0,0,0,0,0),('statement/sp/cclose',0,0,0,0,0,0,0,0,0,0,0,0,0,0,0,0,0,0,0,0,0,0,0,0,0,0,0,0),('statement/sp/cfetch',0,0,0,0,0,0,0,0,0,0,0,0,0,0,0,0,0,0,0,0,0,0,0,0,0,0,0,0),('statement/sp/error',0,0,0,0,0,0,0,0,0,0,0,0,0,0,0,0,0,0,0,0,0,0,0,0,0,0,0,0),('statement/sp/set_case_expr',0,0,0,0,0,0,0,0,0,0,0,0,0,0,0,0,0,0,0,0,0,0,0,0,0,0,0,0),('statement/scheduler/event',0,0,0,0,0,0,0,0,0,0,0,0,0,0,0,0,0,0,0,0,0,0,0,0,0,0,0,0),('statement/com/Sleep',0,0,0,0,0,0,0,0,0,0,0,0,0,0,0,0,0,0,0,0,0,0,0,0,0,0,0,0),('statement/com/Quit',1655798,22808895490000,4139000,13775000,557895000,0,0,0,0,0,0,0,0,0,0,0,0,0,0,0,0,0,0,0,0,1057584,5914352,0),('statement/com/Init DB',403,23779100000,18850000,59005000,165371000,2000000,0,0,0,0,0,0,0,0,0,0,0,0,0,0,0,0,0,0,0,1057584,5888881,0),('statement/com/Field List',0,0,0,0,0,0,0,0,0,0,0,0,0,0,0,0,0,0,0,0,0,0,0,0,0,0,0,0),('statement/com/Create DB',0,0,0,0,0,0,0,0,0,0,0,0,0,0,0,0,0,0,0,0,0,0,0,0,0,0,0,0),('statement/com/Drop DB',0,0,0,0,0,0,0,0,0,0,0,0,0,0,0,0,0,0,0,0,0,0,0,0,0,0,0,0),('statement/com/Refresh',0,0,0,0,0,0,0,0,0,0,0,0,0,0,0,0,0,0,0,0,0,0,0,0,0,0,0,0),('statement/com/Shutdown',0,0,0,0,0,0,0,0,0,0,0,0,0,0,0,0,0,0,0,0,0,0,0,0,0,0,0,0),('statement/com/Statistics',0,0,0,0,0,0,0,0,0,0,0,0,0,0,0,0,0,0,0,0,0,0,0,0,0,0,0,0),('statement/com/Processlist',0,0,0,0,0,0,0,0,0,0,0,0,0,0,0,0,0,0,0,0,0,0,0,0,0,0,0,0),('statement/com/Connect',0,0,0,0,0,0,0,0,0,0,0,0,0,0,0,0,0,0,0,0,0,0,0,0,0,0,0,0),('statement/com/Kill',0,0,0,0,0,0,0,0,0,0,0,0,0,0,0,0,0,0,0,0,0,0,0,0,0,0,0,0),('statement/com/Debug',0,0,0,0,0,0,0,0,0,0,0,0,0,0,0,0,0,0,0,0,0,0,0,0,0,0,0,0),('statement/com/Ping',0,0,0,0,0,0,0,0,0,0,0,0,0,0,0,0,0,0,0,0,0,0,0,0,0,0,0,0),('statement/com/Time',0,0,0,0,0,0,0,0,0,0,0,0,0,0,0,0,0,0,0,0,0,0,0,0,0,0,0,0),('statement/com/Delayed insert',0,0,0,0,0,0,0,0,0,0,0,0,0,0,0,0,0,0,0,0,0,0,0,0,0,0,0,0),('statement/com/Change user',0,0,0,0,0,0,0,0,0,0,0,0,0,0,0,0,0,0,0,0,0,0,0,0,0,0,0,0),('statement/com/Binlog Dump',0,0,0,0,0,0,0,0,0,0,0,0,0,0,0,0,0,0,0,0,0,0,0,0,0,0,0,0),('statement/com/Table Dump',0,0,0,0,0,0,0,0,0,0,0,0,0,0,0,0,0,0,0,0,0,0,0,0,0,0,0,0),('statement/com/Connect Out',0,0,0,0,0,0,0,0,0,0,0,0,0,0,0,0,0,0,0,0,0,0,0,0,0,0,0,0),('statement/com/Register Replica',0,0,0,0,0,0,0,0,0,0,0,0,0,0,0,0,0,0,0,0,0,0,0,0,0,0,0,0),('statement/com/Prepare',0,0,0,0,0,0,0,0,0,0,0,0,0,0,0,0,0,0,0,0,0,0,0,0,0,0,0,0),('statement/com/Execute',0,0,0,0,0,0,0,0,0,0,0,0,0,0,0,0,0,0,0,0,0,0,0,0,0,0,0,0),('statement/com/Long Data',0,0,0,0,0,0,0,0,0,0,0,0,0,0,0,0,0,0,0,0,0,0,0,0,0,0,0,0),('statement/com/Close stmt',0,0,0,0,0,0,0,0,0,0,0,0,0,0,0,0,0,0,0,0,0,0,0,0,0,0,0,0),('statement/com/Reset stmt',0,0,0,0,0,0,0,0,0,0,0,0,0,0,0,0,0,0,0,0,0,0,0,0,0,0,0,0),('statement/com/Set option',0,0,0,0,0,0,0,0,0,0,0,0,0,0,0,0,0,0,0,0,0,0,0,0,0,0,0,0),('statement/com/Fetch',0,0,0,0,0,0,0,0,0,0,0,0,0,0,0,0,0,0,0,0,0,0,0,0,0,0,0,0),('statement/com/Daemon',0,0,0,0,0,0,0,0,0,0,0,0,0,0,0,0,0,0,0,0,0,0,0,0,0,0,0,0),('statement/com/Binlog Dump GTID',0,0,0,0,0,0,0,0,0,0,0,0,0,0,0,0,0,0,0,0,0,0,0,0,0,0,0,0),('statement/com/Reset Connection',0,0,0,0,0,0,0,0,0,0,0,0,0,0,0,0,0,0,0,0,0,0,0,0,0,0,0,0),('statement/com/Group Replication Data Stream subscription',0,0,0,0,0,0,0,0,0,0,0,0,0,0,0,0,0,0,0,0,0,0,0,0,0,0,0,0),('statement/com/Error',0,0,0,0,0,0,0,0,0,0,0,0,0,0,0,0,0,0,0,0,0,0,0,0,0,0,0,0);

--
-- Table structure for table `events_transactions_current`
--

CREATE TABLE `events_transactions_current` (
  `THREAD_ID` bigint unsigned NOT NULL,
  `EVENT_ID` bigint unsigned NOT NULL,
  `END_EVENT_ID` bigint unsigned DEFAULT NULL,
  `EVENT_NAME` varchar(128) NOT NULL,
  `STATE` enum('ACTIVE','COMMITTED','ROLLED BACK') DEFAULT NULL,
  `TRX_ID` bigint unsigned DEFAULT NULL,
  `GTID` varchar(64) DEFAULT NULL,
  `XID_FORMAT_ID` int DEFAULT NULL,
  `XID_GTRID` varchar(130) DEFAULT NULL,
  `XID_BQUAL` varchar(130) DEFAULT NULL,
  `XA_STATE` varchar(64) DEFAULT NULL,
  `SOURCE` varchar(64) DEFAULT NULL,
  `TIMER_START` bigint unsigned DEFAULT NULL,
  `TIMER_END` bigint unsigned DEFAULT NULL,
  `TIMER_WAIT` bigint unsigned DEFAULT NULL,
  `ACCESS_MODE` enum('READ ONLY','READ WRITE') DEFAULT NULL,
  `ISOLATION_LEVEL` varchar(64) DEFAULT NULL,
  `AUTOCOMMIT` enum('YES','NO') NOT NULL,
  `NUMBER_OF_SAVEPOINTS` bigint unsigned DEFAULT NULL,
  `NUMBER_OF_ROLLBACK_TO_SAVEPOINT` bigint unsigned DEFAULT NULL,
  `NUMBER_OF_RELEASE_SAVEPOINT` bigint unsigned DEFAULT NULL,
  `OBJECT_INSTANCE_BEGIN` bigint unsigned DEFAULT NULL,
  `NESTING_EVENT_ID` bigint unsigned DEFAULT NULL,
  `NESTING_EVENT_TYPE` enum('TRANSACTION','STATEMENT','STAGE','WAIT') DEFAULT NULL,
  PRIMARY KEY (`THREAD_ID`,`EVENT_ID`)
) ENGINE=PERFORMANCE_SCHEMA DEFAULT CHARSET=utf8mb4 COLLATE=utf8mb4_0900_ai_ci;

--
-- Dumping data for table `events_transactions_current`
--

INSERT INTO `events_transactions_current` VALUES (1,23,23,'transaction','COMMITTED',409031262865840,'AUTOMATIC',NULL,NULL,NULL,NULL,'handler.cc:1346',3322520958000,3322539020000,18062000,'READ WRITE','REPEATABLE READ','YES',0,0,0,NULL,NULL,NULL),(37,1,1,'transaction','COMMITTED',409031262865032,'AUTOMATIC',NULL,NULL,NULL,NULL,'handler.cc:1346',3073710241000,3073730384000,20143000,'READ WRITE','REPEATABLE READ','YES',0,0,0,NULL,NULL,NULL),(46,1,1,'transaction','COMMITTED',409031262865840,'AUTOMATIC',NULL,NULL,NULL,NULL,'handler.cc:1346',3330079556000,3330109380000,29824000,'READ WRITE','REPEATABLE READ','YES',0,0,0,NULL,NULL,NULL),(1655855,675,675,'transaction','COMMITTED',409031262866648,'AUTOMATIC',NULL,NULL,NULL,NULL,'handler.cc:1346',6973369715402498000,6973369715866857000,464359000,'READ WRITE','REPEATABLE READ','YES',0,0,0,NULL,674,'STATEMENT');

--
-- Table structure for table `events_transactions_history`
--

CREATE TABLE `events_transactions_history` (
  `THREAD_ID` bigint unsigned NOT NULL,
  `EVENT_ID` bigint unsigned NOT NULL,
  `END_EVENT_ID` bigint unsigned DEFAULT NULL,
  `EVENT_NAME` varchar(128) NOT NULL,
  `STATE` enum('ACTIVE','COMMITTED','ROLLED BACK') DEFAULT NULL,
  `TRX_ID` bigint unsigned DEFAULT NULL,
  `GTID` varchar(64) DEFAULT NULL,
  `XID_FORMAT_ID` int DEFAULT NULL,
  `XID_GTRID` varchar(130) DEFAULT NULL,
  `XID_BQUAL` varchar(130) DEFAULT NULL,
  `XA_STATE` varchar(64) DEFAULT NULL,
  `SOURCE` varchar(64) DEFAULT NULL,
  `TIMER_START` bigint unsigned DEFAULT NULL,
  `TIMER_END` bigint unsigned DEFAULT NULL,
  `TIMER_WAIT` bigint unsigned DEFAULT NULL,
  `ACCESS_MODE` enum('READ ONLY','READ WRITE') DEFAULT NULL,
  `ISOLATION_LEVEL` varchar(64) DEFAULT NULL,
  `AUTOCOMMIT` enum('YES','NO') NOT NULL,
  `NUMBER_OF_SAVEPOINTS` bigint unsigned DEFAULT NULL,
  `NUMBER_OF_ROLLBACK_TO_SAVEPOINT` bigint unsigned DEFAULT NULL,
  `NUMBER_OF_RELEASE_SAVEPOINT` bigint unsigned DEFAULT NULL,
  `OBJECT_INSTANCE_BEGIN` bigint unsigned DEFAULT NULL,
  `NESTING_EVENT_ID` bigint unsigned DEFAULT NULL,
  `NESTING_EVENT_TYPE` enum('TRANSACTION','STATEMENT','STAGE','WAIT') DEFAULT NULL,
  PRIMARY KEY (`THREAD_ID`,`EVENT_ID`)
) ENGINE=PERFORMANCE_SCHEMA DEFAULT CHARSET=utf8mb4 COLLATE=utf8mb4_0900_ai_ci;

--
-- Dumping data for table `events_transactions_history`
--

INSERT INTO `events_transactions_history` VALUES (1,21,21,'transaction','COMMITTED',409031262865840,'AUTOMATIC',NULL,NULL,NULL,NULL,'handler.cc:1346',3321143013000,3321168245000,25232000,'READ WRITE','REPEATABLE READ','YES',0,0,0,NULL,NULL,NULL),(1,22,22,'transaction','COMMITTED',409031262865840,'AUTOMATIC',NULL,NULL,NULL,NULL,'handler.cc:1346',3322265332000,3322285468000,20136000,'READ WRITE','REPEATABLE READ','YES',0,0,0,NULL,NULL,NULL),(1,23,23,'transaction','COMMITTED',409031262865840,'AUTOMATIC',NULL,NULL,NULL,NULL,'handler.cc:1346',3322520958000,3322539020000,18062000,'READ WRITE','REPEATABLE READ','YES',0,0,0,NULL,NULL,NULL),(1,14,14,'transaction','COMMITTED',409031262865840,'AUTOMATIC',NULL,NULL,NULL,NULL,'handler.cc:1346',3292966824000,3293058853000,92029000,'READ WRITE','REPEATABLE READ','NO',0,0,0,NULL,NULL,NULL),(1,15,15,'transaction','COMMITTED',409031262865840,'AUTOMATIC',NULL,NULL,NULL,NULL,'handler.cc:1346',3308536015000,3308543733000,7718000,'READ WRITE','REPEATABLE READ','YES',0,0,0,NULL,NULL,NULL),(1,16,16,'transaction','COMMITTED',409031262865840,'AUTOMATIC',NULL,NULL,NULL,NULL,'handler.cc:1346',3308700428000,3308787048000,86620000,'READ WRITE','REPEATABLE READ','YES',0,0,0,NULL,NULL,NULL),(1,17,17,'transaction','COMMITTED',409031262865840,'AUTOMATIC',NULL,NULL,NULL,NULL,'handler.cc:1346',3308879389000,3309988790000,1109401000,'READ WRITE','REPEATABLE READ','YES',0,0,0,NULL,NULL,NULL),(1,18,18,'transaction','COMMITTED',409031262865840,'AUTOMATIC',NULL,NULL,NULL,NULL,'handler.cc:1346',3314693370000,3314786315000,92945000,'READ WRITE','REPEATABLE READ','YES',0,0,0,NULL,NULL,NULL),(1,19,19,'transaction','COMMITTED',409031262865840,'AUTOMATIC',NULL,NULL,NULL,NULL,'handler.cc:1346',3319584311000,3319622337000,38026000,'READ WRITE','REPEATABLE READ','YES',0,0,0,NULL,NULL,NULL),(1,20,20,'transaction','COMMITTED',409031262865840,'AUTOMATIC',NULL,NULL,NULL,NULL,'handler.cc:1346',3320881048000,3320915303000,34255000,'READ WRITE','REPEATABLE READ','YES',0,0,0,NULL,NULL,NULL),(37,1,1,'transaction','COMMITTED',409031262865032,'AUTOMATIC',NULL,NULL,NULL,NULL,'handler.cc:1346',3073710241000,3073730384000,20143000,'READ WRITE','REPEATABLE READ','YES',0,0,0,NULL,NULL,NULL),(46,1,1,'transaction','COMMITTED',409031262865840,'AUTOMATIC',NULL,NULL,NULL,NULL,'handler.cc:1346',3330079556000,3330109380000,29824000,'READ WRITE','REPEATABLE READ','YES',0,0,0,NULL,NULL,NULL),(1655855,675,675,'transaction','COMMITTED',409031262866648,'AUTOMATIC',NULL,NULL,NULL,NULL,'handler.cc:1346',6973369715402498000,6973369715866857000,464359000,'READ WRITE','REPEATABLE READ','YES',0,0,0,NULL,674,'STATEMENT'),(1655855,681,681,'transaction','COMMITTED',409031262866648,'AUTOMATIC',NULL,NULL,NULL,NULL,'handler.cc:1346',6973369716724448000,6973369717028788000,304340000,'READ WRITE','REPEATABLE READ','YES',0,0,0,NULL,680,'STATEMENT'),(1655855,685,685,'transaction','COMMITTED',409031262866648,'AUTOMATIC',NULL,NULL,NULL,NULL,'handler.cc:1346',6973369717380340000,6973369717442857000,62517000,'READ WRITE','REPEATABLE READ','YES',0,0,0,NULL,684,'STATEMENT'),(1655855,688,688,'transaction','COMMITTED',409031262866648,'AUTOMATIC',NULL,NULL,NULL,NULL,'handler.cc:1346',6973369718132560000,6973369718762337000,629777000,'READ WRITE','REPEATABLE READ','YES',0,0,0,NULL,687,'STATEMENT'),(1655855,694,694,'transaction','COMMITTED',409031262866648,'AUTOMATIC',NULL,NULL,NULL,NULL,'handler.cc:1346',6973369720239718000,6973369720709481000,469763000,'READ WRITE','REPEATABLE READ','YES',0,0,0,NULL,693,'STATEMENT'),(1655855,696,696,'transaction','COMMITTED',409031262866648,'AUTOMATIC',NULL,NULL,NULL,NULL,'handler.cc:1346',6973369721322662000,6973369721785095000,462433000,'READ WRITE','REPEATABLE READ','YES',0,0,0,NULL,695,'STATEMENT'),(1655855,660,660,'transaction','COMMITTED',409031262866648,'AUTOMATIC',NULL,NULL,NULL,NULL,'handler.cc:1346',6973369710816860000,6973369711121099000,304239000,'READ WRITE','REPEATABLE READ','YES',0,0,0,NULL,659,'STATEMENT'),(1655855,664,664,'transaction','COMMITTED',409031262866648,'AUTOMATIC',NULL,NULL,NULL,NULL,'handler.cc:1346',6973369711472883000,6973369711534787000,61904000,'READ WRITE','REPEATABLE READ','YES',0,0,0,NULL,663,'STATEMENT'),(1655855,667,667,'transaction','COMMITTED',409031262866648,'AUTOMATIC',NULL,NULL,NULL,NULL,'handler.cc:1346',6973369712219660000,6973369712848229000,628569000,'READ WRITE','REPEATABLE READ','YES',0,0,0,NULL,666,'STATEMENT'),(1655855,673,673,'transaction','COMMITTED',409031262866648,'AUTOMATIC',NULL,NULL,NULL,NULL,'handler.cc:1346',6973369714318171000,6973369714787950000,469779000,'READ WRITE','REPEATABLE READ','YES',0,0,0,NULL,672,'STATEMENT');

--
-- Table structure for table `events_transactions_history_long`
--

CREATE TABLE `events_transactions_history_long` (
  `THREAD_ID` bigint unsigned NOT NULL,
  `EVENT_ID` bigint unsigned NOT NULL,
  `END_EVENT_ID` bigint unsigned DEFAULT NULL,
  `EVENT_NAME` varchar(128) NOT NULL,
  `STATE` enum('ACTIVE','COMMITTED','ROLLED BACK') DEFAULT NULL,
  `TRX_ID` bigint unsigned DEFAULT NULL,
  `GTID` varchar(64) DEFAULT NULL,
  `XID_FORMAT_ID` int DEFAULT NULL,
  `XID_GTRID` varchar(130) DEFAULT NULL,
  `XID_BQUAL` varchar(130) DEFAULT NULL,
  `XA_STATE` varchar(64) DEFAULT NULL,
  `SOURCE` varchar(64) DEFAULT NULL,
  `TIMER_START` bigint unsigned DEFAULT NULL,
  `TIMER_END` bigint unsigned DEFAULT NULL,
  `TIMER_WAIT` bigint unsigned DEFAULT NULL,
  `ACCESS_MODE` enum('READ ONLY','READ WRITE') DEFAULT NULL,
  `ISOLATION_LEVEL` varchar(64) DEFAULT NULL,
  `AUTOCOMMIT` enum('YES','NO') NOT NULL,
  `NUMBER_OF_SAVEPOINTS` bigint unsigned DEFAULT NULL,
  `NUMBER_OF_ROLLBACK_TO_SAVEPOINT` bigint unsigned DEFAULT NULL,
  `NUMBER_OF_RELEASE_SAVEPOINT` bigint unsigned DEFAULT NULL,
  `OBJECT_INSTANCE_BEGIN` bigint unsigned DEFAULT NULL,
  `NESTING_EVENT_ID` bigint unsigned DEFAULT NULL,
  `NESTING_EVENT_TYPE` enum('TRANSACTION','STATEMENT','STAGE','WAIT') DEFAULT NULL
) ENGINE=PERFORMANCE_SCHEMA DEFAULT CHARSET=utf8mb4 COLLATE=utf8mb4_0900_ai_ci;

--
-- Dumping data for table `events_transactions_history_long`
--


--
-- Table structure for table `events_transactions_summary_by_account_by_event_name`
--

CREATE TABLE `events_transactions_summary_by_account_by_event_name` (
  `USER` char(32) CHARACTER SET utf8mb4 COLLATE utf8mb4_bin DEFAULT NULL,
  `HOST` char(255) CHARACTER SET ascii COLLATE ascii_general_ci DEFAULT NULL,
  `EVENT_NAME` varchar(128) NOT NULL,
  `COUNT_STAR` bigint unsigned NOT NULL,
  `SUM_TIMER_WAIT` bigint unsigned NOT NULL,
  `MIN_TIMER_WAIT` bigint unsigned NOT NULL,
  `AVG_TIMER_WAIT` bigint unsigned NOT NULL,
  `MAX_TIMER_WAIT` bigint unsigned NOT NULL,
  `COUNT_READ_WRITE` bigint unsigned NOT NULL,
  `SUM_TIMER_READ_WRITE` bigint unsigned NOT NULL,
  `MIN_TIMER_READ_WRITE` bigint unsigned NOT NULL,
  `AVG_TIMER_READ_WRITE` bigint unsigned NOT NULL,
  `MAX_TIMER_READ_WRITE` bigint unsigned NOT NULL,
  `COUNT_READ_ONLY` bigint unsigned NOT NULL,
  `SUM_TIMER_READ_ONLY` bigint unsigned NOT NULL,
  `MIN_TIMER_READ_ONLY` bigint unsigned NOT NULL,
  `AVG_TIMER_READ_ONLY` bigint unsigned NOT NULL,
  `MAX_TIMER_READ_ONLY` bigint unsigned NOT NULL,
  UNIQUE KEY `ACCOUNT` (`USER`,`HOST`,`EVENT_NAME`)
) ENGINE=PERFORMANCE_SCHEMA DEFAULT CHARSET=utf8mb4 COLLATE=utf8mb4_0900_ai_ci;

--
-- Dumping data for table `events_transactions_summary_by_account_by_event_name`
--

INSERT INTO `events_transactions_summary_by_account_by_event_name` VALUES (NULL,NULL,'transaction',26,164296292000,7718000,6319088000,95557517000,26,164296292000,7718000,6319088000,95557517000,0,0,0,0,0),('event_scheduler','localhost','transaction',0,0,0,0,0,0,0,0,0,0,0,0,0,0,0),('oc_ucr','localhost','transaction',44236291,11159840088032000,24445000,252277000,1255463668000,44236291,11159840088032000,24445000,252277000,1255463668000,0,0,0,0,0),('root','localhost','transaction',128382,105959365761000,12272000,825344000,707503788000,128382,105959365761000,12272000,825344000,707503788000,0,0,0,0,0);

--
-- Table structure for table `events_transactions_summary_by_host_by_event_name`
--

CREATE TABLE `events_transactions_summary_by_host_by_event_name` (
  `HOST` char(255) CHARACTER SET ascii COLLATE ascii_general_ci DEFAULT NULL,
  `EVENT_NAME` varchar(128) NOT NULL,
  `COUNT_STAR` bigint unsigned NOT NULL,
  `SUM_TIMER_WAIT` bigint unsigned NOT NULL,
  `MIN_TIMER_WAIT` bigint unsigned NOT NULL,
  `AVG_TIMER_WAIT` bigint unsigned NOT NULL,
  `MAX_TIMER_WAIT` bigint unsigned NOT NULL,
  `COUNT_READ_WRITE` bigint unsigned NOT NULL,
  `SUM_TIMER_READ_WRITE` bigint unsigned NOT NULL,
  `MIN_TIMER_READ_WRITE` bigint unsigned NOT NULL,
  `AVG_TIMER_READ_WRITE` bigint unsigned NOT NULL,
  `MAX_TIMER_READ_WRITE` bigint unsigned NOT NULL,
  `COUNT_READ_ONLY` bigint unsigned NOT NULL,
  `SUM_TIMER_READ_ONLY` bigint unsigned NOT NULL,
  `MIN_TIMER_READ_ONLY` bigint unsigned NOT NULL,
  `AVG_TIMER_READ_ONLY` bigint unsigned NOT NULL,
  `MAX_TIMER_READ_ONLY` bigint unsigned NOT NULL,
  UNIQUE KEY `HOST` (`HOST`,`EVENT_NAME`)
) ENGINE=PERFORMANCE_SCHEMA DEFAULT CHARSET=utf8mb4 COLLATE=utf8mb4_0900_ai_ci;

--
-- Dumping data for table `events_transactions_summary_by_host_by_event_name`
--

INSERT INTO `events_transactions_summary_by_host_by_event_name` VALUES (NULL,'transaction',26,164296292000,7718000,6319088000,95557517000,26,164296292000,7718000,6319088000,95557517000,0,0,0,0,0),('localhost','transaction',44364678,11265801258426000,12272000,253936000,1255463668000,44364678,11265801258426000,12272000,253936000,1255463668000,0,0,0,0,0);

--
-- Table structure for table `events_transactions_summary_by_thread_by_event_name`
--

CREATE TABLE `events_transactions_summary_by_thread_by_event_name` (
  `THREAD_ID` bigint unsigned NOT NULL,
  `EVENT_NAME` varchar(128) NOT NULL,
  `COUNT_STAR` bigint unsigned NOT NULL,
  `SUM_TIMER_WAIT` bigint unsigned NOT NULL,
  `MIN_TIMER_WAIT` bigint unsigned NOT NULL,
  `AVG_TIMER_WAIT` bigint unsigned NOT NULL,
  `MAX_TIMER_WAIT` bigint unsigned NOT NULL,
  `COUNT_READ_WRITE` bigint unsigned NOT NULL,
  `SUM_TIMER_READ_WRITE` bigint unsigned NOT NULL,
  `MIN_TIMER_READ_WRITE` bigint unsigned NOT NULL,
  `AVG_TIMER_READ_WRITE` bigint unsigned NOT NULL,
  `MAX_TIMER_READ_WRITE` bigint unsigned NOT NULL,
  `COUNT_READ_ONLY` bigint unsigned NOT NULL,
  `SUM_TIMER_READ_ONLY` bigint unsigned NOT NULL,
  `MIN_TIMER_READ_ONLY` bigint unsigned NOT NULL,
  `AVG_TIMER_READ_ONLY` bigint unsigned NOT NULL,
  `MAX_TIMER_READ_ONLY` bigint unsigned NOT NULL,
  PRIMARY KEY (`THREAD_ID`,`EVENT_NAME`)
) ENGINE=PERFORMANCE_SCHEMA DEFAULT CHARSET=utf8mb4 COLLATE=utf8mb4_0900_ai_ci;

--
-- Dumping data for table `events_transactions_summary_by_thread_by_event_name`
--

INSERT INTO `events_transactions_summary_by_thread_by_event_name` VALUES (1,'transaction',23,68688808000,7718000,2986469000,19051830000,23,68688808000,7718000,2986469000,19051830000,0,0,0,0,0),(3,'transaction',0,0,0,0,0,0,0,0,0,0,0,0,0,0,0),(4,'transaction',0,0,0,0,0,0,0,0,0,0,0,0,0,0,0),(5,'transaction',0,0,0,0,0,0,0,0,0,0,0,0,0,0,0),(6,'transaction',0,0,0,0,0,0,0,0,0,0,0,0,0,0,0),(7,'transaction',0,0,0,0,0,0,0,0,0,0,0,0,0,0,0),(8,'transaction',0,0,0,0,0,0,0,0,0,0,0,0,0,0,0),(9,'transaction',0,0,0,0,0,0,0,0,0,0,0,0,0,0,0),(10,'transaction',0,0,0,0,0,0,0,0,0,0,0,0,0,0,0),(11,'transaction',0,0,0,0,0,0,0,0,0,0,0,0,0,0,0),(12,'transaction',0,0,0,0,0,0,0,0,0,0,0,0,0,0,0),(13,'transaction',0,0,0,0,0,0,0,0,0,0,0,0,0,0,0),(14,'transaction',0,0,0,0,0,0,0,0,0,0,0,0,0,0,0),(15,'transaction',0,0,0,0,0,0,0,0,0,0,0,0,0,0,0),(16,'transaction',0,0,0,0,0,0,0,0,0,0,0,0,0,0,0),(17,'transaction',0,0,0,0,0,0,0,0,0,0,0,0,0,0,0),(18,'transaction',0,0,0,0,0,0,0,0,0,0,0,0,0,0,0),(23,'transaction',0,0,0,0,0,0,0,0,0,0,0,0,0,0,0),(24,'transaction',0,0,0,0,0,0,0,0,0,0,0,0,0,0,0),(25,'transaction',0,0,0,0,0,0,0,0,0,0,0,0,0,0,0),(26,'transaction',0,0,0,0,0,0,0,0,0,0,0,0,0,0,0),(27,'transaction',0,0,0,0,0,0,0,0,0,0,0,0,0,0,0),(28,'transaction',0,0,0,0,0,0,0,0,0,0,0,0,0,0,0),(29,'transaction',0,0,0,0,0,0,0,0,0,0,0,0,0,0,0),(30,'transaction',0,0,0,0,0,0,0,0,0,0,0,0,0,0,0),(31,'transaction',0,0,0,0,0,0,0,0,0,0,0,0,0,0,0),(32,'transaction',0,0,0,0,0,0,0,0,0,0,0,0,0,0,0),(36,'transaction',0,0,0,0,0,0,0,0,0,0,0,0,0,0,0),(37,'transaction',1,20143000,20143000,20143000,20143000,1,20143000,20143000,20143000,20143000,0,0,0,0,0),(38,'transaction',0,0,0,0,0,0,0,0,0,0,0,0,0,0,0),(39,'transaction',0,0,0,0,0,0,0,0,0,0,0,0,0,0,0),(40,'transaction',0,0,0,0,0,0,0,0,0,0,0,0,0,0,0),(41,'transaction',0,0,0,0,0,0,0,0,0,0,0,0,0,0,0),(42,'transaction',0,0,0,0,0,0,0,0,0,0,0,0,0,0,0),(43,'transaction',0,0,0,0,0,0,0,0,0,0,0,0,0,0,0),(44,'transaction',0,0,0,0,0,0,0,0,0,0,0,0,0,0,0),(46,'transaction',1,29824000,29824000,29824000,29824000,1,29824000,29824000,29824000,29824000,0,0,0,0,0),(1655855,'transaction',186,83415673000,61726000,448471000,1878940000,186,83415673000,61726000,448471000,1878940000,0,0,0,0,0);

--
-- Table structure for table `events_transactions_summary_by_user_by_event_name`
--

CREATE TABLE `events_transactions_summary_by_user_by_event_name` (
  `USER` char(32) CHARACTER SET utf8mb4 COLLATE utf8mb4_bin DEFAULT NULL,
  `EVENT_NAME` varchar(128) NOT NULL,
  `COUNT_STAR` bigint unsigned NOT NULL,
  `SUM_TIMER_WAIT` bigint unsigned NOT NULL,
  `MIN_TIMER_WAIT` bigint unsigned NOT NULL,
  `AVG_TIMER_WAIT` bigint unsigned NOT NULL,
  `MAX_TIMER_WAIT` bigint unsigned NOT NULL,
  `COUNT_READ_WRITE` bigint unsigned NOT NULL,
  `SUM_TIMER_READ_WRITE` bigint unsigned NOT NULL,
  `MIN_TIMER_READ_WRITE` bigint unsigned NOT NULL,
  `AVG_TIMER_READ_WRITE` bigint unsigned NOT NULL,
  `MAX_TIMER_READ_WRITE` bigint unsigned NOT NULL,
  `COUNT_READ_ONLY` bigint unsigned NOT NULL,
  `SUM_TIMER_READ_ONLY` bigint unsigned NOT NULL,
  `MIN_TIMER_READ_ONLY` bigint unsigned NOT NULL,
  `AVG_TIMER_READ_ONLY` bigint unsigned NOT NULL,
  `MAX_TIMER_READ_ONLY` bigint unsigned NOT NULL,
  UNIQUE KEY `USER` (`USER`,`EVENT_NAME`)
) ENGINE=PERFORMANCE_SCHEMA DEFAULT CHARSET=utf8mb4 COLLATE=utf8mb4_0900_ai_ci;

--
-- Dumping data for table `events_transactions_summary_by_user_by_event_name`
--

INSERT INTO `events_transactions_summary_by_user_by_event_name` VALUES (NULL,'transaction',26,164296292000,7718000,6319088000,95557517000,26,164296292000,7718000,6319088000,95557517000,0,0,0,0,0),('event_scheduler','transaction',0,0,0,0,0,0,0,0,0,0,0,0,0,0,0),('oc_ucr','transaction',44236291,11159840088032000,24445000,252277000,1255463668000,44236291,11159840088032000,24445000,252277000,1255463668000,0,0,0,0,0),('root','transaction',128397,105964848147000,12272000,825290000,707503788000,128397,105964848147000,12272000,825290000,707503788000,0,0,0,0,0);

--
-- Table structure for table `events_transactions_summary_global_by_event_name`
--

CREATE TABLE `events_transactions_summary_global_by_event_name` (
  `EVENT_NAME` varchar(128) NOT NULL,
  `COUNT_STAR` bigint unsigned NOT NULL,
  `SUM_TIMER_WAIT` bigint unsigned NOT NULL,
  `MIN_TIMER_WAIT` bigint unsigned NOT NULL,
  `AVG_TIMER_WAIT` bigint unsigned NOT NULL,
  `MAX_TIMER_WAIT` bigint unsigned NOT NULL,
  `COUNT_READ_WRITE` bigint unsigned NOT NULL,
  `SUM_TIMER_READ_WRITE` bigint unsigned NOT NULL,
  `MIN_TIMER_READ_WRITE` bigint unsigned NOT NULL,
  `AVG_TIMER_READ_WRITE` bigint unsigned NOT NULL,
  `MAX_TIMER_READ_WRITE` bigint unsigned NOT NULL,
  `COUNT_READ_ONLY` bigint unsigned NOT NULL,
  `SUM_TIMER_READ_ONLY` bigint unsigned NOT NULL,
  `MIN_TIMER_READ_ONLY` bigint unsigned NOT NULL,
  `AVG_TIMER_READ_ONLY` bigint unsigned NOT NULL,
  `MAX_TIMER_READ_ONLY` bigint unsigned NOT NULL,
  PRIMARY KEY (`EVENT_NAME`)
) ENGINE=PERFORMANCE_SCHEMA DEFAULT CHARSET=utf8mb4 COLLATE=utf8mb4_0900_ai_ci;

--
-- Dumping data for table `events_transactions_summary_global_by_event_name`
--

INSERT INTO `events_transactions_summary_global_by_event_name` VALUES ('transaction',44364719,11265971036511000,7718000,253939000,1255463668000,44364719,11265971036511000,7718000,253939000,1255463668000,0,0,0,0,0);

--
-- Table structure for table `events_waits_current`
--

CREATE TABLE `events_waits_current` (
  `THREAD_ID` bigint unsigned NOT NULL,
  `EVENT_ID` bigint unsigned NOT NULL,
  `END_EVENT_ID` bigint unsigned DEFAULT NULL,
  `EVENT_NAME` varchar(128) NOT NULL,
  `SOURCE` varchar(64) DEFAULT NULL,
  `TIMER_START` bigint unsigned DEFAULT NULL,
  `TIMER_END` bigint unsigned DEFAULT NULL,
  `TIMER_WAIT` bigint unsigned DEFAULT NULL,
  `SPINS` int unsigned DEFAULT NULL,
  `OBJECT_SCHEMA` varchar(64) DEFAULT NULL,
  `OBJECT_NAME` varchar(512) DEFAULT NULL,
  `INDEX_NAME` varchar(64) DEFAULT NULL,
  `OBJECT_TYPE` varchar(64) DEFAULT NULL,
  `OBJECT_INSTANCE_BEGIN` bigint unsigned NOT NULL,
  `NESTING_EVENT_ID` bigint unsigned DEFAULT NULL,
  `NESTING_EVENT_TYPE` enum('TRANSACTION','STATEMENT','STAGE','WAIT') DEFAULT NULL,
  `OPERATION` varchar(32) NOT NULL,
  `NUMBER_OF_BYTES` bigint DEFAULT NULL,
  `FLAGS` int unsigned DEFAULT NULL,
  PRIMARY KEY (`THREAD_ID`,`EVENT_ID`)
) ENGINE=PERFORMANCE_SCHEMA DEFAULT CHARSET=utf8mb4 COLLATE=utf8mb4_0900_ai_ci;

--
-- Dumping data for table `events_waits_current`
--


--
-- Table structure for table `events_waits_history`
--

CREATE TABLE `events_waits_history` (
  `THREAD_ID` bigint unsigned NOT NULL,
  `EVENT_ID` bigint unsigned NOT NULL,
  `END_EVENT_ID` bigint unsigned DEFAULT NULL,
  `EVENT_NAME` varchar(128) NOT NULL,
  `SOURCE` varchar(64) DEFAULT NULL,
  `TIMER_START` bigint unsigned DEFAULT NULL,
  `TIMER_END` bigint unsigned DEFAULT NULL,
  `TIMER_WAIT` bigint unsigned DEFAULT NULL,
  `SPINS` int unsigned DEFAULT NULL,
  `OBJECT_SCHEMA` varchar(64) DEFAULT NULL,
  `OBJECT_NAME` varchar(512) DEFAULT NULL,
  `INDEX_NAME` varchar(64) DEFAULT NULL,
  `OBJECT_TYPE` varchar(64) DEFAULT NULL,
  `OBJECT_INSTANCE_BEGIN` bigint unsigned NOT NULL,
  `NESTING_EVENT_ID` bigint unsigned DEFAULT NULL,
  `NESTING_EVENT_TYPE` enum('TRANSACTION','STATEMENT','STAGE','WAIT') DEFAULT NULL,
  `OPERATION` varchar(32) NOT NULL,
  `NUMBER_OF_BYTES` bigint DEFAULT NULL,
  `FLAGS` int unsigned DEFAULT NULL,
  PRIMARY KEY (`THREAD_ID`,`EVENT_ID`)
) ENGINE=PERFORMANCE_SCHEMA DEFAULT CHARSET=utf8mb4 COLLATE=utf8mb4_0900_ai_ci;

--
-- Dumping data for table `events_waits_history`
--


--
-- Table structure for table `events_waits_history_long`
--

CREATE TABLE `events_waits_history_long` (
  `THREAD_ID` bigint unsigned NOT NULL,
  `EVENT_ID` bigint unsigned NOT NULL,
  `END_EVENT_ID` bigint unsigned DEFAULT NULL,
  `EVENT_NAME` varchar(128) NOT NULL,
  `SOURCE` varchar(64) DEFAULT NULL,
  `TIMER_START` bigint unsigned DEFAULT NULL,
  `TIMER_END` bigint unsigned DEFAULT NULL,
  `TIMER_WAIT` bigint unsigned DEFAULT NULL,
  `SPINS` int unsigned DEFAULT NULL,
  `OBJECT_SCHEMA` varchar(64) DEFAULT NULL,
  `OBJECT_NAME` varchar(512) DEFAULT NULL,
  `INDEX_NAME` varchar(64) DEFAULT NULL,
  `OBJECT_TYPE` varchar(64) DEFAULT NULL,
  `OBJECT_INSTANCE_BEGIN` bigint unsigned NOT NULL,
  `NESTING_EVENT_ID` bigint unsigned DEFAULT NULL,
  `NESTING_EVENT_TYPE` enum('TRANSACTION','STATEMENT','STAGE','WAIT') DEFAULT NULL,
  `OPERATION` varchar(32) NOT NULL,
  `NUMBER_OF_BYTES` bigint DEFAULT NULL,
  `FLAGS` int unsigned DEFAULT NULL
) ENGINE=PERFORMANCE_SCHEMA DEFAULT CHARSET=utf8mb4 COLLATE=utf8mb4_0900_ai_ci;

--
-- Dumping data for table `events_waits_history_long`
--


--
-- Table structure for table `events_waits_summary_by_account_by_event_name`
--

CREATE TABLE `events_waits_summary_by_account_by_event_name` (
  `USER` char(32) CHARACTER SET utf8mb4 COLLATE utf8mb4_bin DEFAULT NULL,
  `HOST` char(255) CHARACTER SET ascii COLLATE ascii_general_ci DEFAULT NULL,
  `EVENT_NAME` varchar(128) NOT NULL,
  `COUNT_STAR` bigint unsigned NOT NULL,
  `SUM_TIMER_WAIT` bigint unsigned NOT NULL,
  `MIN_TIMER_WAIT` bigint unsigned NOT NULL,
  `AVG_TIMER_WAIT` bigint unsigned NOT NULL,
  `MAX_TIMER_WAIT` bigint unsigned NOT NULL,
  UNIQUE KEY `ACCOUNT` (`USER`,`HOST`,`EVENT_NAME`)
) ENGINE=PERFORMANCE_SCHEMA DEFAULT CHARSET=utf8mb4 COLLATE=utf8mb4_0900_ai_ci;

--
-- Dumping data for table `events_waits_summary_by_account_by_event_name`
--

INSERT INTO `events_waits_summary_by_account_by_event_name` VALUES (NULL,NULL,'wait/synch/mutex/pfs/LOCK_pfs_share_list',0,0,0,0,0),(NULL,NULL,'wait/synch/mutex/pfs/LOCK_pfs_tracing_callback',0,0,0,0,0),(NULL,NULL,'wait/synch/mutex/sql/TC_LOG_MMAP::LOCK_tc',0,0,0,0,0),(NULL,NULL,'wait/synch/mutex/sql/MYSQL_BIN_LOG::LOCK_commit',0,0,0,0,0),(NULL,NULL,'wait/synch/mutex/sql/MYSQL_BIN_LOG::LOCK_commit_queue',0,0,0,0,0),(NULL,NULL,'wait/synch/mutex/sql/MYSQL_BIN_LOG::LOCK_done',0,0,0,0,0),(NULL,NULL,'wait/synch/mutex/sql/MYSQL_BIN_LOG::LOCK_flush_queue',0,0,0,0,0),(NULL,NULL,'wait/synch/mutex/sql/MYSQL_BIN_LOG::LOCK_index',0,0,0,0,0),(NULL,NULL,'wait/synch/mutex/sql/MYSQL_BIN_LOG::LOCK_log',0,0,0,0,0),(NULL,NULL,'wait/synch/mutex/sql/MYSQL_BIN_LOG::LOCK_binlog_end_pos',0,0,0,0,0),(NULL,NULL,'wait/synch/mutex/sql/MYSQL_BIN_LOG::LOCK_sync',0,0,0,0,0),(NULL,NULL,'wait/synch/mutex/sql/MYSQL_BIN_LOG::LOCK_sync_queue',0,0,0,0,0),(NULL,NULL,'wait/synch/mutex/sql/MYSQL_BIN_LOG::LOCK_xids',0,0,0,0,0),(NULL,NULL,'wait/synch/mutex/sql/MYSQL_BIN_LOG::LOCK_wait_for_group_turn',0,0,0,0,0),(NULL,NULL,'wait/synch/mutex/sql/MYSQL_BIN_LOG::LOCK_after_commit',0,0,0,0,0),(NULL,NULL,'wait/synch/mutex/sql/MYSQL_BIN_LOG::LOCK_after_commit_queue',0,0,0,0,0),(NULL,NULL,'wait/synch/mutex/sql/MYSQL_RELAY_LOG::LOCK_commit',0,0,0,0,0),(NULL,NULL,'wait/synch/mutex/sql/MYSQL_RELAY_LOG::LOCK_index',0,0,0,0,0),(NULL,NULL,'wait/synch/mutex/sql/MYSQL_RELAY_LOG::LOCK_log',0,0,0,0,0),(NULL,NULL,'wait/synch/mutex/sql/MYSQL_RELAY_LOG::LOCK_log_end_pos',0,0,0,0,0),(NULL,NULL,'wait/synch/mutex/sql/MYSQL_RELAY_LOG::LOCK_sync',0,0,0,0,0),(NULL,NULL,'wait/synch/mutex/sql/MYSQL_RELAY_LOG::LOCK_xids',0,0,0,0,0),(NULL,NULL,'wait/synch/mutex/sql/hash_filo::lock',0,0,0,0,0),(NULL,NULL,'wait/synch/mutex/sql/Gtid_set::gtid_executed::free_intervals_mutex',0,0,0,0,0),(NULL,NULL,'wait/synch/mutex/sql/LOCK_crypt',0,0,0,0,0),(NULL,NULL,'wait/synch/mutex/sql/LOCK_error_log',0,0,0,0,0),(NULL,NULL,'wait/synch/mutex/sql/LOCK_global_system_variables',0,0,0,0,0),(NULL,NULL,'wait/synch/mutex/sql/LOCK_manager',0,0,0,0,0),(NULL,NULL,'wait/synch/mutex/sql/LOCK_prepared_stmt_count',0,0,0,0,0),(NULL,NULL,'wait/synch/mutex/sql/LOCK_replica_list',0,0,0,0,0),(NULL,NULL,'wait/synch/mutex/sql/LOCK_sql_replica_skip_counter',0,0,0,0,0),(NULL,NULL,'wait/synch/mutex/sql/LOCK_replica_net_timeout',0,0,0,0,0),(NULL,NULL,'wait/synch/mutex/sql/LOCK_replica_trans_dep_tracker',0,0,0,0,0),(NULL,NULL,'wait/synch/mutex/sql/LOCK_server_started',0,0,0,0,0),(NULL,NULL,'wait/synch/mutex/sql/LOCK_socket_listener_active',0,0,0,0,0),(NULL,NULL,'wait/synch/mutex/sql/LOCK_start_signal_handler',0,0,0,0,0),(NULL,NULL,'wait/synch/mutex/sql/LOCK_status',0,0,0,0,0),(NULL,NULL,'wait/synch/mutex/sql/THD::LOCK_thd_data',0,0,0,0,0),(NULL,NULL,'wait/synch/mutex/sql/THD::LOCK_thd_query',0,0,0,0,0),(NULL,NULL,'wait/synch/mutex/sql/THD::LOCK_thd_sysvar',0,0,0,0,0),(NULL,NULL,'wait/synch/mutex/sql/THD::LOCK_thd_protocol',0,0,0,0,0),(NULL,NULL,'wait/synch/mutex/sql/THD::LOCK_thd_security_ctx',0,0,0,0,0),(NULL,NULL,'wait/synch/mutex/sql/LOCK_user_conn',0,0,0,0,0),(NULL,NULL,'wait/synch/mutex/sql/LOCK_uuid_generator',0,0,0,0,0),(NULL,NULL,'wait/synch/mutex/sql/LOCK_sql_rand',0,0,0,0,0),(NULL,NULL,'wait/synch/mutex/sql/LOG::LOCK_log',0,0,0,0,0),(NULL,NULL,'wait/synch/mutex/sql/Source_info::data_lock',0,0,0,0,0),(NULL,NULL,'wait/synch/mutex/sql/Source_info::run_lock',0,0,0,0,0),(NULL,NULL,'wait/synch/mutex/sql/Source_info::sleep_lock',0,0,0,0,0),(NULL,NULL,'wait/synch/mutex/sql/Source_info::info_thd_lock',0,0,0,0,0),(NULL,NULL,'wait/synch/mutex/sql/Source_info::rotate_lock',0,0,0,0,0),(NULL,NULL,'wait/synch/mutex/sql/Replica_reporting_capability::err_lock',0,0,0,0,0),(NULL,NULL,'wait/synch/mutex/sql/Relay_log_info::data_lock',0,0,0,0,0),(NULL,NULL,'wait/synch/mutex/sql/Relay_log_info::sleep_lock',0,0,0,0,0),(NULL,NULL,'wait/synch/mutex/sql/Relay_log_info::info_thd_lock',0,0,0,0,0),(NULL,NULL,'wait/synch/mutex/sql/Relay_log_info::log_space_lock',0,0,0,0,0),(NULL,NULL,'wait/synch/mutex/sql/Relay_log_info::run_lock',0,0,0,0,0),(NULL,NULL,'wait/synch/mutex/sql/Relay_log_info::pending_jobs_lock',0,0,0,0,0),(NULL,NULL,'wait/synch/mutex/sql/Relay_log_info::exit_count_lock',0,0,0,0,0),(NULL,NULL,'wait/synch/mutex/sql/Worker_info::jobs_lock',0,0,0,0,0),(NULL,NULL,'wait/synch/mutex/sql/TABLE_SHARE::LOCK_ha_data',0,0,0,0,0),(NULL,NULL,'wait/synch/mutex/sql/LOCK_error_messages',0,0,0,0,0),(NULL,NULL,'wait/synch/mutex/sql/LOCK_log_throttle_qni',0,0,0,0,0),(NULL,NULL,'wait/synch/mutex/sql/Gtid_state',0,0,0,0,0),(NULL,NULL,'wait/synch/mutex/sql/THD::LOCK_query_plan',0,0,0,0,0),(NULL,NULL,'wait/synch/mutex/sql/Cost_constant_cache::LOCK_cost_const',0,0,0,0,0),(NULL,NULL,'wait/synch/mutex/sql/THD::LOCK_current_cond',0,0,0,0,0),(NULL,NULL,'wait/synch/mutex/sql/key_mta_temp_table_LOCK',0,0,0,0,0),(NULL,NULL,'wait/synch/mutex/sql/LOCK_reset_gtid_table',0,0,0,0,0),(NULL,NULL,'wait/synch/mutex/sql/LOCK_compress_gtid_table',0,0,0,0,0),(NULL,NULL,'wait/synch/mutex/sql/LOCK_collect_instance_log',0,0,0,0,0),(NULL,NULL,'wait/synch/mutex/sql/key_mta_gaq_LOCK',0,0,0,0,0),(NULL,NULL,'wait/synch/mutex/sql/thd_timer_mutex',0,0,0,0,0),(NULL,NULL,'wait/synch/mutex/sql/Commit_order_manager::m_mutex',0,0,0,0,0),(NULL,NULL,'wait/synch/mutex/sql/Relay_log_info::replica_worker_hash_lock',0,0,0,0,0),(NULL,NULL,'wait/synch/mutex/sql/LOCK_default_password_lifetime',0,0,0,0,0),(NULL,NULL,'wait/synch/mutex/sql/LOCK_mandatory_roles',0,0,0,0,0),(NULL,NULL,'wait/synch/mutex/sql/LOCK_password_history',0,0,0,0,0),(NULL,NULL,'wait/synch/mutex/sql/LOCK_password_reuse_interval',0,0,0,0,0),(NULL,NULL,'wait/synch/mutex/sql/LOCK_keyring_operations',0,0,0,0,0),(NULL,NULL,'wait/synch/mutex/sql/LOCK_tls_ctx_options',0,0,0,0,0),(NULL,NULL,'wait/synch/mutex/sql/LOCK_admin_tls_ctx_options',0,0,0,0,0),(NULL,NULL,'wait/synch/mutex/sql/LOCK_rotate_binlog_master_key',0,0,0,0,0),(NULL,NULL,'wait/synch/mutex/sql/Source_IO_monitor::run_lock',0,0,0,0,0),(NULL,NULL,'wait/synch/mutex/sql/LOCK_delegate_connection_mutex',0,0,0,0,0),(NULL,NULL,'wait/synch/mutex/sql/LOCK_group_replication_connection_mutex',0,0,0,0,0),(NULL,NULL,'wait/synch/mutex/sql/LOCK_authentication_policy',0,0,0,0,0),(NULL,NULL,'wait/synch/mutex/sql/LOCK_global_conn_mem_limit',0,0,0,0,0),(NULL,NULL,'wait/synch/mutex/mysys/IO_CACHE::append_buffer_lock',0,0,0,0,0),(NULL,NULL,'wait/synch/mutex/mysys/IO_CACHE::SHARE_mutex',0,0,0,0,0),(NULL,NULL,'wait/synch/mutex/mysys/KEY_CACHE::cache_lock',0,0,0,0,0),(NULL,NULL,'wait/synch/mutex/mysys/THR_LOCK_charset',0,0,0,0,0),(NULL,NULL,'wait/synch/mutex/mysys/THR_LOCK_heap',0,0,0,0,0),(NULL,NULL,'wait/synch/mutex/mysys/THR_LOCK_lock',0,0,0,0,0),(NULL,NULL,'wait/synch/mutex/mysys/THR_LOCK_malloc',0,0,0,0,0),(NULL,NULL,'wait/synch/mutex/mysys/THR_LOCK::mutex',0,0,0,0,0),(NULL,NULL,'wait/synch/mutex/mysys/THR_LOCK_myisam',0,0,0,0,0),(NULL,NULL,'wait/synch/mutex/mysys/THR_LOCK_net',0,0,0,0,0),(NULL,NULL,'wait/synch/mutex/mysys/THR_LOCK_open',0,0,0,0,0),(NULL,NULL,'wait/synch/mutex/mysys/THR_LOCK_threads',0,0,0,0,0),(NULL,NULL,'wait/synch/mutex/mysys/TMPDIR_mutex',0,0,0,0,0),(NULL,NULL,'wait/synch/mutex/mysys/THR_LOCK_myisam_mmap',0,0,0,0,0),(NULL,NULL,'wait/synch/mutex/sql/LOCK_audit_mask',0,0,0,0,0),(NULL,NULL,'wait/synch/mutex/session/LOCK_srv_session_threads',0,0,0,0,0),(NULL,NULL,'wait/synch/mutex/sql/LOCK_event_queue',0,0,0,0,0),(NULL,NULL,'wait/synch/mutex/sql/Event_scheduler::LOCK_scheduler_state',0,0,0,0,0),(NULL,NULL,'wait/synch/mutex/sql/LOCK_thread_cache',0,0,0,0,0),(NULL,NULL,'wait/synch/mutex/sql/LOCK_connection_count',0,0,0,0,0),(NULL,NULL,'wait/synch/mutex/sql/LOCK_thd_list',0,0,0,0,0),(NULL,NULL,'wait/synch/mutex/sql/LOCK_thd_remove',0,0,0,0,0),(NULL,NULL,'wait/synch/mutex/sql/LOCK_thread_ids',0,0,0,0,0),(NULL,NULL,'wait/synch/mutex/sql/LOCK_load_client_plugin',0,0,0,0,0),(NULL,NULL,'wait/synch/mutex/sql/LOCK_item_func_sleep',0,0,0,0,0),(NULL,NULL,'wait/synch/mutex/sql/MDL_wait::LOCK_wait_status',0,0,0,0,0),(NULL,NULL,'wait/synch/mutex/sql/Partition_share::auto_inc_mutex',0,0,0,0,0),(NULL,NULL,'wait/synch/mutex/sql/LOCK_open',0,0,0,0,0),(NULL,NULL,'wait/synch/mutex/sql/LOCK_table_cache',0,0,0,0,0),(NULL,NULL,'wait/synch/mutex/refcache/refcache_channel_mutex',0,0,0,0,0),(NULL,NULL,'wait/synch/mutex/sql/LOCK_transaction_cache',0,0,0,0,0),(NULL,NULL,'wait/synch/mutex/sql/LOCK_mdl_context_backup_manager',0,0,0,0,0),(NULL,NULL,'wait/synch/mutex/sql/LOCK_plugin',0,0,0,0,0),(NULL,NULL,'wait/synch/mutex/sql/LOCK_plugin_delete',0,0,0,0,0),(NULL,NULL,'wait/synch/mutex/sql/LOCK_plugin_install',0,0,0,0,0),(NULL,NULL,'wait/synch/mutex/csv/tina',0,0,0,0,0),(NULL,NULL,'wait/synch/mutex/csv/TINA_SHARE::mutex',0,0,0,0,0),(NULL,NULL,'wait/synch/mutex/innodb/commit_cond_mutex',0,0,0,0,0),(NULL,NULL,'wait/synch/mutex/innodb/innobase_share_mutex',0,0,0,0,0),(NULL,NULL,'wait/synch/mutex/innodb/resume_encryption_cond_mutex',0,0,0,0,0),(NULL,NULL,'wait/synch/mutex/innodb/alter_stage_mutex',0,0,0,0,0),(NULL,NULL,'wait/synch/mutex/innodb/autoinc_mutex',0,0,0,0,0),(NULL,NULL,'wait/synch/mutex/innodb/autoinc_persisted_mutex',0,0,0,0,0),(NULL,NULL,'wait/synch/mutex/innodb/buf_pool_chunks_mutex',0,0,0,0,0),(NULL,NULL,'wait/synch/mutex/innodb/buf_pool_flush_state_mutex',0,0,0,0,0),(NULL,NULL,'wait/synch/mutex/innodb/buf_pool_LRU_list_mutex',0,0,0,0,0),(NULL,NULL,'wait/synch/mutex/innodb/buf_pool_free_list_mutex',0,0,0,0,0),(NULL,NULL,'wait/synch/mutex/innodb/buf_pool_zip_free_mutex',0,0,0,0,0),(NULL,NULL,'wait/synch/mutex/innodb/buf_pool_zip_hash_mutex',0,0,0,0,0),(NULL,NULL,'wait/synch/mutex/innodb/buf_pool_zip_mutex',0,0,0,0,0),(NULL,NULL,'wait/synch/mutex/innodb/clone_snapshot_mutex',0,0,0,0,0),(NULL,NULL,'wait/synch/mutex/innodb/clone_sys_mutex',0,0,0,0,0),(NULL,NULL,'wait/synch/mutex/innodb/clone_task_mutex',0,0,0,0,0),(NULL,NULL,'wait/synch/mutex/innodb/ddl_autoinc_mutex',0,0,0,0,0),(NULL,NULL,'wait/synch/mutex/innodb/dict_foreign_err_mutex',0,0,0,0,0),(NULL,NULL,'wait/synch/mutex/innodb/dict_persist_dirty_tables_mutex',0,0,0,0,0),(NULL,NULL,'wait/synch/mutex/innodb/dict_sys_mutex',0,0,0,0,0),(NULL,NULL,'wait/synch/mutex/innodb/dict_table_mutex',0,0,0,0,0),(NULL,NULL,'wait/synch/mutex/innodb/parser_mutex',0,0,0,0,0),(NULL,NULL,'wait/synch/mutex/innodb/recalc_pool_mutex',0,0,0,0,0),(NULL,NULL,'wait/synch/mutex/innodb/fil_system_mutex',0,0,0,0,0),(NULL,NULL,'wait/synch/mutex/innodb/file_open_mutex',0,0,0,0,0),(NULL,NULL,'wait/synch/mutex/innodb/flush_list_mutex',0,0,0,0,0),(NULL,NULL,'wait/synch/mutex/innodb/fts_bg_threads_mutex',0,0,0,0,0),(NULL,NULL,'wait/synch/mutex/innodb/fts_delete_mutex',0,0,0,0,0),(NULL,NULL,'wait/synch/mutex/innodb/fts_optimize_mutex',0,0,0,0,0),(NULL,NULL,'wait/synch/mutex/innodb/fts_doc_id_mutex',0,0,0,0,0),(NULL,NULL,'wait/synch/mutex/innodb/fts_pll_tokenize_mutex',0,0,0,0,0),(NULL,NULL,'wait/synch/mutex/innodb/hash_table_mutex',0,0,0,0,0),(NULL,NULL,'wait/synch/mutex/innodb/ibuf_bitmap_mutex',0,0,0,0,0),(NULL,NULL,'wait/synch/mutex/innodb/ibuf_mutex',0,0,0,0,0),(NULL,NULL,'wait/synch/mutex/innodb/ibuf_pessimistic_insert_mutex',0,0,0,0,0),(NULL,NULL,'wait/synch/mutex/innodb/lock_free_hash_mutex',0,0,0,0,0),(NULL,NULL,'wait/synch/mutex/innodb/log_limits_mutex',0,0,0,0,0),(NULL,NULL,'wait/synch/mutex/innodb/log_files_mutex',0,0,0,0,0),(NULL,NULL,'wait/synch/mutex/innodb/log_checkpointer_mutex',0,0,0,0,0),(NULL,NULL,'wait/synch/mutex/innodb/log_closer_mutex',0,0,0,0,0),(NULL,NULL,'wait/synch/mutex/innodb/log_writer_mutex',0,0,0,0,0),(NULL,NULL,'wait/synch/mutex/innodb/log_flusher_mutex',0,0,0,0,0),(NULL,NULL,'wait/synch/mutex/innodb/log_write_notifier_mutex',0,0,0,0,0),(NULL,NULL,'wait/synch/mutex/innodb/log_flush_notifier_mutex',0,0,0,0,0),(NULL,NULL,'wait/synch/mutex/innodb/log_sys_arch_mutex',0,0,0,0,0),(NULL,NULL,'wait/synch/mutex/innodb/log_cmdq_mutex',0,0,0,0,0),(NULL,NULL,'wait/synch/mutex/innodb/log_sn_mutex',0,0,0,0,0),(NULL,NULL,'wait/synch/mutex/innodb/mutex_list_mutex',0,0,0,0,0),(NULL,NULL,'wait/synch/mutex/innodb/page_sys_arch_mutex',0,0,0,0,0),(NULL,NULL,'wait/synch/mutex/innodb/page_sys_arch_oper_mutex',0,0,0,0,0),(NULL,NULL,'wait/synch/mutex/innodb/page_sys_arch_client_mutex',0,0,0,0,0),(NULL,NULL,'wait/synch/mutex/innodb/page_zip_stat_per_index_mutex',0,0,0,0,0),(NULL,NULL,'wait/synch/mutex/innodb/page_cleaner_mutex',0,0,0,0,0),(NULL,NULL,'wait/synch/mutex/innodb/parallel_read_mutex',0,0,0,0,0),(NULL,NULL,'wait/synch/mutex/innodb/dblwr_mutex',0,0,0,0,0),(NULL,NULL,'wait/synch/mutex/innodb/purge_sys_pq_mutex',0,0,0,0,0),(NULL,NULL,'wait/synch/mutex/innodb/recv_sys_mutex',0,0,0,0,0),(NULL,NULL,'wait/synch/mutex/innodb/recv_writer_mutex',0,0,0,0,0),(NULL,NULL,'wait/synch/mutex/innodb/temp_space_rseg_mutex',0,0,0,0,0),(NULL,NULL,'wait/synch/mutex/innodb/undo_space_rseg_mutex',0,0,0,0,0),(NULL,NULL,'wait/synch/mutex/innodb/trx_sys_rseg_mutex',0,0,0,0,0),(NULL,NULL,'wait/synch/mutex/innodb/rw_lock_list_mutex',0,0,0,0,0),(NULL,NULL,'wait/synch/mutex/innodb/rw_lock_mutex',0,0,0,0,0),(NULL,NULL,'wait/synch/mutex/innodb/srv_innodb_monitor_mutex',0,0,0,0,0),(NULL,NULL,'wait/synch/mutex/innodb/srv_misc_tmpfile_mutex',0,0,0,0,0),(NULL,NULL,'wait/synch/mutex/innodb/srv_monitor_file_mutex',0,0,0,0,0),(NULL,NULL,'wait/synch/mutex/innodb/trx_undo_mutex',0,0,0,0,0),(NULL,NULL,'wait/synch/mutex/innodb/trx_pool_mutex',0,0,0,0,0),(NULL,NULL,'wait/synch/mutex/innodb/trx_pool_manager_mutex',0,0,0,0,0),(NULL,NULL,'wait/synch/mutex/innodb/temp_pool_manager_mutex',0,0,0,0,0),(NULL,NULL,'wait/synch/mutex/innodb/srv_sys_mutex',0,0,0,0,0),(NULL,NULL,'wait/synch/mutex/innodb/lock_sys_page_mutex',0,0,0,0,0),(NULL,NULL,'wait/synch/mutex/innodb/lock_sys_table_mutex',0,0,0,0,0),(NULL,NULL,'wait/synch/mutex/innodb/lock_wait_mutex',0,0,0,0,0),(NULL,NULL,'wait/synch/mutex/innodb/trx_mutex',0,0,0,0,0),(NULL,NULL,'wait/synch/mutex/innodb/srv_threads_mutex',0,0,0,0,0),(NULL,NULL,'wait/synch/mutex/innodb/rtr_active_mutex',0,0,0,0,0),(NULL,NULL,'wait/synch/mutex/innodb/rtr_match_mutex',0,0,0,0,0),(NULL,NULL,'wait/synch/mutex/innodb/rtr_path_mutex',0,0,0,0,0),(NULL,NULL,'wait/synch/mutex/innodb/rtr_ssn_mutex',0,0,0,0,0),(NULL,NULL,'wait/synch/mutex/innodb/trx_sys_mutex',0,0,0,0,0),(NULL,NULL,'wait/synch/mutex/innodb/trx_sys_shard_mutex',0,0,0,0,0),(NULL,NULL,'wait/synch/mutex/innodb/trx_sys_serialisation_mutex',0,0,0,0,0),(NULL,NULL,'wait/synch/mutex/innodb/zip_pad_mutex',0,0,0,0,0),(NULL,NULL,'wait/synch/mutex/innodb/master_key_id_mutex',0,0,0,0,0),(NULL,NULL,'wait/synch/mutex/innodb/sync_array_mutex',0,0,0,0,0),(NULL,NULL,'wait/synch/mutex/innodb/row_drop_list_mutex',0,0,0,0,0),(NULL,NULL,'wait/synch/mutex/innodb/ahi_enabled_mutex',0,0,0,0,0),(NULL,NULL,'wait/synch/mutex/myisam/MYISAM_SHARE::intern_lock',0,0,0,0,0),(NULL,NULL,'wait/synch/mutex/myisammrg/MYRG_INFO::mutex',0,0,0,0,0),(NULL,NULL,'wait/synch/mutex/archive/Archive_share::mutex',0,0,0,0,0),(NULL,NULL,'wait/synch/mutex/blackhole/blackhole',0,0,0,0,0),(NULL,NULL,'wait/synch/mutex/mysqlx/lock_list_access',0,0,0,0,0),(NULL,NULL,'wait/synch/mutex/mysqlx/scheduler_dynamic_worker_pending',0,0,0,0,0),(NULL,NULL,'wait/synch/mutex/mysqlx/scheduler_dynamic_thread_exit',0,0,0,0,0),(NULL,NULL,'wait/synch/mutex/mysqlx/document_id_generate',0,0,0,0,0),(NULL,NULL,'wait/synch/mutex/mysqlx/notice_output_queue',0,0,0,0,0),(NULL,NULL,'wait/synch/mutex/mysqlx/client_session_exit',0,0,0,0,0),(NULL,NULL,'wait/synch/mutex/mysqlx/socket_events_timers',0,0,0,0,0),(NULL,NULL,'wait/synch/mutex/mysqlx/scheduler_post',0,0,0,0,0),(NULL,NULL,'wait/synch/mutex/mysqlx/server_client_exit',0,0,0,0,0),(NULL,NULL,'wait/synch/mutex/mysqlx/vio_shutdown',0,0,0,0,0),(NULL,NULL,'wait/synch/mutex/mysqlx/page_pool',0,0,0,0,0),(NULL,NULL,'wait/synch/mutex/mysqlx/listener_tcp_sync',0,0,0,0,0),(NULL,NULL,'wait/synch/mutex/mysqlx/listener_unix_socket_sync',0,0,0,0,0),(NULL,NULL,'wait/synch/mutex/mysqlx/broker_context_sync',0,0,0,0,0),(NULL,NULL,'wait/synch/mutex/mysqlx/server_state_sync',0,0,0,0,0),(NULL,NULL,'wait/synch/mutex/mysqlx/socket_acceptors_sync',0,0,0,0,0),(NULL,NULL,'wait/synch/mutex/p_dyn_loader/key_component_id_by_urn_mutex',0,0,0,0,0),(NULL,NULL,'wait/synch/mutex/sql/LOCK_acl_cache_flush',0,0,0,0,0),(NULL,NULL,'wait/synch/mutex/sql/tz_LOCK',0,0,0,0,0),(NULL,NULL,'wait/synch/rwlock/pfs/LOCK_pfs_tls_channels',0,0,0,0,0),(NULL,NULL,'wait/synch/rwlock/sql/Binlog_transmit_delegate::lock',0,0,0,0,0),(NULL,NULL,'wait/synch/rwlock/sql/Binlog_relay_IO_delegate::lock',0,0,0,0,0),(NULL,NULL,'wait/synch/rwlock/sql/LOGGER::LOCK_logger',0,0,0,0,0),(NULL,NULL,'wait/synch/rwlock/sql/LOCK_sys_init_connect',0,0,0,0,0),(NULL,NULL,'wait/synch/rwlock/sql/LOCK_sys_init_replica',0,0,0,0,0),(NULL,NULL,'wait/synch/rwlock/sql/LOCK_system_variables_hash',0,0,0,0,0),(NULL,NULL,'wait/synch/rwlock/sql/gtid_commit_rollback',0,0,0,0,0),(NULL,NULL,'wait/synch/rwlock/sql/gtid_mode_lock',0,0,0,0,0),(NULL,NULL,'wait/synch/rwlock/sql/channel_map_lock',0,0,0,0,0),(NULL,NULL,'wait/synch/rwlock/sql/channel_lock',0,0,0,0,0),(NULL,NULL,'wait/synch/rwlock/sql/Trans_delegate::lock',0,0,0,0,0),(NULL,NULL,'wait/synch/rwlock/sql/Server_state_delegate::lock',0,0,0,0,0),(NULL,NULL,'wait/synch/rwlock/sql/Binlog_storage_delegate::lock',0,0,0,0,0),(NULL,NULL,'wait/synch/rwlock/sql/gtid_retrieved',0,0,0,0,0),(NULL,NULL,'wait/synch/rwlock/sql/rpl_filter_lock',0,0,0,0,0),(NULL,NULL,'wait/synch/rwlock/sql/channel_to_filter_lock',0,0,0,0,0),(NULL,NULL,'wait/synch/rwlock/sql/Resource_group_mgr::m_map_rwlock',0,0,0,0,0),(NULL,NULL,'wait/synch/rwlock/sql/server_shutting_down',0,0,0,0,0),(NULL,NULL,'wait/synch/rwlock/mysys/SAFE_HASH::lock',0,0,0,0,0),(NULL,NULL,'wait/synch/rwlock/session/LOCK_srv_session_collection',0,0,0,0,0),(NULL,NULL,'wait/synch/prlock/sql/MDL_lock::rwlock',0,0,0,0,0),(NULL,NULL,'wait/synch/prlock/sql/MDL_context::LOCK_waiting_for',0,0,0,0,0),(NULL,NULL,'wait/synch/rwlock/sql/THR_LOCK_udf',0,0,0,0,0),(NULL,NULL,'wait/synch/sxlock/innodb/btr_search_latch',0,0,0,0,0),(NULL,NULL,'wait/synch/sxlock/innodb/dict_operation_lock',0,0,0,0,0),(NULL,NULL,'wait/synch/sxlock/innodb/fil_space_latch',0,0,0,0,0),(NULL,NULL,'wait/synch/sxlock/innodb/log_sn_lock',0,0,0,0,0),(NULL,NULL,'wait/synch/sxlock/innodb/undo_spaces_lock',0,0,0,0,0),(NULL,NULL,'wait/synch/sxlock/innodb/rsegs_lock',0,0,0,0,0),(NULL,NULL,'wait/synch/sxlock/innodb/lock_sys_global_rw_lock',0,0,0,0,0),(NULL,NULL,'wait/synch/sxlock/innodb/fts_cache_rw_lock',0,0,0,0,0),(NULL,NULL,'wait/synch/sxlock/innodb/fts_cache_init_rw_lock',0,0,0,0,0),(NULL,NULL,'wait/synch/sxlock/innodb/trx_i_s_cache_lock',0,0,0,0,0),(NULL,NULL,'wait/synch/sxlock/innodb/trx_purge_latch',0,0,0,0,0),(NULL,NULL,'wait/synch/sxlock/innodb/index_tree_rw_lock',0,0,0,0,0),(NULL,NULL,'wait/synch/sxlock/innodb/index_online_log',0,0,0,0,0),(NULL,NULL,'wait/synch/sxlock/innodb/dict_table_stats',0,0,0,0,0),(NULL,NULL,'wait/synch/sxlock/innodb/hash_table_locks',0,0,0,0,0),(NULL,NULL,'wait/synch/rwlock/myisam/MYISAM_SHARE::key_root_lock',0,0,0,0,0),(NULL,NULL,'wait/synch/rwlock/myisam/MYISAM_SHARE::mmap_lock',0,0,0,0,0),(NULL,NULL,'wait/synch/rwlock/sha2_auth/key_m_cache_lock',0,0,0,0,0),(NULL,NULL,'wait/synch/rwlock/mysqlx/client_list_clients',0,0,0,0,0),(NULL,NULL,'wait/synch/rwlock/mysqlx/sha256_password_cache',0,0,0,0,0),(NULL,NULL,'wait/synch/rwlock/mysqlx/xpl_server_instance',0,0,0,0,0),(NULL,NULL,'wait/synch/rwlock/sql/LOCK_thd_store_data',0,0,0,0,0),(NULL,NULL,'wait/synch/rwlock/sql/THR_LOCK_servers',0,0,0,0,0),(NULL,NULL,'wait/synch/cond/sql/PAGE::cond',0,0,0,0,0),(NULL,NULL,'wait/synch/cond/sql/TC_LOG_MMAP::COND_active',0,0,0,0,0),(NULL,NULL,'wait/synch/cond/sql/TC_LOG_MMAP::COND_pool',0,0,0,0,0),(NULL,NULL,'wait/synch/cond/sql/MYSQL_BIN_LOG::COND_done',0,0,0,0,0),(NULL,NULL,'wait/synch/cond/sql/MYSQL_BIN_LOG::COND_flush_queue',0,0,0,0,0),(NULL,NULL,'wait/synch/cond/sql/MYSQL_BIN_LOG::update_cond',0,0,0,0,0),(NULL,NULL,'wait/synch/cond/sql/MYSQL_BIN_LOG::prep_xids_cond',0,0,0,0,0),(NULL,NULL,'wait/synch/cond/sql/MYSQL_BIN_LOG::COND_wait_for_group_turn',0,0,0,0,0),(NULL,NULL,'wait/synch/cond/sql/MYSQL_RELAY_LOG::update_cond',0,0,0,0,0),(NULL,NULL,'wait/synch/cond/sql/COND_manager',0,0,0,0,0),(NULL,NULL,'wait/synch/cond/sql/COND_server_started',0,0,0,0,0),(NULL,NULL,'wait/synch/cond/sql/COND_socket_listener_active',0,0,0,0,0),(NULL,NULL,'wait/synch/cond/sql/COND_start_signal_handler',0,0,0,0,0),(NULL,NULL,'wait/synch/cond/sql/COND_thr_lock',0,0,0,0,0),(NULL,NULL,'wait/synch/cond/sql/Item_func_sleep::cond',0,0,0,0,0),(NULL,NULL,'wait/synch/cond/sql/Source_info::data_cond',0,0,0,0,0),(NULL,NULL,'wait/synch/cond/sql/Source_info::start_cond',0,0,0,0,0),(NULL,NULL,'wait/synch/cond/sql/Source_info::stop_cond',0,0,0,0,0),(NULL,NULL,'wait/synch/cond/sql/Source_info::sleep_cond',0,0,0,0,0),(NULL,NULL,'wait/synch/cond/sql/Source_info::rotate_cond',0,0,0,0,0),(NULL,NULL,'wait/synch/cond/sql/Relay_log_info::data_cond',0,0,0,0,0),(NULL,NULL,'wait/synch/cond/sql/Relay_log_info::log_space_cond',0,0,0,0,0),(NULL,NULL,'wait/synch/cond/sql/Relay_log_info::start_cond',0,0,0,0,0),(NULL,NULL,'wait/synch/cond/sql/Relay_log_info::stop_cond',0,0,0,0,0),(NULL,NULL,'wait/synch/cond/sql/Relay_log_info::sleep_cond',0,0,0,0,0),(NULL,NULL,'wait/synch/cond/sql/Relay_log_info::pending_jobs_cond',0,0,0,0,0),(NULL,NULL,'wait/synch/cond/sql/Worker_info::jobs_cond',0,0,0,0,0),(NULL,NULL,'wait/synch/cond/sql/Relay_log_info::mta_gaq_cond',0,0,0,0,0),(NULL,NULL,'wait/synch/cond/sql/Gtid_state',0,0,0,0,0),(NULL,NULL,'wait/synch/cond/sql/COND_compress_gtid_table',0,0,0,0,0),(NULL,NULL,'wait/synch/cond/sql/Commit_order_manager::m_workers.cond',0,0,0,0,0),(NULL,NULL,'wait/synch/cond/sql/Relay_log_info::replica_worker_hash_cond',0,0,0,0,0),(NULL,NULL,'wait/synch/cond/sql/Source_IO_monitor::run_cond',0,0,0,0,0),(NULL,NULL,'wait/synch/cond/sql/THD::COND_delegate_connection_cond_var',0,0,0,0,0),(NULL,NULL,'wait/synch/cond/sql/THD::COND_group_replication_connection_cond_var',0,0,0,0,0),(NULL,NULL,'wait/synch/cond/mysys/IO_CACHE_SHARE::cond',0,0,0,0,0),(NULL,NULL,'wait/synch/cond/mysys/IO_CACHE_SHARE::cond_writer',0,0,0,0,0),(NULL,NULL,'wait/synch/cond/mysys/THR_COND_threads',0,0,0,0,0),(NULL,NULL,'wait/synch/cond/sql/Event_scheduler::COND_state',0,0,0,0,0),(NULL,NULL,'wait/synch/cond/sql/COND_queue_state',0,0,0,0,0),(NULL,NULL,'wait/synch/cond/sql/COND_thread_cache',0,0,0,0,0),(NULL,NULL,'wait/synch/cond/sql/COND_flush_thread_cache',0,0,0,0,0),(NULL,NULL,'wait/synch/cond/sql/COND_connection_count',0,0,0,0,0),(NULL,NULL,'wait/synch/cond/sql/COND_thd_list',0,0,0,0,0),(NULL,NULL,'wait/synch/cond/sql/MDL_context::COND_wait_status',0,0,0,0,0),(NULL,NULL,'wait/synch/cond/sql/COND_open',0,0,0,0,0),(NULL,NULL,'wait/synch/cond/innodb/commit_cond',0,0,0,0,0),(NULL,NULL,'wait/synch/cond/innodb/resume_encryption_cond',0,0,0,0,0),(NULL,NULL,'wait/synch/cond/myisam/keycache_thread_var::suspend',0,0,0,0,0),(NULL,NULL,'wait/synch/cond/mysqlx/scheduler_dynamic_worker_pending',0,0,0,0,0),(NULL,NULL,'wait/synch/cond/mysqlx/scheduler_dynamic_thread_exit',0,0,0,0,0),(NULL,NULL,'wait/synch/cond/mysqlx/listener_tcp_sync',0,0,0,0,0),(NULL,NULL,'wait/synch/cond/mysqlx/listener_unix_socket_sync',0,0,0,0,0),(NULL,NULL,'wait/synch/cond/mysqlx/broker_context_sync',0,0,0,0,0),(NULL,NULL,'wait/synch/cond/mysqlx/server_state_sync',0,0,0,0,0),(NULL,NULL,'wait/synch/cond/mysqlx/socket_acceptors_sync',0,0,0,0,0),(NULL,NULL,'wait/io/file/sql/binlog',20,56541891420,1522584,2827094571,34688997882),(NULL,NULL,'wait/io/file/sql/binlog_cache',0,0,0,0,0),(NULL,NULL,'wait/io/file/sql/binlog_index',23,217134216,619623,9440307,100811088),(NULL,NULL,'wait/io/file/sql/binlog_index_cache',0,0,0,0,0),(NULL,NULL,'wait/io/file/sql/relaylog',0,0,0,0,0),(NULL,NULL,'wait/io/file/sql/relaylog_cache',0,0,0,0,0),(NULL,NULL,'wait/io/file/sql/relaylog_index',0,0,0,0,0),(NULL,NULL,'wait/io/file/sql/relaylog_index_cache',0,0,0,0,0),(NULL,NULL,'wait/io/file/sql/io_cache',0,0,0,0,0),(NULL,NULL,'wait/io/file/sql/casetest',15,1765345041,1429569,117689256,1620402867),(NULL,NULL,'wait/io/file/sql/dbopt',0,0,0,0,0),(NULL,NULL,'wait/io/file/sql/ERRMSG',5,230771646,2617299,46154043,195341517),(NULL,NULL,'wait/io/file/sql/select_to_file',0,0,0,0,0),(NULL,NULL,'wait/io/file/sql/file_parser',0,0,0,0,0),(NULL,NULL,'wait/io/file/sql/FRM',0,0,0,0,0),(NULL,NULL,'wait/io/file/sql/load',0,0,0,0,0),(NULL,NULL,'wait/io/file/sql/LOAD_FILE',0,0,0,0,0),(NULL,NULL,'wait/io/file/sql/log_event_data',0,0,0,0,0),(NULL,NULL,'wait/io/file/sql/log_event_info',0,0,0,0,0),(NULL,NULL,'wait/io/file/sql/misc',1,14130648,14130648,14130648,14130648),(NULL,NULL,'wait/io/file/sql/pid',3,102033162,6277320,34011054,71114022),(NULL,NULL,'wait/io/file/sql/query_log',0,0,0,0,0),(NULL,NULL,'wait/io/file/sql/slow_log',0,0,0,0,0),(NULL,NULL,'wait/io/file/sql/tclog',0,0,0,0,0),(NULL,NULL,'wait/io/file/sql/trigger_name',0,0,0,0,0),(NULL,NULL,'wait/io/file/sql/trigger',0,0,0,0,0),(NULL,NULL,'wait/io/file/sql/init',0,0,0,0,0),(NULL,NULL,'wait/io/file/sql/SDI',0,0,0,0,0),(NULL,NULL,'wait/io/file/sql/hash_join',0,0,0,0,0),(NULL,NULL,'wait/io/file/mysys/proc_meminfo',0,0,0,0,0),(NULL,NULL,'wait/io/file/mysys/charset',3,22775796,1802106,7591932,12146328),(NULL,NULL,'wait/io/file/mysys/cnf',5,23418315,181737,4683663,14008059),(NULL,NULL,'wait/io/file/csv/metadata',0,0,0,0,0),(NULL,NULL,'wait/io/file/csv/data',0,0,0,0,0),(NULL,NULL,'wait/io/file/csv/update',0,0,0,0,0),(NULL,NULL,'wait/io/file/innodb/innodb_dblwr_file',246970,4235245555790493,5245092,17148825909,1164859630641),(NULL,NULL,'wait/io/file/innodb/innodb_tablespace_open_file',0,0,0,0,0),(NULL,NULL,'wait/io/file/innodb/innodb_data_file',637586,5857666886173833,1368513,9187257546,1106544573288),(NULL,NULL,'wait/io/file/innodb/innodb_log_file',651680,7521718169674422,1171512,11542041981,1195164491472),(NULL,NULL,'wait/io/file/innodb/innodb_temp_file',255,833267426283,7829955,3267715212,157181852331),(NULL,NULL,'wait/io/file/innodb/innodb_arch_file',0,0,0,0,0),(NULL,NULL,'wait/io/file/innodb/innodb_clone_file',0,0,0,0,0),(NULL,NULL,'wait/io/file/innodb/meb::redo_log_archive_file',0,0,0,0,0),(NULL,NULL,'wait/io/file/myisam/data_tmp',0,0,0,0,0),(NULL,NULL,'wait/io/file/myisam/dfile',0,0,0,0,0),(NULL,NULL,'wait/io/file/myisam/kfile',0,0,0,0,0),(NULL,NULL,'wait/io/file/myisam/log',0,0,0,0,0),(NULL,NULL,'wait/io/file/myisammrg/MRG',0,0,0,0,0),(NULL,NULL,'wait/io/file/archive/metadata',0,0,0,0,0),(NULL,NULL,'wait/io/file/archive/data',0,0,0,0,0),(NULL,NULL,'wait/io/file/archive/FRM',0,0,0,0,0),(NULL,NULL,'wait/io/table/sql/handler',0,0,0,0,0),(NULL,NULL,'wait/lock/table/sql/handler',0,0,0,0,0),(NULL,NULL,'wait/io/socket/sql/server_tcpip_socket',0,0,0,0,0),(NULL,NULL,'wait/io/socket/sql/server_unix_socket',0,0,0,0,0),(NULL,NULL,'wait/io/socket/sql/client_connection',0,0,0,0,0),(NULL,NULL,'wait/io/socket/mysqlx/tcpip_socket',0,0,0,0,0),(NULL,NULL,'wait/io/socket/mysqlx/diagnostics_socket',0,0,0,0,0),(NULL,NULL,'wait/io/socket/mysqlx/unix_socket',0,0,0,0,0),(NULL,NULL,'wait/io/socket/mysqlx/client_connection',0,0,0,0,0),(NULL,NULL,'idle',0,0,0,0,0),(NULL,NULL,'wait/lock/metadata/sql/mdl',0,0,0,0,0),('event_scheduler','localhost','wait/synch/mutex/pfs/LOCK_pfs_share_list',0,0,0,0,0),('event_scheduler','localhost','wait/synch/mutex/pfs/LOCK_pfs_tracing_callback',0,0,0,0,0),('event_scheduler','localhost','wait/synch/mutex/sql/TC_LOG_MMAP::LOCK_tc',0,0,0,0,0),('event_scheduler','localhost','wait/synch/mutex/sql/MYSQL_BIN_LOG::LOCK_commit',0,0,0,0,0),('event_scheduler','localhost','wait/synch/mutex/sql/MYSQL_BIN_LOG::LOCK_commit_queue',0,0,0,0,0),('event_scheduler','localhost','wait/synch/mutex/sql/MYSQL_BIN_LOG::LOCK_done',0,0,0,0,0),('event_scheduler','localhost','wait/synch/mutex/sql/MYSQL_BIN_LOG::LOCK_flush_queue',0,0,0,0,0),('event_scheduler','localhost','wait/synch/mutex/sql/MYSQL_BIN_LOG::LOCK_index',0,0,0,0,0),('event_scheduler','localhost','wait/synch/mutex/sql/MYSQL_BIN_LOG::LOCK_log',0,0,0,0,0),('event_scheduler','localhost','wait/synch/mutex/sql/MYSQL_BIN_LOG::LOCK_binlog_end_pos',0,0,0,0,0),('event_scheduler','localhost','wait/synch/mutex/sql/MYSQL_BIN_LOG::LOCK_sync',0,0,0,0,0),('event_scheduler','localhost','wait/synch/mutex/sql/MYSQL_BIN_LOG::LOCK_sync_queue',0,0,0,0,0),('event_scheduler','localhost','wait/synch/mutex/sql/MYSQL_BIN_LOG::LOCK_xids',0,0,0,0,0),('event_scheduler','localhost','wait/synch/mutex/sql/MYSQL_BIN_LOG::LOCK_wait_for_group_turn',0,0,0,0,0),('event_scheduler','localhost','wait/synch/mutex/sql/MYSQL_BIN_LOG::LOCK_after_commit',0,0,0,0,0),('event_scheduler','localhost','wait/synch/mutex/sql/MYSQL_BIN_LOG::LOCK_after_commit_queue',0,0,0,0,0),('event_scheduler','localhost','wait/synch/mutex/sql/MYSQL_RELAY_LOG::LOCK_commit',0,0,0,0,0),('event_scheduler','localhost','wait/synch/mutex/sql/MYSQL_RELAY_LOG::LOCK_index',0,0,0,0,0),('event_scheduler','localhost','wait/synch/mutex/sql/MYSQL_RELAY_LOG::LOCK_log',0,0,0,0,0),('event_scheduler','localhost','wait/synch/mutex/sql/MYSQL_RELAY_LOG::LOCK_log_end_pos',0,0,0,0,0),('event_scheduler','localhost','wait/synch/mutex/sql/MYSQL_RELAY_LOG::LOCK_sync',0,0,0,0,0),('event_scheduler','localhost','wait/synch/mutex/sql/MYSQL_RELAY_LOG::LOCK_xids',0,0,0,0,0),('event_scheduler','localhost','wait/synch/mutex/sql/hash_filo::lock',0,0,0,0,0),('event_scheduler','localhost','wait/synch/mutex/sql/Gtid_set::gtid_executed::free_intervals_mutex',0,0,0,0,0),('event_scheduler','localhost','wait/synch/mutex/sql/LOCK_crypt',0,0,0,0,0),('event_scheduler','localhost','wait/synch/mutex/sql/LOCK_error_log',0,0,0,0,0),('event_scheduler','localhost','wait/synch/mutex/sql/LOCK_global_system_variables',0,0,0,0,0),('event_scheduler','localhost','wait/synch/mutex/sql/LOCK_manager',0,0,0,0,0),('event_scheduler','localhost','wait/synch/mutex/sql/LOCK_prepared_stmt_count',0,0,0,0,0),('event_scheduler','localhost','wait/synch/mutex/sql/LOCK_replica_list',0,0,0,0,0),('event_scheduler','localhost','wait/synch/mutex/sql/LOCK_sql_replica_skip_counter',0,0,0,0,0),('event_scheduler','localhost','wait/synch/mutex/sql/LOCK_replica_net_timeout',0,0,0,0,0),('event_scheduler','localhost','wait/synch/mutex/sql/LOCK_replica_trans_dep_tracker',0,0,0,0,0),('event_scheduler','localhost','wait/synch/mutex/sql/LOCK_server_started',0,0,0,0,0),('event_scheduler','localhost','wait/synch/mutex/sql/LOCK_socket_listener_active',0,0,0,0,0),('event_scheduler','localhost','wait/synch/mutex/sql/LOCK_start_signal_handler',0,0,0,0,0),('event_scheduler','localhost','wait/synch/mutex/sql/LOCK_status',0,0,0,0,0),('event_scheduler','localhost','wait/synch/mutex/sql/THD::LOCK_thd_data',0,0,0,0,0),('event_scheduler','localhost','wait/synch/mutex/sql/THD::LOCK_thd_query',0,0,0,0,0),('event_scheduler','localhost','wait/synch/mutex/sql/THD::LOCK_thd_sysvar',0,0,0,0,0),('event_scheduler','localhost','wait/synch/mutex/sql/THD::LOCK_thd_protocol',0,0,0,0,0),('event_scheduler','localhost','wait/synch/mutex/sql/THD::LOCK_thd_security_ctx',0,0,0,0,0),('event_scheduler','localhost','wait/synch/mutex/sql/LOCK_user_conn',0,0,0,0,0),('event_scheduler','localhost','wait/synch/mutex/sql/LOCK_uuid_generator',0,0,0,0,0),('event_scheduler','localhost','wait/synch/mutex/sql/LOCK_sql_rand',0,0,0,0,0),('event_scheduler','localhost','wait/synch/mutex/sql/LOG::LOCK_log',0,0,0,0,0),('event_scheduler','localhost','wait/synch/mutex/sql/Source_info::data_lock',0,0,0,0,0),('event_scheduler','localhost','wait/synch/mutex/sql/Source_info::run_lock',0,0,0,0,0),('event_scheduler','localhost','wait/synch/mutex/sql/Source_info::sleep_lock',0,0,0,0,0),('event_scheduler','localhost','wait/synch/mutex/sql/Source_info::info_thd_lock',0,0,0,0,0),('event_scheduler','localhost','wait/synch/mutex/sql/Source_info::rotate_lock',0,0,0,0,0),('event_scheduler','localhost','wait/synch/mutex/sql/Replica_reporting_capability::err_lock',0,0,0,0,0),('event_scheduler','localhost','wait/synch/mutex/sql/Relay_log_info::data_lock',0,0,0,0,0),('event_scheduler','localhost','wait/synch/mutex/sql/Relay_log_info::sleep_lock',0,0,0,0,0),('event_scheduler','localhost','wait/synch/mutex/sql/Relay_log_info::info_thd_lock',0,0,0,0,0),('event_scheduler','localhost','wait/synch/mutex/sql/Relay_log_info::log_space_lock',0,0,0,0,0),('event_scheduler','localhost','wait/synch/mutex/sql/Relay_log_info::run_lock',0,0,0,0,0),('event_scheduler','localhost','wait/synch/mutex/sql/Relay_log_info::pending_jobs_lock',0,0,0,0,0),('event_scheduler','localhost','wait/synch/mutex/sql/Relay_log_info::exit_count_lock',0,0,0,0,0),('event_scheduler','localhost','wait/synch/mutex/sql/Worker_info::jobs_lock',0,0,0,0,0),('event_scheduler','localhost','wait/synch/mutex/sql/TABLE_SHARE::LOCK_ha_data',0,0,0,0,0),('event_scheduler','localhost','wait/synch/mutex/sql/LOCK_error_messages',0,0,0,0,0),('event_scheduler','localhost','wait/synch/mutex/sql/LOCK_log_throttle_qni',0,0,0,0,0),('event_scheduler','localhost','wait/synch/mutex/sql/Gtid_state',0,0,0,0,0),('event_scheduler','localhost','wait/synch/mutex/sql/THD::LOCK_query_plan',0,0,0,0,0),('event_scheduler','localhost','wait/synch/mutex/sql/Cost_constant_cache::LOCK_cost_const',0,0,0,0,0),('event_scheduler','localhost','wait/synch/mutex/sql/THD::LOCK_current_cond',0,0,0,0,0),('event_scheduler','localhost','wait/synch/mutex/sql/key_mta_temp_table_LOCK',0,0,0,0,0),('event_scheduler','localhost','wait/synch/mutex/sql/LOCK_reset_gtid_table',0,0,0,0,0),('event_scheduler','localhost','wait/synch/mutex/sql/LOCK_compress_gtid_table',0,0,0,0,0),('event_scheduler','localhost','wait/synch/mutex/sql/LOCK_collect_instance_log',0,0,0,0,0),('event_scheduler','localhost','wait/synch/mutex/sql/key_mta_gaq_LOCK',0,0,0,0,0),('event_scheduler','localhost','wait/synch/mutex/sql/thd_timer_mutex',0,0,0,0,0),('event_scheduler','localhost','wait/synch/mutex/sql/Commit_order_manager::m_mutex',0,0,0,0,0),('event_scheduler','localhost','wait/synch/mutex/sql/Relay_log_info::replica_worker_hash_lock',0,0,0,0,0),('event_scheduler','localhost','wait/synch/mutex/sql/LOCK_default_password_lifetime',0,0,0,0,0),('event_scheduler','localhost','wait/synch/mutex/sql/LOCK_mandatory_roles',0,0,0,0,0),('event_scheduler','localhost','wait/synch/mutex/sql/LOCK_password_history',0,0,0,0,0),('event_scheduler','localhost','wait/synch/mutex/sql/LOCK_password_reuse_interval',0,0,0,0,0),('event_scheduler','localhost','wait/synch/mutex/sql/LOCK_keyring_operations',0,0,0,0,0),('event_scheduler','localhost','wait/synch/mutex/sql/LOCK_tls_ctx_options',0,0,0,0,0),('event_scheduler','localhost','wait/synch/mutex/sql/LOCK_admin_tls_ctx_options',0,0,0,0,0),('event_scheduler','localhost','wait/synch/mutex/sql/LOCK_rotate_binlog_master_key',0,0,0,0,0),('event_scheduler','localhost','wait/synch/mutex/sql/Source_IO_monitor::run_lock',0,0,0,0,0),('event_scheduler','localhost','wait/synch/mutex/sql/LOCK_delegate_connection_mutex',0,0,0,0,0),('event_scheduler','localhost','wait/synch/mutex/sql/LOCK_group_replication_connection_mutex',0,0,0,0,0),('event_scheduler','localhost','wait/synch/mutex/sql/LOCK_authentication_policy',0,0,0,0,0),('event_scheduler','localhost','wait/synch/mutex/sql/LOCK_global_conn_mem_limit',0,0,0,0,0),('event_scheduler','localhost','wait/synch/mutex/mysys/IO_CACHE::append_buffer_lock',0,0,0,0,0),('event_scheduler','localhost','wait/synch/mutex/mysys/IO_CACHE::SHARE_mutex',0,0,0,0,0),('event_scheduler','localhost','wait/synch/mutex/mysys/KEY_CACHE::cache_lock',0,0,0,0,0),('event_scheduler','localhost','wait/synch/mutex/mysys/THR_LOCK_charset',0,0,0,0,0),('event_scheduler','localhost','wait/synch/mutex/mysys/THR_LOCK_heap',0,0,0,0,0),('event_scheduler','localhost','wait/synch/mutex/mysys/THR_LOCK_lock',0,0,0,0,0),('event_scheduler','localhost','wait/synch/mutex/mysys/THR_LOCK_malloc',0,0,0,0,0),('event_scheduler','localhost','wait/synch/mutex/mysys/THR_LOCK::mutex',0,0,0,0,0),('event_scheduler','localhost','wait/synch/mutex/mysys/THR_LOCK_myisam',0,0,0,0,0),('event_scheduler','localhost','wait/synch/mutex/mysys/THR_LOCK_net',0,0,0,0,0),('event_scheduler','localhost','wait/synch/mutex/mysys/THR_LOCK_open',0,0,0,0,0),('event_scheduler','localhost','wait/synch/mutex/mysys/THR_LOCK_threads',0,0,0,0,0),('event_scheduler','localhost','wait/synch/mutex/mysys/TMPDIR_mutex',0,0,0,0,0),('event_scheduler','localhost','wait/synch/mutex/mysys/THR_LOCK_myisam_mmap',0,0,0,0,0),('event_scheduler','localhost','wait/synch/mutex/sql/LOCK_audit_mask',0,0,0,0,0),('event_scheduler','localhost','wait/synch/mutex/session/LOCK_srv_session_threads',0,0,0,0,0),('event_scheduler','localhost','wait/synch/mutex/sql/LOCK_event_queue',0,0,0,0,0),('event_scheduler','localhost','wait/synch/mutex/sql/Event_scheduler::LOCK_scheduler_state',0,0,0,0,0),('event_scheduler','localhost','wait/synch/mutex/sql/LOCK_thread_cache',0,0,0,0,0),('event_scheduler','localhost','wait/synch/mutex/sql/LOCK_connection_count',0,0,0,0,0),('event_scheduler','localhost','wait/synch/mutex/sql/LOCK_thd_list',0,0,0,0,0),('event_scheduler','localhost','wait/synch/mutex/sql/LOCK_thd_remove',0,0,0,0,0),('event_scheduler','localhost','wait/synch/mutex/sql/LOCK_thread_ids',0,0,0,0,0),('event_scheduler','localhost','wait/synch/mutex/sql/LOCK_load_client_plugin',0,0,0,0,0),('event_scheduler','localhost','wait/synch/mutex/sql/LOCK_item_func_sleep',0,0,0,0,0),('event_scheduler','localhost','wait/synch/mutex/sql/MDL_wait::LOCK_wait_status',0,0,0,0,0),('event_scheduler','localhost','wait/synch/mutex/sql/Partition_share::auto_inc_mutex',0,0,0,0,0),('event_scheduler','localhost','wait/synch/mutex/sql/LOCK_open',0,0,0,0,0),('event_scheduler','localhost','wait/synch/mutex/sql/LOCK_table_cache',0,0,0,0,0),('event_scheduler','localhost','wait/synch/mutex/refcache/refcache_channel_mutex',0,0,0,0,0),('event_scheduler','localhost','wait/synch/mutex/sql/LOCK_transaction_cache',0,0,0,0,0),('event_scheduler','localhost','wait/synch/mutex/sql/LOCK_mdl_context_backup_manager',0,0,0,0,0),('event_scheduler','localhost','wait/synch/mutex/sql/LOCK_plugin',0,0,0,0,0),('event_scheduler','localhost','wait/synch/mutex/sql/LOCK_plugin_delete',0,0,0,0,0),('event_scheduler','localhost','wait/synch/mutex/sql/LOCK_plugin_install',0,0,0,0,0),('event_scheduler','localhost','wait/synch/mutex/csv/tina',0,0,0,0,0),('event_scheduler','localhost','wait/synch/mutex/csv/TINA_SHARE::mutex',0,0,0,0,0),('event_scheduler','localhost','wait/synch/mutex/innodb/commit_cond_mutex',0,0,0,0,0),('event_scheduler','localhost','wait/synch/mutex/innodb/innobase_share_mutex',0,0,0,0,0),('event_scheduler','localhost','wait/synch/mutex/innodb/resume_encryption_cond_mutex',0,0,0,0,0),('event_scheduler','localhost','wait/synch/mutex/innodb/alter_stage_mutex',0,0,0,0,0),('event_scheduler','localhost','wait/synch/mutex/innodb/autoinc_mutex',0,0,0,0,0),('event_scheduler','localhost','wait/synch/mutex/innodb/autoinc_persisted_mutex',0,0,0,0,0),('event_scheduler','localhost','wait/synch/mutex/innodb/buf_pool_chunks_mutex',0,0,0,0,0),('event_scheduler','localhost','wait/synch/mutex/innodb/buf_pool_flush_state_mutex',0,0,0,0,0),('event_scheduler','localhost','wait/synch/mutex/innodb/buf_pool_LRU_list_mutex',0,0,0,0,0),('event_scheduler','localhost','wait/synch/mutex/innodb/buf_pool_free_list_mutex',0,0,0,0,0),('event_scheduler','localhost','wait/synch/mutex/innodb/buf_pool_zip_free_mutex',0,0,0,0,0),('event_scheduler','localhost','wait/synch/mutex/innodb/buf_pool_zip_hash_mutex',0,0,0,0,0),('event_scheduler','localhost','wait/synch/mutex/innodb/buf_pool_zip_mutex',0,0,0,0,0),('event_scheduler','localhost','wait/synch/mutex/innodb/clone_snapshot_mutex',0,0,0,0,0),('event_scheduler','localhost','wait/synch/mutex/innodb/clone_sys_mutex',0,0,0,0,0),('event_scheduler','localhost','wait/synch/mutex/innodb/clone_task_mutex',0,0,0,0,0),('event_scheduler','localhost','wait/synch/mutex/innodb/ddl_autoinc_mutex',0,0,0,0,0),('event_scheduler','localhost','wait/synch/mutex/innodb/dict_foreign_err_mutex',0,0,0,0,0),('event_scheduler','localhost','wait/synch/mutex/innodb/dict_persist_dirty_tables_mutex',0,0,0,0,0),('event_scheduler','localhost','wait/synch/mutex/innodb/dict_sys_mutex',0,0,0,0,0),('event_scheduler','localhost','wait/synch/mutex/innodb/dict_table_mutex',0,0,0,0,0),('event_scheduler','localhost','wait/synch/mutex/innodb/parser_mutex',0,0,0,0,0),('event_scheduler','localhost','wait/synch/mutex/innodb/recalc_pool_mutex',0,0,0,0,0),('event_scheduler','localhost','wait/synch/mutex/innodb/fil_system_mutex',0,0,0,0,0),('event_scheduler','localhost','wait/synch/mutex/innodb/file_open_mutex',0,0,0,0,0),('event_scheduler','localhost','wait/synch/mutex/innodb/flush_list_mutex',0,0,0,0,0),('event_scheduler','localhost','wait/synch/mutex/innodb/fts_bg_threads_mutex',0,0,0,0,0),('event_scheduler','localhost','wait/synch/mutex/innodb/fts_delete_mutex',0,0,0,0,0),('event_scheduler','localhost','wait/synch/mutex/innodb/fts_optimize_mutex',0,0,0,0,0),('event_scheduler','localhost','wait/synch/mutex/innodb/fts_doc_id_mutex',0,0,0,0,0),('event_scheduler','localhost','wait/synch/mutex/innodb/fts_pll_tokenize_mutex',0,0,0,0,0),('event_scheduler','localhost','wait/synch/mutex/innodb/hash_table_mutex',0,0,0,0,0),('event_scheduler','localhost','wait/synch/mutex/innodb/ibuf_bitmap_mutex',0,0,0,0,0),('event_scheduler','localhost','wait/synch/mutex/innodb/ibuf_mutex',0,0,0,0,0),('event_scheduler','localhost','wait/synch/mutex/innodb/ibuf_pessimistic_insert_mutex',0,0,0,0,0),('event_scheduler','localhost','wait/synch/mutex/innodb/lock_free_hash_mutex',0,0,0,0,0),('event_scheduler','localhost','wait/synch/mutex/innodb/log_limits_mutex',0,0,0,0,0),('event_scheduler','localhost','wait/synch/mutex/innodb/log_files_mutex',0,0,0,0,0),('event_scheduler','localhost','wait/synch/mutex/innodb/log_checkpointer_mutex',0,0,0,0,0),('event_scheduler','localhost','wait/synch/mutex/innodb/log_closer_mutex',0,0,0,0,0),('event_scheduler','localhost','wait/synch/mutex/innodb/log_writer_mutex',0,0,0,0,0),('event_scheduler','localhost','wait/synch/mutex/innodb/log_flusher_mutex',0,0,0,0,0),('event_scheduler','localhost','wait/synch/mutex/innodb/log_write_notifier_mutex',0,0,0,0,0),('event_scheduler','localhost','wait/synch/mutex/innodb/log_flush_notifier_mutex',0,0,0,0,0),('event_scheduler','localhost','wait/synch/mutex/innodb/log_sys_arch_mutex',0,0,0,0,0),('event_scheduler','localhost','wait/synch/mutex/innodb/log_cmdq_mutex',0,0,0,0,0),('event_scheduler','localhost','wait/synch/mutex/innodb/log_sn_mutex',0,0,0,0,0),('event_scheduler','localhost','wait/synch/mutex/innodb/mutex_list_mutex',0,0,0,0,0),('event_scheduler','localhost','wait/synch/mutex/innodb/page_sys_arch_mutex',0,0,0,0,0),('event_scheduler','localhost','wait/synch/mutex/innodb/page_sys_arch_oper_mutex',0,0,0,0,0),('event_scheduler','localhost','wait/synch/mutex/innodb/page_sys_arch_client_mutex',0,0,0,0,0),('event_scheduler','localhost','wait/synch/mutex/innodb/page_zip_stat_per_index_mutex',0,0,0,0,0),('event_scheduler','localhost','wait/synch/mutex/innodb/page_cleaner_mutex',0,0,0,0,0),('event_scheduler','localhost','wait/synch/mutex/innodb/parallel_read_mutex',0,0,0,0,0),('event_scheduler','localhost','wait/synch/mutex/innodb/dblwr_mutex',0,0,0,0,0),('event_scheduler','localhost','wait/synch/mutex/innodb/purge_sys_pq_mutex',0,0,0,0,0),('event_scheduler','localhost','wait/synch/mutex/innodb/recv_sys_mutex',0,0,0,0,0),('event_scheduler','localhost','wait/synch/mutex/innodb/recv_writer_mutex',0,0,0,0,0),('event_scheduler','localhost','wait/synch/mutex/innodb/temp_space_rseg_mutex',0,0,0,0,0),('event_scheduler','localhost','wait/synch/mutex/innodb/undo_space_rseg_mutex',0,0,0,0,0),('event_scheduler','localhost','wait/synch/mutex/innodb/trx_sys_rseg_mutex',0,0,0,0,0),('event_scheduler','localhost','wait/synch/mutex/innodb/rw_lock_list_mutex',0,0,0,0,0),('event_scheduler','localhost','wait/synch/mutex/innodb/rw_lock_mutex',0,0,0,0,0),('event_scheduler','localhost','wait/synch/mutex/innodb/srv_innodb_monitor_mutex',0,0,0,0,0),('event_scheduler','localhost','wait/synch/mutex/innodb/srv_misc_tmpfile_mutex',0,0,0,0,0),('event_scheduler','localhost','wait/synch/mutex/innodb/srv_monitor_file_mutex',0,0,0,0,0),('event_scheduler','localhost','wait/synch/mutex/innodb/trx_undo_mutex',0,0,0,0,0),('event_scheduler','localhost','wait/synch/mutex/innodb/trx_pool_mutex',0,0,0,0,0),('event_scheduler','localhost','wait/synch/mutex/innodb/trx_pool_manager_mutex',0,0,0,0,0),('event_scheduler','localhost','wait/synch/mutex/innodb/temp_pool_manager_mutex',0,0,0,0,0),('event_scheduler','localhost','wait/synch/mutex/innodb/srv_sys_mutex',0,0,0,0,0),('event_scheduler','localhost','wait/synch/mutex/innodb/lock_sys_page_mutex',0,0,0,0,0),('event_scheduler','localhost','wait/synch/mutex/innodb/lock_sys_table_mutex',0,0,0,0,0),('event_scheduler','localhost','wait/synch/mutex/innodb/lock_wait_mutex',0,0,0,0,0),('event_scheduler','localhost','wait/synch/mutex/innodb/trx_mutex',0,0,0,0,0),('event_scheduler','localhost','wait/synch/mutex/innodb/srv_threads_mutex',0,0,0,0,0),('event_scheduler','localhost','wait/synch/mutex/innodb/rtr_active_mutex',0,0,0,0,0),('event_scheduler','localhost','wait/synch/mutex/innodb/rtr_match_mutex',0,0,0,0,0),('event_scheduler','localhost','wait/synch/mutex/innodb/rtr_path_mutex',0,0,0,0,0),('event_scheduler','localhost','wait/synch/mutex/innodb/rtr_ssn_mutex',0,0,0,0,0),('event_scheduler','localhost','wait/synch/mutex/innodb/trx_sys_mutex',0,0,0,0,0),('event_scheduler','localhost','wait/synch/mutex/innodb/trx_sys_shard_mutex',0,0,0,0,0),('event_scheduler','localhost','wait/synch/mutex/innodb/trx_sys_serialisation_mutex',0,0,0,0,0),('event_scheduler','localhost','wait/synch/mutex/innodb/zip_pad_mutex',0,0,0,0,0),('event_scheduler','localhost','wait/synch/mutex/innodb/master_key_id_mutex',0,0,0,0,0),('event_scheduler','localhost','wait/synch/mutex/innodb/sync_array_mutex',0,0,0,0,0),('event_scheduler','localhost','wait/synch/mutex/innodb/row_drop_list_mutex',0,0,0,0,0),('event_scheduler','localhost','wait/synch/mutex/innodb/ahi_enabled_mutex',0,0,0,0,0),('event_scheduler','localhost','wait/synch/mutex/myisam/MYISAM_SHARE::intern_lock',0,0,0,0,0),('event_scheduler','localhost','wait/synch/mutex/myisammrg/MYRG_INFO::mutex',0,0,0,0,0),('event_scheduler','localhost','wait/synch/mutex/archive/Archive_share::mutex',0,0,0,0,0),('event_scheduler','localhost','wait/synch/mutex/blackhole/blackhole',0,0,0,0,0),('event_scheduler','localhost','wait/synch/mutex/mysqlx/lock_list_access',0,0,0,0,0),('event_scheduler','localhost','wait/synch/mutex/mysqlx/scheduler_dynamic_worker_pending',0,0,0,0,0),('event_scheduler','localhost','wait/synch/mutex/mysqlx/scheduler_dynamic_thread_exit',0,0,0,0,0),('event_scheduler','localhost','wait/synch/mutex/mysqlx/document_id_generate',0,0,0,0,0),('event_scheduler','localhost','wait/synch/mutex/mysqlx/notice_output_queue',0,0,0,0,0),('event_scheduler','localhost','wait/synch/mutex/mysqlx/client_session_exit',0,0,0,0,0),('event_scheduler','localhost','wait/synch/mutex/mysqlx/socket_events_timers',0,0,0,0,0),('event_scheduler','localhost','wait/synch/mutex/mysqlx/scheduler_post',0,0,0,0,0),('event_scheduler','localhost','wait/synch/mutex/mysqlx/server_client_exit',0,0,0,0,0),('event_scheduler','localhost','wait/synch/mutex/mysqlx/vio_shutdown',0,0,0,0,0),('event_scheduler','localhost','wait/synch/mutex/mysqlx/page_pool',0,0,0,0,0),('event_scheduler','localhost','wait/synch/mutex/mysqlx/listener_tcp_sync',0,0,0,0,0),('event_scheduler','localhost','wait/synch/mutex/mysqlx/listener_unix_socket_sync',0,0,0,0,0),('event_scheduler','localhost','wait/synch/mutex/mysqlx/broker_context_sync',0,0,0,0,0),('event_scheduler','localhost','wait/synch/mutex/mysqlx/server_state_sync',0,0,0,0,0),('event_scheduler','localhost','wait/synch/mutex/mysqlx/socket_acceptors_sync',0,0,0,0,0),('event_scheduler','localhost','wait/synch/mutex/p_dyn_loader/key_component_id_by_urn_mutex',0,0,0,0,0),('event_scheduler','localhost','wait/synch/mutex/sql/LOCK_acl_cache_flush',0,0,0,0,0),('event_scheduler','localhost','wait/synch/mutex/sql/tz_LOCK',0,0,0,0,0),('event_scheduler','localhost','wait/synch/rwlock/pfs/LOCK_pfs_tls_channels',0,0,0,0,0),('event_scheduler','localhost','wait/synch/rwlock/sql/Binlog_transmit_delegate::lock',0,0,0,0,0),('event_scheduler','localhost','wait/synch/rwlock/sql/Binlog_relay_IO_delegate::lock',0,0,0,0,0),('event_scheduler','localhost','wait/synch/rwlock/sql/LOGGER::LOCK_logger',0,0,0,0,0),('event_scheduler','localhost','wait/synch/rwlock/sql/LOCK_sys_init_connect',0,0,0,0,0),('event_scheduler','localhost','wait/synch/rwlock/sql/LOCK_sys_init_replica',0,0,0,0,0),('event_scheduler','localhost','wait/synch/rwlock/sql/LOCK_system_variables_hash',0,0,0,0,0),('event_scheduler','localhost','wait/synch/rwlock/sql/gtid_commit_rollback',0,0,0,0,0),('event_scheduler','localhost','wait/synch/rwlock/sql/gtid_mode_lock',0,0,0,0,0),('event_scheduler','localhost','wait/synch/rwlock/sql/channel_map_lock',0,0,0,0,0),('event_scheduler','localhost','wait/synch/rwlock/sql/channel_lock',0,0,0,0,0),('event_scheduler','localhost','wait/synch/rwlock/sql/Trans_delegate::lock',0,0,0,0,0),('event_scheduler','localhost','wait/synch/rwlock/sql/Server_state_delegate::lock',0,0,0,0,0),('event_scheduler','localhost','wait/synch/rwlock/sql/Binlog_storage_delegate::lock',0,0,0,0,0),('event_scheduler','localhost','wait/synch/rwlock/sql/gtid_retrieved',0,0,0,0,0),('event_scheduler','localhost','wait/synch/rwlock/sql/rpl_filter_lock',0,0,0,0,0),('event_scheduler','localhost','wait/synch/rwlock/sql/channel_to_filter_lock',0,0,0,0,0),('event_scheduler','localhost','wait/synch/rwlock/sql/Resource_group_mgr::m_map_rwlock',0,0,0,0,0),('event_scheduler','localhost','wait/synch/rwlock/sql/server_shutting_down',0,0,0,0,0),('event_scheduler','localhost','wait/synch/rwlock/mysys/SAFE_HASH::lock',0,0,0,0,0),('event_scheduler','localhost','wait/synch/rwlock/session/LOCK_srv_session_collection',0,0,0,0,0),('event_scheduler','localhost','wait/synch/prlock/sql/MDL_lock::rwlock',0,0,0,0,0),('event_scheduler','localhost','wait/synch/prlock/sql/MDL_context::LOCK_waiting_for',0,0,0,0,0),('event_scheduler','localhost','wait/synch/rwlock/sql/THR_LOCK_udf',0,0,0,0,0),('event_scheduler','localhost','wait/synch/sxlock/innodb/btr_search_latch',0,0,0,0,0),('event_scheduler','localhost','wait/synch/sxlock/innodb/dict_operation_lock',0,0,0,0,0),('event_scheduler','localhost','wait/synch/sxlock/innodb/fil_space_latch',0,0,0,0,0),('event_scheduler','localhost','wait/synch/sxlock/innodb/log_sn_lock',0,0,0,0,0),('event_scheduler','localhost','wait/synch/sxlock/innodb/undo_spaces_lock',0,0,0,0,0),('event_scheduler','localhost','wait/synch/sxlock/innodb/rsegs_lock',0,0,0,0,0),('event_scheduler','localhost','wait/synch/sxlock/innodb/lock_sys_global_rw_lock',0,0,0,0,0),('event_scheduler','localhost','wait/synch/sxlock/innodb/fts_cache_rw_lock',0,0,0,0,0),('event_scheduler','localhost','wait/synch/sxlock/innodb/fts_cache_init_rw_lock',0,0,0,0,0),('event_scheduler','localhost','wait/synch/sxlock/innodb/trx_i_s_cache_lock',0,0,0,0,0),('event_scheduler','localhost','wait/synch/sxlock/innodb/trx_purge_latch',0,0,0,0,0),('event_scheduler','localhost','wait/synch/sxlock/innodb/index_tree_rw_lock',0,0,0,0,0),('event_scheduler','localhost','wait/synch/sxlock/innodb/index_online_log',0,0,0,0,0),('event_scheduler','localhost','wait/synch/sxlock/innodb/dict_table_stats',0,0,0,0,0),('event_scheduler','localhost','wait/synch/sxlock/innodb/hash_table_locks',0,0,0,0,0),('event_scheduler','localhost','wait/synch/rwlock/myisam/MYISAM_SHARE::key_root_lock',0,0,0,0,0),('event_scheduler','localhost','wait/synch/rwlock/myisam/MYISAM_SHARE::mmap_lock',0,0,0,0,0),('event_scheduler','localhost','wait/synch/rwlock/sha2_auth/key_m_cache_lock',0,0,0,0,0),('event_scheduler','localhost','wait/synch/rwlock/mysqlx/client_list_clients',0,0,0,0,0),('event_scheduler','localhost','wait/synch/rwlock/mysqlx/sha256_password_cache',0,0,0,0,0),('event_scheduler','localhost','wait/synch/rwlock/mysqlx/xpl_server_instance',0,0,0,0,0),('event_scheduler','localhost','wait/synch/rwlock/sql/LOCK_thd_store_data',0,0,0,0,0),('event_scheduler','localhost','wait/synch/rwlock/sql/THR_LOCK_servers',0,0,0,0,0),('event_scheduler','localhost','wait/synch/cond/sql/PAGE::cond',0,0,0,0,0),('event_scheduler','localhost','wait/synch/cond/sql/TC_LOG_MMAP::COND_active',0,0,0,0,0),('event_scheduler','localhost','wait/synch/cond/sql/TC_LOG_MMAP::COND_pool',0,0,0,0,0),('event_scheduler','localhost','wait/synch/cond/sql/MYSQL_BIN_LOG::COND_done',0,0,0,0,0),('event_scheduler','localhost','wait/synch/cond/sql/MYSQL_BIN_LOG::COND_flush_queue',0,0,0,0,0),('event_scheduler','localhost','wait/synch/cond/sql/MYSQL_BIN_LOG::update_cond',0,0,0,0,0),('event_scheduler','localhost','wait/synch/cond/sql/MYSQL_BIN_LOG::prep_xids_cond',0,0,0,0,0),('event_scheduler','localhost','wait/synch/cond/sql/MYSQL_BIN_LOG::COND_wait_for_group_turn',0,0,0,0,0),('event_scheduler','localhost','wait/synch/cond/sql/MYSQL_RELAY_LOG::update_cond',0,0,0,0,0),('event_scheduler','localhost','wait/synch/cond/sql/COND_manager',0,0,0,0,0),('event_scheduler','localhost','wait/synch/cond/sql/COND_server_started',0,0,0,0,0),('event_scheduler','localhost','wait/synch/cond/sql/COND_socket_listener_active',0,0,0,0,0),('event_scheduler','localhost','wait/synch/cond/sql/COND_start_signal_handler',0,0,0,0,0),('event_scheduler','localhost','wait/synch/cond/sql/COND_thr_lock',0,0,0,0,0),('event_scheduler','localhost','wait/synch/cond/sql/Item_func_sleep::cond',0,0,0,0,0),('event_scheduler','localhost','wait/synch/cond/sql/Source_info::data_cond',0,0,0,0,0),('event_scheduler','localhost','wait/synch/cond/sql/Source_info::start_cond',0,0,0,0,0),('event_scheduler','localhost','wait/synch/cond/sql/Source_info::stop_cond',0,0,0,0,0),('event_scheduler','localhost','wait/synch/cond/sql/Source_info::sleep_cond',0,0,0,0,0),('event_scheduler','localhost','wait/synch/cond/sql/Source_info::rotate_cond',0,0,0,0,0),('event_scheduler','localhost','wait/synch/cond/sql/Relay_log_info::data_cond',0,0,0,0,0),('event_scheduler','localhost','wait/synch/cond/sql/Relay_log_info::log_space_cond',0,0,0,0,0),('event_scheduler','localhost','wait/synch/cond/sql/Relay_log_info::start_cond',0,0,0,0,0),('event_scheduler','localhost','wait/synch/cond/sql/Relay_log_info::stop_cond',0,0,0,0,0),('event_scheduler','localhost','wait/synch/cond/sql/Relay_log_info::sleep_cond',0,0,0,0,0),('event_scheduler','localhost','wait/synch/cond/sql/Relay_log_info::pending_jobs_cond',0,0,0,0,0),('event_scheduler','localhost','wait/synch/cond/sql/Worker_info::jobs_cond',0,0,0,0,0),('event_scheduler','localhost','wait/synch/cond/sql/Relay_log_info::mta_gaq_cond',0,0,0,0,0),('event_scheduler','localhost','wait/synch/cond/sql/Gtid_state',0,0,0,0,0),('event_scheduler','localhost','wait/synch/cond/sql/COND_compress_gtid_table',0,0,0,0,0),('event_scheduler','localhost','wait/synch/cond/sql/Commit_order_manager::m_workers.cond',0,0,0,0,0),('event_scheduler','localhost','wait/synch/cond/sql/Relay_log_info::replica_worker_hash_cond',0,0,0,0,0),('event_scheduler','localhost','wait/synch/cond/sql/Source_IO_monitor::run_cond',0,0,0,0,0),('event_scheduler','localhost','wait/synch/cond/sql/THD::COND_delegate_connection_cond_var',0,0,0,0,0),('event_scheduler','localhost','wait/synch/cond/sql/THD::COND_group_replication_connection_cond_var',0,0,0,0,0),('event_scheduler','localhost','wait/synch/cond/mysys/IO_CACHE_SHARE::cond',0,0,0,0,0),('event_scheduler','localhost','wait/synch/cond/mysys/IO_CACHE_SHARE::cond_writer',0,0,0,0,0),('event_scheduler','localhost','wait/synch/cond/mysys/THR_COND_threads',0,0,0,0,0),('event_scheduler','localhost','wait/synch/cond/sql/Event_scheduler::COND_state',0,0,0,0,0),('event_scheduler','localhost','wait/synch/cond/sql/COND_queue_state',0,0,0,0,0),('event_scheduler','localhost','wait/synch/cond/sql/COND_thread_cache',0,0,0,0,0),('event_scheduler','localhost','wait/synch/cond/sql/COND_flush_thread_cache',0,0,0,0,0),('event_scheduler','localhost','wait/synch/cond/sql/COND_connection_count',0,0,0,0,0),('event_scheduler','localhost','wait/synch/cond/sql/COND_thd_list',0,0,0,0,0),('event_scheduler','localhost','wait/synch/cond/sql/MDL_context::COND_wait_status',0,0,0,0,0),('event_scheduler','localhost','wait/synch/cond/sql/COND_open',0,0,0,0,0),('event_scheduler','localhost','wait/synch/cond/innodb/commit_cond',0,0,0,0,0),('event_scheduler','localhost','wait/synch/cond/innodb/resume_encryption_cond',0,0,0,0,0),('event_scheduler','localhost','wait/synch/cond/myisam/keycache_thread_var::suspend',0,0,0,0,0),('event_scheduler','localhost','wait/synch/cond/mysqlx/scheduler_dynamic_worker_pending',0,0,0,0,0),('event_scheduler','localhost','wait/synch/cond/mysqlx/scheduler_dynamic_thread_exit',0,0,0,0,0),('event_scheduler','localhost','wait/synch/cond/mysqlx/listener_tcp_sync',0,0,0,0,0),('event_scheduler','localhost','wait/synch/cond/mysqlx/listener_unix_socket_sync',0,0,0,0,0),('event_scheduler','localhost','wait/synch/cond/mysqlx/broker_context_sync',0,0,0,0,0),('event_scheduler','localhost','wait/synch/cond/mysqlx/server_state_sync',0,0,0,0,0),('event_scheduler','localhost','wait/synch/cond/mysqlx/socket_acceptors_sync',0,0,0,0,0),('event_scheduler','localhost','wait/io/file/sql/binlog',0,0,0,0,0),('event_scheduler','localhost','wait/io/file/sql/binlog_cache',0,0,0,0,0),('event_scheduler','localhost','wait/io/file/sql/binlog_index',0,0,0,0,0),('event_scheduler','localhost','wait/io/file/sql/binlog_index_cache',0,0,0,0,0),('event_scheduler','localhost','wait/io/file/sql/relaylog',0,0,0,0,0),('event_scheduler','localhost','wait/io/file/sql/relaylog_cache',0,0,0,0,0),('event_scheduler','localhost','wait/io/file/sql/relaylog_index',0,0,0,0,0),('event_scheduler','localhost','wait/io/file/sql/relaylog_index_cache',0,0,0,0,0),('event_scheduler','localhost','wait/io/file/sql/io_cache',0,0,0,0,0),('event_scheduler','localhost','wait/io/file/sql/casetest',0,0,0,0,0),('event_scheduler','localhost','wait/io/file/sql/dbopt',0,0,0,0,0),('event_scheduler','localhost','wait/io/file/sql/ERRMSG',0,0,0,0,0),('event_scheduler','localhost','wait/io/file/sql/select_to_file',0,0,0,0,0),('event_scheduler','localhost','wait/io/file/sql/file_parser',0,0,0,0,0),('event_scheduler','localhost','wait/io/file/sql/FRM',0,0,0,0,0),('event_scheduler','localhost','wait/io/file/sql/load',0,0,0,0,0),('event_scheduler','localhost','wait/io/file/sql/LOAD_FILE',0,0,0,0,0),('event_scheduler','localhost','wait/io/file/sql/log_event_data',0,0,0,0,0),('event_scheduler','localhost','wait/io/file/sql/log_event_info',0,0,0,0,0),('event_scheduler','localhost','wait/io/file/sql/misc',0,0,0,0,0),('event_scheduler','localhost','wait/io/file/sql/pid',0,0,0,0,0),('event_scheduler','localhost','wait/io/file/sql/query_log',0,0,0,0,0),('event_scheduler','localhost','wait/io/file/sql/slow_log',0,0,0,0,0),('event_scheduler','localhost','wait/io/file/sql/tclog',0,0,0,0,0),('event_scheduler','localhost','wait/io/file/sql/trigger_name',0,0,0,0,0),('event_scheduler','localhost','wait/io/file/sql/trigger',0,0,0,0,0),('event_scheduler','localhost','wait/io/file/sql/init',0,0,0,0,0),('event_scheduler','localhost','wait/io/file/sql/SDI',0,0,0,0,0),('event_scheduler','localhost','wait/io/file/sql/hash_join',0,0,0,0,0),('event_scheduler','localhost','wait/io/file/mysys/proc_meminfo',0,0,0,0,0),('event_scheduler','localhost','wait/io/file/mysys/charset',0,0,0,0,0),('event_scheduler','localhost','wait/io/file/mysys/cnf',0,0,0,0,0),('event_scheduler','localhost','wait/io/file/csv/metadata',0,0,0,0,0),('event_scheduler','localhost','wait/io/file/csv/data',0,0,0,0,0),('event_scheduler','localhost','wait/io/file/csv/update',0,0,0,0,0),('event_scheduler','localhost','wait/io/file/innodb/innodb_dblwr_file',0,0,0,0,0),('event_scheduler','localhost','wait/io/file/innodb/innodb_tablespace_open_file',0,0,0,0,0),('event_scheduler','localhost','wait/io/file/innodb/innodb_data_file',0,0,0,0,0),('event_scheduler','localhost','wait/io/file/innodb/innodb_log_file',0,0,0,0,0),('event_scheduler','localhost','wait/io/file/innodb/innodb_temp_file',0,0,0,0,0),('event_scheduler','localhost','wait/io/file/innodb/innodb_arch_file',0,0,0,0,0),('event_scheduler','localhost','wait/io/file/innodb/innodb_clone_file',0,0,0,0,0),('event_scheduler','localhost','wait/io/file/innodb/meb::redo_log_archive_file',0,0,0,0,0),('event_scheduler','localhost','wait/io/file/myisam/data_tmp',0,0,0,0,0),('event_scheduler','localhost','wait/io/file/myisam/dfile',0,0,0,0,0),('event_scheduler','localhost','wait/io/file/myisam/kfile',0,0,0,0,0),('event_scheduler','localhost','wait/io/file/myisam/log',0,0,0,0,0),('event_scheduler','localhost','wait/io/file/myisammrg/MRG',0,0,0,0,0),('event_scheduler','localhost','wait/io/file/archive/metadata',0,0,0,0,0),('event_scheduler','localhost','wait/io/file/archive/data',0,0,0,0,0),('event_scheduler','localhost','wait/io/file/archive/FRM',0,0,0,0,0),('event_scheduler','localhost','wait/io/table/sql/handler',0,0,0,0,0),('event_scheduler','localhost','wait/lock/table/sql/handler',0,0,0,0,0),('event_scheduler','localhost','wait/io/socket/sql/server_tcpip_socket',0,0,0,0,0),('event_scheduler','localhost','wait/io/socket/sql/server_unix_socket',0,0,0,0,0),('event_scheduler','localhost','wait/io/socket/sql/client_connection',0,0,0,0,0),('event_scheduler','localhost','wait/io/socket/mysqlx/tcpip_socket',0,0,0,0,0),('event_scheduler','localhost','wait/io/socket/mysqlx/diagnostics_socket',0,0,0,0,0),('event_scheduler','localhost','wait/io/socket/mysqlx/unix_socket',0,0,0,0,0),('event_scheduler','localhost','wait/io/socket/mysqlx/client_connection',0,0,0,0,0),('event_scheduler','localhost','idle',0,0,0,0,0),('event_scheduler','localhost','wait/lock/metadata/sql/mdl',0,0,0,0,0),('oc_ucr','localhost','wait/synch/mutex/pfs/LOCK_pfs_share_list',0,0,0,0,0),('oc_ucr','localhost','wait/synch/mutex/pfs/LOCK_pfs_tracing_callback',0,0,0,0,0),('oc_ucr','localhost','wait/synch/mutex/sql/TC_LOG_MMAP::LOCK_tc',0,0,0,0,0),('oc_ucr','localhost','wait/synch/mutex/sql/MYSQL_BIN_LOG::LOCK_commit',0,0,0,0,0),('oc_ucr','localhost','wait/synch/mutex/sql/MYSQL_BIN_LOG::LOCK_commit_queue',0,0,0,0,0),('oc_ucr','localhost','wait/synch/mutex/sql/MYSQL_BIN_LOG::LOCK_done',0,0,0,0,0),('oc_ucr','localhost','wait/synch/mutex/sql/MYSQL_BIN_LOG::LOCK_flush_queue',0,0,0,0,0),('oc_ucr','localhost','wait/synch/mutex/sql/MYSQL_BIN_LOG::LOCK_index',0,0,0,0,0),('oc_ucr','localhost','wait/synch/mutex/sql/MYSQL_BIN_LOG::LOCK_log',0,0,0,0,0),('oc_ucr','localhost','wait/synch/mutex/sql/MYSQL_BIN_LOG::LOCK_binlog_end_pos',0,0,0,0,0),('oc_ucr','localhost','wait/synch/mutex/sql/MYSQL_BIN_LOG::LOCK_sync',0,0,0,0,0),('oc_ucr','localhost','wait/synch/mutex/sql/MYSQL_BIN_LOG::LOCK_sync_queue',0,0,0,0,0),('oc_ucr','localhost','wait/synch/mutex/sql/MYSQL_BIN_LOG::LOCK_xids',0,0,0,0,0),('oc_ucr','localhost','wait/synch/mutex/sql/MYSQL_BIN_LOG::LOCK_wait_for_group_turn',0,0,0,0,0),('oc_ucr','localhost','wait/synch/mutex/sql/MYSQL_BIN_LOG::LOCK_after_commit',0,0,0,0,0),('oc_ucr','localhost','wait/synch/mutex/sql/MYSQL_BIN_LOG::LOCK_after_commit_queue',0,0,0,0,0),('oc_ucr','localhost','wait/synch/mutex/sql/MYSQL_RELAY_LOG::LOCK_commit',0,0,0,0,0),('oc_ucr','localhost','wait/synch/mutex/sql/MYSQL_RELAY_LOG::LOCK_index',0,0,0,0,0),('oc_ucr','localhost','wait/synch/mutex/sql/MYSQL_RELAY_LOG::LOCK_log',0,0,0,0,0),('oc_ucr','localhost','wait/synch/mutex/sql/MYSQL_RELAY_LOG::LOCK_log_end_pos',0,0,0,0,0),('oc_ucr','localhost','wait/synch/mutex/sql/MYSQL_RELAY_LOG::LOCK_sync',0,0,0,0,0),('oc_ucr','localhost','wait/synch/mutex/sql/MYSQL_RELAY_LOG::LOCK_xids',0,0,0,0,0),('oc_ucr','localhost','wait/synch/mutex/sql/hash_filo::lock',0,0,0,0,0),('oc_ucr','localhost','wait/synch/mutex/sql/Gtid_set::gtid_executed::free_intervals_mutex',0,0,0,0,0),('oc_ucr','localhost','wait/synch/mutex/sql/LOCK_crypt',0,0,0,0,0),('oc_ucr','localhost','wait/synch/mutex/sql/LOCK_error_log',0,0,0,0,0),('oc_ucr','localhost','wait/synch/mutex/sql/LOCK_global_system_variables',0,0,0,0,0),('oc_ucr','localhost','wait/synch/mutex/sql/LOCK_manager',0,0,0,0,0),('oc_ucr','localhost','wait/synch/mutex/sql/LOCK_prepared_stmt_count',0,0,0,0,0),('oc_ucr','localhost','wait/synch/mutex/sql/LOCK_replica_list',0,0,0,0,0),('oc_ucr','localhost','wait/synch/mutex/sql/LOCK_sql_replica_skip_counter',0,0,0,0,0),('oc_ucr','localhost','wait/synch/mutex/sql/LOCK_replica_net_timeout',0,0,0,0,0),('oc_ucr','localhost','wait/synch/mutex/sql/LOCK_replica_trans_dep_tracker',0,0,0,0,0),('oc_ucr','localhost','wait/synch/mutex/sql/LOCK_server_started',0,0,0,0,0),('oc_ucr','localhost','wait/synch/mutex/sql/LOCK_socket_listener_active',0,0,0,0,0),('oc_ucr','localhost','wait/synch/mutex/sql/LOCK_start_signal_handler',0,0,0,0,0),('oc_ucr','localhost','wait/synch/mutex/sql/LOCK_status',0,0,0,0,0),('oc_ucr','localhost','wait/synch/mutex/sql/THD::LOCK_thd_data',0,0,0,0,0),('oc_ucr','localhost','wait/synch/mutex/sql/THD::LOCK_thd_query',0,0,0,0,0),('oc_ucr','localhost','wait/synch/mutex/sql/THD::LOCK_thd_sysvar',0,0,0,0,0),('oc_ucr','localhost','wait/synch/mutex/sql/THD::LOCK_thd_protocol',0,0,0,0,0),('oc_ucr','localhost','wait/synch/mutex/sql/THD::LOCK_thd_security_ctx',0,0,0,0,0),('oc_ucr','localhost','wait/synch/mutex/sql/LOCK_user_conn',0,0,0,0,0),('oc_ucr','localhost','wait/synch/mutex/sql/LOCK_uuid_generator',0,0,0,0,0),('oc_ucr','localhost','wait/synch/mutex/sql/LOCK_sql_rand',0,0,0,0,0),('oc_ucr','localhost','wait/synch/mutex/sql/LOG::LOCK_log',0,0,0,0,0),('oc_ucr','localhost','wait/synch/mutex/sql/Source_info::data_lock',0,0,0,0,0),('oc_ucr','localhost','wait/synch/mutex/sql/Source_info::run_lock',0,0,0,0,0),('oc_ucr','localhost','wait/synch/mutex/sql/Source_info::sleep_lock',0,0,0,0,0),('oc_ucr','localhost','wait/synch/mutex/sql/Source_info::info_thd_lock',0,0,0,0,0),('oc_ucr','localhost','wait/synch/mutex/sql/Source_info::rotate_lock',0,0,0,0,0),('oc_ucr','localhost','wait/synch/mutex/sql/Replica_reporting_capability::err_lock',0,0,0,0,0),('oc_ucr','localhost','wait/synch/mutex/sql/Relay_log_info::data_lock',0,0,0,0,0),('oc_ucr','localhost','wait/synch/mutex/sql/Relay_log_info::sleep_lock',0,0,0,0,0),('oc_ucr','localhost','wait/synch/mutex/sql/Relay_log_info::info_thd_lock',0,0,0,0,0),('oc_ucr','localhost','wait/synch/mutex/sql/Relay_log_info::log_space_lock',0,0,0,0,0),('oc_ucr','localhost','wait/synch/mutex/sql/Relay_log_info::run_lock',0,0,0,0,0),('oc_ucr','localhost','wait/synch/mutex/sql/Relay_log_info::pending_jobs_lock',0,0,0,0,0),('oc_ucr','localhost','wait/synch/mutex/sql/Relay_log_info::exit_count_lock',0,0,0,0,0),('oc_ucr','localhost','wait/synch/mutex/sql/Worker_info::jobs_lock',0,0,0,0,0),('oc_ucr','localhost','wait/synch/mutex/sql/TABLE_SHARE::LOCK_ha_data',0,0,0,0,0),('oc_ucr','localhost','wait/synch/mutex/sql/LOCK_error_messages',0,0,0,0,0),('oc_ucr','localhost','wait/synch/mutex/sql/LOCK_log_throttle_qni',0,0,0,0,0),('oc_ucr','localhost','wait/synch/mutex/sql/Gtid_state',0,0,0,0,0),('oc_ucr','localhost','wait/synch/mutex/sql/THD::LOCK_query_plan',0,0,0,0,0),('oc_ucr','localhost','wait/synch/mutex/sql/Cost_constant_cache::LOCK_cost_const',0,0,0,0,0),('oc_ucr','localhost','wait/synch/mutex/sql/THD::LOCK_current_cond',0,0,0,0,0),('oc_ucr','localhost','wait/synch/mutex/sql/key_mta_temp_table_LOCK',0,0,0,0,0),('oc_ucr','localhost','wait/synch/mutex/sql/LOCK_reset_gtid_table',0,0,0,0,0),('oc_ucr','localhost','wait/synch/mutex/sql/LOCK_compress_gtid_table',0,0,0,0,0),('oc_ucr','localhost','wait/synch/mutex/sql/LOCK_collect_instance_log',0,0,0,0,0),('oc_ucr','localhost','wait/synch/mutex/sql/key_mta_gaq_LOCK',0,0,0,0,0),('oc_ucr','localhost','wait/synch/mutex/sql/thd_timer_mutex',0,0,0,0,0),('oc_ucr','localhost','wait/synch/mutex/sql/Commit_order_manager::m_mutex',0,0,0,0,0),('oc_ucr','localhost','wait/synch/mutex/sql/Relay_log_info::replica_worker_hash_lock',0,0,0,0,0),('oc_ucr','localhost','wait/synch/mutex/sql/LOCK_default_password_lifetime',0,0,0,0,0),('oc_ucr','localhost','wait/synch/mutex/sql/LOCK_mandatory_roles',0,0,0,0,0),('oc_ucr','localhost','wait/synch/mutex/sql/LOCK_password_history',0,0,0,0,0),('oc_ucr','localhost','wait/synch/mutex/sql/LOCK_password_reuse_interval',0,0,0,0,0),('oc_ucr','localhost','wait/synch/mutex/sql/LOCK_keyring_operations',0,0,0,0,0),('oc_ucr','localhost','wait/synch/mutex/sql/LOCK_tls_ctx_options',0,0,0,0,0),('oc_ucr','localhost','wait/synch/mutex/sql/LOCK_admin_tls_ctx_options',0,0,0,0,0),('oc_ucr','localhost','wait/synch/mutex/sql/LOCK_rotate_binlog_master_key',0,0,0,0,0),('oc_ucr','localhost','wait/synch/mutex/sql/Source_IO_monitor::run_lock',0,0,0,0,0),('oc_ucr','localhost','wait/synch/mutex/sql/LOCK_delegate_connection_mutex',0,0,0,0,0),('oc_ucr','localhost','wait/synch/mutex/sql/LOCK_group_replication_connection_mutex',0,0,0,0,0),('oc_ucr','localhost','wait/synch/mutex/sql/LOCK_authentication_policy',0,0,0,0,0),('oc_ucr','localhost','wait/synch/mutex/sql/LOCK_global_conn_mem_limit',0,0,0,0,0),('oc_ucr','localhost','wait/synch/mutex/mysys/IO_CACHE::append_buffer_lock',0,0,0,0,0),('oc_ucr','localhost','wait/synch/mutex/mysys/IO_CACHE::SHARE_mutex',0,0,0,0,0),('oc_ucr','localhost','wait/synch/mutex/mysys/KEY_CACHE::cache_lock',0,0,0,0,0),('oc_ucr','localhost','wait/synch/mutex/mysys/THR_LOCK_charset',0,0,0,0,0),('oc_ucr','localhost','wait/synch/mutex/mysys/THR_LOCK_heap',0,0,0,0,0),('oc_ucr','localhost','wait/synch/mutex/mysys/THR_LOCK_lock',0,0,0,0,0),('oc_ucr','localhost','wait/synch/mutex/mysys/THR_LOCK_malloc',0,0,0,0,0),('oc_ucr','localhost','wait/synch/mutex/mysys/THR_LOCK::mutex',0,0,0,0,0),('oc_ucr','localhost','wait/synch/mutex/mysys/THR_LOCK_myisam',0,0,0,0,0),('oc_ucr','localhost','wait/synch/mutex/mysys/THR_LOCK_net',0,0,0,0,0),('oc_ucr','localhost','wait/synch/mutex/mysys/THR_LOCK_open',0,0,0,0,0),('oc_ucr','localhost','wait/synch/mutex/mysys/THR_LOCK_threads',0,0,0,0,0),('oc_ucr','localhost','wait/synch/mutex/mysys/TMPDIR_mutex',0,0,0,0,0),('oc_ucr','localhost','wait/synch/mutex/mysys/THR_LOCK_myisam_mmap',0,0,0,0,0),('oc_ucr','localhost','wait/synch/mutex/sql/LOCK_audit_mask',0,0,0,0,0),('oc_ucr','localhost','wait/synch/mutex/session/LOCK_srv_session_threads',0,0,0,0,0),('oc_ucr','localhost','wait/synch/mutex/sql/LOCK_event_queue',0,0,0,0,0),('oc_ucr','localhost','wait/synch/mutex/sql/Event_scheduler::LOCK_scheduler_state',0,0,0,0,0),('oc_ucr','localhost','wait/synch/mutex/sql/LOCK_thread_cache',0,0,0,0,0),('oc_ucr','localhost','wait/synch/mutex/sql/LOCK_connection_count',0,0,0,0,0),('oc_ucr','localhost','wait/synch/mutex/sql/LOCK_thd_list',0,0,0,0,0),('oc_ucr','localhost','wait/synch/mutex/sql/LOCK_thd_remove',0,0,0,0,0),('oc_ucr','localhost','wait/synch/mutex/sql/LOCK_thread_ids',0,0,0,0,0),('oc_ucr','localhost','wait/synch/mutex/sql/LOCK_load_client_plugin',0,0,0,0,0),('oc_ucr','localhost','wait/synch/mutex/sql/LOCK_item_func_sleep',0,0,0,0,0),('oc_ucr','localhost','wait/synch/mutex/sql/MDL_wait::LOCK_wait_status',0,0,0,0,0),('oc_ucr','localhost','wait/synch/mutex/sql/Partition_share::auto_inc_mutex',0,0,0,0,0),('oc_ucr','localhost','wait/synch/mutex/sql/LOCK_open',0,0,0,0,0),('oc_ucr','localhost','wait/synch/mutex/sql/LOCK_table_cache',0,0,0,0,0),('oc_ucr','localhost','wait/synch/mutex/refcache/refcache_channel_mutex',0,0,0,0,0),('oc_ucr','localhost','wait/synch/mutex/sql/LOCK_transaction_cache',0,0,0,0,0),('oc_ucr','localhost','wait/synch/mutex/sql/LOCK_mdl_context_backup_manager',0,0,0,0,0),('oc_ucr','localhost','wait/synch/mutex/sql/LOCK_plugin',0,0,0,0,0),('oc_ucr','localhost','wait/synch/mutex/sql/LOCK_plugin_delete',0,0,0,0,0),('oc_ucr','localhost','wait/synch/mutex/sql/LOCK_plugin_install',0,0,0,0,0),('oc_ucr','localhost','wait/synch/mutex/csv/tina',0,0,0,0,0),('oc_ucr','localhost','wait/synch/mutex/csv/TINA_SHARE::mutex',0,0,0,0,0),('oc_ucr','localhost','wait/synch/mutex/innodb/commit_cond_mutex',0,0,0,0,0),('oc_ucr','localhost','wait/synch/mutex/innodb/innobase_share_mutex',0,0,0,0,0),('oc_ucr','localhost','wait/synch/mutex/innodb/resume_encryption_cond_mutex',0,0,0,0,0),('oc_ucr','localhost','wait/synch/mutex/innodb/alter_stage_mutex',0,0,0,0,0),('oc_ucr','localhost','wait/synch/mutex/innodb/autoinc_mutex',0,0,0,0,0),('oc_ucr','localhost','wait/synch/mutex/innodb/autoinc_persisted_mutex',0,0,0,0,0),('oc_ucr','localhost','wait/synch/mutex/innodb/buf_pool_chunks_mutex',0,0,0,0,0),('oc_ucr','localhost','wait/synch/mutex/innodb/buf_pool_flush_state_mutex',0,0,0,0,0),('oc_ucr','localhost','wait/synch/mutex/innodb/buf_pool_LRU_list_mutex',0,0,0,0,0),('oc_ucr','localhost','wait/synch/mutex/innodb/buf_pool_free_list_mutex',0,0,0,0,0),('oc_ucr','localhost','wait/synch/mutex/innodb/buf_pool_zip_free_mutex',0,0,0,0,0),('oc_ucr','localhost','wait/synch/mutex/innodb/buf_pool_zip_hash_mutex',0,0,0,0,0),('oc_ucr','localhost','wait/synch/mutex/innodb/buf_pool_zip_mutex',0,0,0,0,0),('oc_ucr','localhost','wait/synch/mutex/innodb/clone_snapshot_mutex',0,0,0,0,0),('oc_ucr','localhost','wait/synch/mutex/innodb/clone_sys_mutex',0,0,0,0,0),('oc_ucr','localhost','wait/synch/mutex/innodb/clone_task_mutex',0,0,0,0,0),('oc_ucr','localhost','wait/synch/mutex/innodb/ddl_autoinc_mutex',0,0,0,0,0),('oc_ucr','localhost','wait/synch/mutex/innodb/dict_foreign_err_mutex',0,0,0,0,0),('oc_ucr','localhost','wait/synch/mutex/innodb/dict_persist_dirty_tables_mutex',0,0,0,0,0),('oc_ucr','localhost','wait/synch/mutex/innodb/dict_sys_mutex',0,0,0,0,0),('oc_ucr','localhost','wait/synch/mutex/innodb/dict_table_mutex',0,0,0,0,0),('oc_ucr','localhost','wait/synch/mutex/innodb/parser_mutex',0,0,0,0,0),('oc_ucr','localhost','wait/synch/mutex/innodb/recalc_pool_mutex',0,0,0,0,0),('oc_ucr','localhost','wait/synch/mutex/innodb/fil_system_mutex',0,0,0,0,0),('oc_ucr','localhost','wait/synch/mutex/innodb/file_open_mutex',0,0,0,0,0),('oc_ucr','localhost','wait/synch/mutex/innodb/flush_list_mutex',0,0,0,0,0),('oc_ucr','localhost','wait/synch/mutex/innodb/fts_bg_threads_mutex',0,0,0,0,0),('oc_ucr','localhost','wait/synch/mutex/innodb/fts_delete_mutex',0,0,0,0,0),('oc_ucr','localhost','wait/synch/mutex/innodb/fts_optimize_mutex',0,0,0,0,0),('oc_ucr','localhost','wait/synch/mutex/innodb/fts_doc_id_mutex',0,0,0,0,0),('oc_ucr','localhost','wait/synch/mutex/innodb/fts_pll_tokenize_mutex',0,0,0,0,0),('oc_ucr','localhost','wait/synch/mutex/innodb/hash_table_mutex',0,0,0,0,0),('oc_ucr','localhost','wait/synch/mutex/innodb/ibuf_bitmap_mutex',0,0,0,0,0),('oc_ucr','localhost','wait/synch/mutex/innodb/ibuf_mutex',0,0,0,0,0),('oc_ucr','localhost','wait/synch/mutex/innodb/ibuf_pessimistic_insert_mutex',0,0,0,0,0),('oc_ucr','localhost','wait/synch/mutex/innodb/lock_free_hash_mutex',0,0,0,0,0),('oc_ucr','localhost','wait/synch/mutex/innodb/log_limits_mutex',0,0,0,0,0),('oc_ucr','localhost','wait/synch/mutex/innodb/log_files_mutex',0,0,0,0,0),('oc_ucr','localhost','wait/synch/mutex/innodb/log_checkpointer_mutex',0,0,0,0,0),('oc_ucr','localhost','wait/synch/mutex/innodb/log_closer_mutex',0,0,0,0,0),('oc_ucr','localhost','wait/synch/mutex/innodb/log_writer_mutex',0,0,0,0,0),('oc_ucr','localhost','wait/synch/mutex/innodb/log_flusher_mutex',0,0,0,0,0),('oc_ucr','localhost','wait/synch/mutex/innodb/log_write_notifier_mutex',0,0,0,0,0),('oc_ucr','localhost','wait/synch/mutex/innodb/log_flush_notifier_mutex',0,0,0,0,0),('oc_ucr','localhost','wait/synch/mutex/innodb/log_sys_arch_mutex',0,0,0,0,0),('oc_ucr','localhost','wait/synch/mutex/innodb/log_cmdq_mutex',0,0,0,0,0),('oc_ucr','localhost','wait/synch/mutex/innodb/log_sn_mutex',0,0,0,0,0),('oc_ucr','localhost','wait/synch/mutex/innodb/mutex_list_mutex',0,0,0,0,0),('oc_ucr','localhost','wait/synch/mutex/innodb/page_sys_arch_mutex',0,0,0,0,0),('oc_ucr','localhost','wait/synch/mutex/innodb/page_sys_arch_oper_mutex',0,0,0,0,0),('oc_ucr','localhost','wait/synch/mutex/innodb/page_sys_arch_client_mutex',0,0,0,0,0),('oc_ucr','localhost','wait/synch/mutex/innodb/page_zip_stat_per_index_mutex',0,0,0,0,0),('oc_ucr','localhost','wait/synch/mutex/innodb/page_cleaner_mutex',0,0,0,0,0),('oc_ucr','localhost','wait/synch/mutex/innodb/parallel_read_mutex',0,0,0,0,0),('oc_ucr','localhost','wait/synch/mutex/innodb/dblwr_mutex',0,0,0,0,0),('oc_ucr','localhost','wait/synch/mutex/innodb/purge_sys_pq_mutex',0,0,0,0,0),('oc_ucr','localhost','wait/synch/mutex/innodb/recv_sys_mutex',0,0,0,0,0),('oc_ucr','localhost','wait/synch/mutex/innodb/recv_writer_mutex',0,0,0,0,0),('oc_ucr','localhost','wait/synch/mutex/innodb/temp_space_rseg_mutex',0,0,0,0,0),('oc_ucr','localhost','wait/synch/mutex/innodb/undo_space_rseg_mutex',0,0,0,0,0),('oc_ucr','localhost','wait/synch/mutex/innodb/trx_sys_rseg_mutex',0,0,0,0,0),('oc_ucr','localhost','wait/synch/mutex/innodb/rw_lock_list_mutex',0,0,0,0,0),('oc_ucr','localhost','wait/synch/mutex/innodb/rw_lock_mutex',0,0,0,0,0),('oc_ucr','localhost','wait/synch/mutex/innodb/srv_innodb_monitor_mutex',0,0,0,0,0),('oc_ucr','localhost','wait/synch/mutex/innodb/srv_misc_tmpfile_mutex',0,0,0,0,0),('oc_ucr','localhost','wait/synch/mutex/innodb/srv_monitor_file_mutex',0,0,0,0,0),('oc_ucr','localhost','wait/synch/mutex/innodb/trx_undo_mutex',0,0,0,0,0),('oc_ucr','localhost','wait/synch/mutex/innodb/trx_pool_mutex',0,0,0,0,0),('oc_ucr','localhost','wait/synch/mutex/innodb/trx_pool_manager_mutex',0,0,0,0,0),('oc_ucr','localhost','wait/synch/mutex/innodb/temp_pool_manager_mutex',0,0,0,0,0),('oc_ucr','localhost','wait/synch/mutex/innodb/srv_sys_mutex',0,0,0,0,0),('oc_ucr','localhost','wait/synch/mutex/innodb/lock_sys_page_mutex',0,0,0,0,0),('oc_ucr','localhost','wait/synch/mutex/innodb/lock_sys_table_mutex',0,0,0,0,0),('oc_ucr','localhost','wait/synch/mutex/innodb/lock_wait_mutex',0,0,0,0,0),('oc_ucr','localhost','wait/synch/mutex/innodb/trx_mutex',0,0,0,0,0),('oc_ucr','localhost','wait/synch/mutex/innodb/srv_threads_mutex',0,0,0,0,0),('oc_ucr','localhost','wait/synch/mutex/innodb/rtr_active_mutex',0,0,0,0,0),('oc_ucr','localhost','wait/synch/mutex/innodb/rtr_match_mutex',0,0,0,0,0),('oc_ucr','localhost','wait/synch/mutex/innodb/rtr_path_mutex',0,0,0,0,0),('oc_ucr','localhost','wait/synch/mutex/innodb/rtr_ssn_mutex',0,0,0,0,0),('oc_ucr','localhost','wait/synch/mutex/innodb/trx_sys_mutex',0,0,0,0,0),('oc_ucr','localhost','wait/synch/mutex/innodb/trx_sys_shard_mutex',0,0,0,0,0),('oc_ucr','localhost','wait/synch/mutex/innodb/trx_sys_serialisation_mutex',0,0,0,0,0),('oc_ucr','localhost','wait/synch/mutex/innodb/zip_pad_mutex',0,0,0,0,0),('oc_ucr','localhost','wait/synch/mutex/innodb/master_key_id_mutex',0,0,0,0,0),('oc_ucr','localhost','wait/synch/mutex/innodb/sync_array_mutex',0,0,0,0,0),('oc_ucr','localhost','wait/synch/mutex/innodb/row_drop_list_mutex',0,0,0,0,0),('oc_ucr','localhost','wait/synch/mutex/innodb/ahi_enabled_mutex',0,0,0,0,0),('oc_ucr','localhost','wait/synch/mutex/myisam/MYISAM_SHARE::intern_lock',0,0,0,0,0),('oc_ucr','localhost','wait/synch/mutex/myisammrg/MYRG_INFO::mutex',0,0,0,0,0),('oc_ucr','localhost','wait/synch/mutex/archive/Archive_share::mutex',0,0,0,0,0),('oc_ucr','localhost','wait/synch/mutex/blackhole/blackhole',0,0,0,0,0),('oc_ucr','localhost','wait/synch/mutex/mysqlx/lock_list_access',0,0,0,0,0),('oc_ucr','localhost','wait/synch/mutex/mysqlx/scheduler_dynamic_worker_pending',0,0,0,0,0),('oc_ucr','localhost','wait/synch/mutex/mysqlx/scheduler_dynamic_thread_exit',0,0,0,0,0),('oc_ucr','localhost','wait/synch/mutex/mysqlx/document_id_generate',0,0,0,0,0),('oc_ucr','localhost','wait/synch/mutex/mysqlx/notice_output_queue',0,0,0,0,0),('oc_ucr','localhost','wait/synch/mutex/mysqlx/client_session_exit',0,0,0,0,0),('oc_ucr','localhost','wait/synch/mutex/mysqlx/socket_events_timers',0,0,0,0,0),('oc_ucr','localhost','wait/synch/mutex/mysqlx/scheduler_post',0,0,0,0,0),('oc_ucr','localhost','wait/synch/mutex/mysqlx/server_client_exit',0,0,0,0,0),('oc_ucr','localhost','wait/synch/mutex/mysqlx/vio_shutdown',0,0,0,0,0),('oc_ucr','localhost','wait/synch/mutex/mysqlx/page_pool',0,0,0,0,0),('oc_ucr','localhost','wait/synch/mutex/mysqlx/listener_tcp_sync',0,0,0,0,0),('oc_ucr','localhost','wait/synch/mutex/mysqlx/listener_unix_socket_sync',0,0,0,0,0),('oc_ucr','localhost','wait/synch/mutex/mysqlx/broker_context_sync',0,0,0,0,0),('oc_ucr','localhost','wait/synch/mutex/mysqlx/server_state_sync',0,0,0,0,0),('oc_ucr','localhost','wait/synch/mutex/mysqlx/socket_acceptors_sync',0,0,0,0,0),('oc_ucr','localhost','wait/synch/mutex/p_dyn_loader/key_component_id_by_urn_mutex',0,0,0,0,0),('oc_ucr','localhost','wait/synch/mutex/sql/LOCK_acl_cache_flush',0,0,0,0,0),('oc_ucr','localhost','wait/synch/mutex/sql/tz_LOCK',0,0,0,0,0),('oc_ucr','localhost','wait/synch/rwlock/pfs/LOCK_pfs_tls_channels',0,0,0,0,0),('oc_ucr','localhost','wait/synch/rwlock/sql/Binlog_transmit_delegate::lock',0,0,0,0,0),('oc_ucr','localhost','wait/synch/rwlock/sql/Binlog_relay_IO_delegate::lock',0,0,0,0,0),('oc_ucr','localhost','wait/synch/rwlock/sql/LOGGER::LOCK_logger',0,0,0,0,0),('oc_ucr','localhost','wait/synch/rwlock/sql/LOCK_sys_init_connect',0,0,0,0,0),('oc_ucr','localhost','wait/synch/rwlock/sql/LOCK_sys_init_replica',0,0,0,0,0),('oc_ucr','localhost','wait/synch/rwlock/sql/LOCK_system_variables_hash',0,0,0,0,0),('oc_ucr','localhost','wait/synch/rwlock/sql/gtid_commit_rollback',0,0,0,0,0),('oc_ucr','localhost','wait/synch/rwlock/sql/gtid_mode_lock',0,0,0,0,0),('oc_ucr','localhost','wait/synch/rwlock/sql/channel_map_lock',0,0,0,0,0),('oc_ucr','localhost','wait/synch/rwlock/sql/channel_lock',0,0,0,0,0),('oc_ucr','localhost','wait/synch/rwlock/sql/Trans_delegate::lock',0,0,0,0,0),('oc_ucr','localhost','wait/synch/rwlock/sql/Server_state_delegate::lock',0,0,0,0,0),('oc_ucr','localhost','wait/synch/rwlock/sql/Binlog_storage_delegate::lock',0,0,0,0,0),('oc_ucr','localhost','wait/synch/rwlock/sql/gtid_retrieved',0,0,0,0,0),('oc_ucr','localhost','wait/synch/rwlock/sql/rpl_filter_lock',0,0,0,0,0),('oc_ucr','localhost','wait/synch/rwlock/sql/channel_to_filter_lock',0,0,0,0,0),('oc_ucr','localhost','wait/synch/rwlock/sql/Resource_group_mgr::m_map_rwlock',0,0,0,0,0),('oc_ucr','localhost','wait/synch/rwlock/sql/server_shutting_down',0,0,0,0,0),('oc_ucr','localhost','wait/synch/rwlock/mysys/SAFE_HASH::lock',0,0,0,0,0),('oc_ucr','localhost','wait/synch/rwlock/session/LOCK_srv_session_collection',0,0,0,0,0),('oc_ucr','localhost','wait/synch/prlock/sql/MDL_lock::rwlock',0,0,0,0,0),('oc_ucr','localhost','wait/synch/prlock/sql/MDL_context::LOCK_waiting_for',0,0,0,0,0),('oc_ucr','localhost','wait/synch/rwlock/sql/THR_LOCK_udf',0,0,0,0,0),('oc_ucr','localhost','wait/synch/sxlock/innodb/btr_search_latch',0,0,0,0,0),('oc_ucr','localhost','wait/synch/sxlock/innodb/dict_operation_lock',0,0,0,0,0),('oc_ucr','localhost','wait/synch/sxlock/innodb/fil_space_latch',0,0,0,0,0),('oc_ucr','localhost','wait/synch/sxlock/innodb/log_sn_lock',0,0,0,0,0),('oc_ucr','localhost','wait/synch/sxlock/innodb/undo_spaces_lock',0,0,0,0,0),('oc_ucr','localhost','wait/synch/sxlock/innodb/rsegs_lock',0,0,0,0,0),('oc_ucr','localhost','wait/synch/sxlock/innodb/lock_sys_global_rw_lock',0,0,0,0,0),('oc_ucr','localhost','wait/synch/sxlock/innodb/fts_cache_rw_lock',0,0,0,0,0),('oc_ucr','localhost','wait/synch/sxlock/innodb/fts_cache_init_rw_lock',0,0,0,0,0),('oc_ucr','localhost','wait/synch/sxlock/innodb/trx_i_s_cache_lock',0,0,0,0,0),('oc_ucr','localhost','wait/synch/sxlock/innodb/trx_purge_latch',0,0,0,0,0),('oc_ucr','localhost','wait/synch/sxlock/innodb/index_tree_rw_lock',0,0,0,0,0),('oc_ucr','localhost','wait/synch/sxlock/innodb/index_online_log',0,0,0,0,0),('oc_ucr','localhost','wait/synch/sxlock/innodb/dict_table_stats',0,0,0,0,0),('oc_ucr','localhost','wait/synch/sxlock/innodb/hash_table_locks',0,0,0,0,0),('oc_ucr','localhost','wait/synch/rwlock/myisam/MYISAM_SHARE::key_root_lock',0,0,0,0,0),('oc_ucr','localhost','wait/synch/rwlock/myisam/MYISAM_SHARE::mmap_lock',0,0,0,0,0),('oc_ucr','localhost','wait/synch/rwlock/sha2_auth/key_m_cache_lock',0,0,0,0,0),('oc_ucr','localhost','wait/synch/rwlock/mysqlx/client_list_clients',0,0,0,0,0),('oc_ucr','localhost','wait/synch/rwlock/mysqlx/sha256_password_cache',0,0,0,0,0),('oc_ucr','localhost','wait/synch/rwlock/mysqlx/xpl_server_instance',0,0,0,0,0),('oc_ucr','localhost','wait/synch/rwlock/sql/LOCK_thd_store_data',0,0,0,0,0),('oc_ucr','localhost','wait/synch/rwlock/sql/THR_LOCK_servers',0,0,0,0,0),('oc_ucr','localhost','wait/synch/cond/sql/PAGE::cond',0,0,0,0,0),('oc_ucr','localhost','wait/synch/cond/sql/TC_LOG_MMAP::COND_active',0,0,0,0,0),('oc_ucr','localhost','wait/synch/cond/sql/TC_LOG_MMAP::COND_pool',0,0,0,0,0),('oc_ucr','localhost','wait/synch/cond/sql/MYSQL_BIN_LOG::COND_done',0,0,0,0,0),('oc_ucr','localhost','wait/synch/cond/sql/MYSQL_BIN_LOG::COND_flush_queue',0,0,0,0,0),('oc_ucr','localhost','wait/synch/cond/sql/MYSQL_BIN_LOG::update_cond',0,0,0,0,0),('oc_ucr','localhost','wait/synch/cond/sql/MYSQL_BIN_LOG::prep_xids_cond',0,0,0,0,0),('oc_ucr','localhost','wait/synch/cond/sql/MYSQL_BIN_LOG::COND_wait_for_group_turn',0,0,0,0,0),('oc_ucr','localhost','wait/synch/cond/sql/MYSQL_RELAY_LOG::update_cond',0,0,0,0,0),('oc_ucr','localhost','wait/synch/cond/sql/COND_manager',0,0,0,0,0),('oc_ucr','localhost','wait/synch/cond/sql/COND_server_started',0,0,0,0,0),('oc_ucr','localhost','wait/synch/cond/sql/COND_socket_listener_active',0,0,0,0,0),('oc_ucr','localhost','wait/synch/cond/sql/COND_start_signal_handler',0,0,0,0,0),('oc_ucr','localhost','wait/synch/cond/sql/COND_thr_lock',0,0,0,0,0),('oc_ucr','localhost','wait/synch/cond/sql/Item_func_sleep::cond',0,0,0,0,0),('oc_ucr','localhost','wait/synch/cond/sql/Source_info::data_cond',0,0,0,0,0),('oc_ucr','localhost','wait/synch/cond/sql/Source_info::start_cond',0,0,0,0,0),('oc_ucr','localhost','wait/synch/cond/sql/Source_info::stop_cond',0,0,0,0,0),('oc_ucr','localhost','wait/synch/cond/sql/Source_info::sleep_cond',0,0,0,0,0),('oc_ucr','localhost','wait/synch/cond/sql/Source_info::rotate_cond',0,0,0,0,0),('oc_ucr','localhost','wait/synch/cond/sql/Relay_log_info::data_cond',0,0,0,0,0),('oc_ucr','localhost','wait/synch/cond/sql/Relay_log_info::log_space_cond',0,0,0,0,0),('oc_ucr','localhost','wait/synch/cond/sql/Relay_log_info::start_cond',0,0,0,0,0),('oc_ucr','localhost','wait/synch/cond/sql/Relay_log_info::stop_cond',0,0,0,0,0),('oc_ucr','localhost','wait/synch/cond/sql/Relay_log_info::sleep_cond',0,0,0,0,0),('oc_ucr','localhost','wait/synch/cond/sql/Relay_log_info::pending_jobs_cond',0,0,0,0,0),('oc_ucr','localhost','wait/synch/cond/sql/Worker_info::jobs_cond',0,0,0,0,0),('oc_ucr','localhost','wait/synch/cond/sql/Relay_log_info::mta_gaq_cond',0,0,0,0,0),('oc_ucr','localhost','wait/synch/cond/sql/Gtid_state',0,0,0,0,0),('oc_ucr','localhost','wait/synch/cond/sql/COND_compress_gtid_table',0,0,0,0,0),('oc_ucr','localhost','wait/synch/cond/sql/Commit_order_manager::m_workers.cond',0,0,0,0,0),('oc_ucr','localhost','wait/synch/cond/sql/Relay_log_info::replica_worker_hash_cond',0,0,0,0,0),('oc_ucr','localhost','wait/synch/cond/sql/Source_IO_monitor::run_cond',0,0,0,0,0),('oc_ucr','localhost','wait/synch/cond/sql/THD::COND_delegate_connection_cond_var',0,0,0,0,0),('oc_ucr','localhost','wait/synch/cond/sql/THD::COND_group_replication_connection_cond_var',0,0,0,0,0),('oc_ucr','localhost','wait/synch/cond/mysys/IO_CACHE_SHARE::cond',0,0,0,0,0),('oc_ucr','localhost','wait/synch/cond/mysys/IO_CACHE_SHARE::cond_writer',0,0,0,0,0),('oc_ucr','localhost','wait/synch/cond/mysys/THR_COND_threads',0,0,0,0,0),('oc_ucr','localhost','wait/synch/cond/sql/Event_scheduler::COND_state',0,0,0,0,0),('oc_ucr','localhost','wait/synch/cond/sql/COND_queue_state',0,0,0,0,0),('oc_ucr','localhost','wait/synch/cond/sql/COND_thread_cache',0,0,0,0,0),('oc_ucr','localhost','wait/synch/cond/sql/COND_flush_thread_cache',0,0,0,0,0),('oc_ucr','localhost','wait/synch/cond/sql/COND_connection_count',0,0,0,0,0),('oc_ucr','localhost','wait/synch/cond/sql/COND_thd_list',0,0,0,0,0),('oc_ucr','localhost','wait/synch/cond/sql/MDL_context::COND_wait_status',0,0,0,0,0),('oc_ucr','localhost','wait/synch/cond/sql/COND_open',0,0,0,0,0),('oc_ucr','localhost','wait/synch/cond/innodb/commit_cond',0,0,0,0,0),('oc_ucr','localhost','wait/synch/cond/innodb/resume_encryption_cond',0,0,0,0,0),('oc_ucr','localhost','wait/synch/cond/myisam/keycache_thread_var::suspend',0,0,0,0,0),('oc_ucr','localhost','wait/synch/cond/mysqlx/scheduler_dynamic_worker_pending',0,0,0,0,0),('oc_ucr','localhost','wait/synch/cond/mysqlx/scheduler_dynamic_thread_exit',0,0,0,0,0),('oc_ucr','localhost','wait/synch/cond/mysqlx/listener_tcp_sync',0,0,0,0,0),('oc_ucr','localhost','wait/synch/cond/mysqlx/listener_unix_socket_sync',0,0,0,0,0),('oc_ucr','localhost','wait/synch/cond/mysqlx/broker_context_sync',0,0,0,0,0),('oc_ucr','localhost','wait/synch/cond/mysqlx/server_state_sync',0,0,0,0,0),('oc_ucr','localhost','wait/synch/cond/mysqlx/socket_acceptors_sync',0,0,0,0,0),('oc_ucr','localhost','wait/io/file/sql/binlog',113304,2104502038169202,8474382,18573942591,819047748141),('oc_ucr','localhost','wait/io/file/sql/binlog_cache',0,0,0,0,0),('oc_ucr','localhost','wait/io/file/sql/binlog_index',0,0,0,0,0),('oc_ucr','localhost','wait/io/file/sql/binlog_index_cache',0,0,0,0,0),('oc_ucr','localhost','wait/io/file/sql/relaylog',0,0,0,0,0),('oc_ucr','localhost','wait/io/file/sql/relaylog_cache',0,0,0,0,0),('oc_ucr','localhost','wait/io/file/sql/relaylog_index',0,0,0,0,0),('oc_ucr','localhost','wait/io/file/sql/relaylog_index_cache',0,0,0,0,0),('oc_ucr','localhost','wait/io/file/sql/io_cache',0,0,0,0,0),('oc_ucr','localhost','wait/io/file/sql/casetest',0,0,0,0,0),('oc_ucr','localhost','wait/io/file/sql/dbopt',0,0,0,0,0),('oc_ucr','localhost','wait/io/file/sql/ERRMSG',0,0,0,0,0),('oc_ucr','localhost','wait/io/file/sql/select_to_file',0,0,0,0,0),('oc_ucr','localhost','wait/io/file/sql/file_parser',0,0,0,0,0),('oc_ucr','localhost','wait/io/file/sql/FRM',0,0,0,0,0),('oc_ucr','localhost','wait/io/file/sql/load',0,0,0,0,0),('oc_ucr','localhost','wait/io/file/sql/LOAD_FILE',0,0,0,0,0),('oc_ucr','localhost','wait/io/file/sql/log_event_data',0,0,0,0,0),('oc_ucr','localhost','wait/io/file/sql/log_event_info',0,0,0,0,0),('oc_ucr','localhost','wait/io/file/sql/misc',0,0,0,0,0),('oc_ucr','localhost','wait/io/file/sql/pid',0,0,0,0,0),('oc_ucr','localhost','wait/io/file/sql/query_log',0,0,0,0,0),('oc_ucr','localhost','wait/io/file/sql/slow_log',0,0,0,0,0),('oc_ucr','localhost','wait/io/file/sql/tclog',0,0,0,0,0),('oc_ucr','localhost','wait/io/file/sql/trigger_name',0,0,0,0,0),('oc_ucr','localhost','wait/io/file/sql/trigger',0,0,0,0,0),('oc_ucr','localhost','wait/io/file/sql/init',0,0,0,0,0),('oc_ucr','localhost','wait/io/file/sql/SDI',0,0,0,0,0),('oc_ucr','localhost','wait/io/file/sql/hash_join',0,0,0,0,0),('oc_ucr','localhost','wait/io/file/mysys/proc_meminfo',0,0,0,0,0),('oc_ucr','localhost','wait/io/file/mysys/charset',0,0,0,0,0),('oc_ucr','localhost','wait/io/file/mysys/cnf',0,0,0,0,0),('oc_ucr','localhost','wait/io/file/csv/metadata',0,0,0,0,0),('oc_ucr','localhost','wait/io/file/csv/data',0,0,0,0,0),('oc_ucr','localhost','wait/io/file/csv/update',0,0,0,0,0),('oc_ucr','localhost','wait/io/file/innodb/innodb_dblwr_file',0,0,0,0,0),('oc_ucr','localhost','wait/io/file/innodb/innodb_tablespace_open_file',0,0,0,0,0),('oc_ucr','localhost','wait/io/file/innodb/innodb_data_file',1040,3986865357669,4955076,3833524026,115028626797),('oc_ucr','localhost','wait/io/file/innodb/innodb_log_file',0,0,0,0,0),('oc_ucr','localhost','wait/io/file/innodb/innodb_temp_file',0,0,0,0,0),('oc_ucr','localhost','wait/io/file/innodb/innodb_arch_file',0,0,0,0,0),('oc_ucr','localhost','wait/io/file/innodb/innodb_clone_file',0,0,0,0,0),('oc_ucr','localhost','wait/io/file/innodb/meb::redo_log_archive_file',0,0,0,0,0),('oc_ucr','localhost','wait/io/file/myisam/data_tmp',0,0,0,0,0),('oc_ucr','localhost','wait/io/file/myisam/dfile',0,0,0,0,0),('oc_ucr','localhost','wait/io/file/myisam/kfile',0,0,0,0,0),('oc_ucr','localhost','wait/io/file/myisam/log',0,0,0,0,0),('oc_ucr','localhost','wait/io/file/myisammrg/MRG',0,0,0,0,0),('oc_ucr','localhost','wait/io/file/archive/metadata',0,0,0,0,0),('oc_ucr','localhost','wait/io/file/archive/data',0,0,0,0,0),('oc_ucr','localhost','wait/io/file/archive/FRM',0,0,0,0,0),('oc_ucr','localhost','wait/io/table/sql/handler',234696744,1552118771198502,114480,6613128,393432269769),('oc_ucr','localhost','wait/lock/table/sql/handler',54047890,77571790104024,60102,1434816,6858339390),('oc_ucr','localhost','wait/io/socket/sql/server_tcpip_socket',0,0,0,0,0),('oc_ucr','localhost','wait/io/socket/sql/server_unix_socket',0,0,0,0,0),('oc_ucr','localhost','wait/io/socket/sql/client_connection',0,0,0,0,0),('oc_ucr','localhost','wait/io/socket/mysqlx/tcpip_socket',0,0,0,0,0),('oc_ucr','localhost','wait/io/socket/mysqlx/diagnostics_socket',0,0,0,0,0),('oc_ucr','localhost','wait/io/socket/mysqlx/unix_socket',0,0,0,0,0),('oc_ucr','localhost','wait/io/socket/mysqlx/client_connection',0,0,0,0,0),('oc_ucr','localhost','idle',49205728,74965514182600000,4051000,1523511000,144936525868000),('oc_ucr','localhost','wait/lock/metadata/sql/mdl',0,0,0,0,0),('root','localhost','wait/synch/mutex/pfs/LOCK_pfs_share_list',0,0,0,0,0),('root','localhost','wait/synch/mutex/pfs/LOCK_pfs_tracing_callback',0,0,0,0,0),('root','localhost','wait/synch/mutex/sql/TC_LOG_MMAP::LOCK_tc',0,0,0,0,0),('root','localhost','wait/synch/mutex/sql/MYSQL_BIN_LOG::LOCK_commit',0,0,0,0,0),('root','localhost','wait/synch/mutex/sql/MYSQL_BIN_LOG::LOCK_commit_queue',0,0,0,0,0),('root','localhost','wait/synch/mutex/sql/MYSQL_BIN_LOG::LOCK_done',0,0,0,0,0),('root','localhost','wait/synch/mutex/sql/MYSQL_BIN_LOG::LOCK_flush_queue',0,0,0,0,0),('root','localhost','wait/synch/mutex/sql/MYSQL_BIN_LOG::LOCK_index',0,0,0,0,0),('root','localhost','wait/synch/mutex/sql/MYSQL_BIN_LOG::LOCK_log',0,0,0,0,0),('root','localhost','wait/synch/mutex/sql/MYSQL_BIN_LOG::LOCK_binlog_end_pos',0,0,0,0,0),('root','localhost','wait/synch/mutex/sql/MYSQL_BIN_LOG::LOCK_sync',0,0,0,0,0),('root','localhost','wait/synch/mutex/sql/MYSQL_BIN_LOG::LOCK_sync_queue',0,0,0,0,0),('root','localhost','wait/synch/mutex/sql/MYSQL_BIN_LOG::LOCK_xids',0,0,0,0,0),('root','localhost','wait/synch/mutex/sql/MYSQL_BIN_LOG::LOCK_wait_for_group_turn',0,0,0,0,0),('root','localhost','wait/synch/mutex/sql/MYSQL_BIN_LOG::LOCK_after_commit',0,0,0,0,0),('root','localhost','wait/synch/mutex/sql/MYSQL_BIN_LOG::LOCK_after_commit_queue',0,0,0,0,0),('root','localhost','wait/synch/mutex/sql/MYSQL_RELAY_LOG::LOCK_commit',0,0,0,0,0),('root','localhost','wait/synch/mutex/sql/MYSQL_RELAY_LOG::LOCK_index',0,0,0,0,0),('root','localhost','wait/synch/mutex/sql/MYSQL_RELAY_LOG::LOCK_log',0,0,0,0,0),('root','localhost','wait/synch/mutex/sql/MYSQL_RELAY_LOG::LOCK_log_end_pos',0,0,0,0,0),('root','localhost','wait/synch/mutex/sql/MYSQL_RELAY_LOG::LOCK_sync',0,0,0,0,0),('root','localhost','wait/synch/mutex/sql/MYSQL_RELAY_LOG::LOCK_xids',0,0,0,0,0),('root','localhost','wait/synch/mutex/sql/hash_filo::lock',0,0,0,0,0),('root','localhost','wait/synch/mutex/sql/Gtid_set::gtid_executed::free_intervals_mutex',0,0,0,0,0),('root','localhost','wait/synch/mutex/sql/LOCK_crypt',0,0,0,0,0),('root','localhost','wait/synch/mutex/sql/LOCK_error_log',0,0,0,0,0),('root','localhost','wait/synch/mutex/sql/LOCK_global_system_variables',0,0,0,0,0),('root','localhost','wait/synch/mutex/sql/LOCK_manager',0,0,0,0,0),('root','localhost','wait/synch/mutex/sql/LOCK_prepared_stmt_count',0,0,0,0,0),('root','localhost','wait/synch/mutex/sql/LOCK_replica_list',0,0,0,0,0),('root','localhost','wait/synch/mutex/sql/LOCK_sql_replica_skip_counter',0,0,0,0,0),('root','localhost','wait/synch/mutex/sql/LOCK_replica_net_timeout',0,0,0,0,0),('root','localhost','wait/synch/mutex/sql/LOCK_replica_trans_dep_tracker',0,0,0,0,0),('root','localhost','wait/synch/mutex/sql/LOCK_server_started',0,0,0,0,0),('root','localhost','wait/synch/mutex/sql/LOCK_socket_listener_active',0,0,0,0,0),('root','localhost','wait/synch/mutex/sql/LOCK_start_signal_handler',0,0,0,0,0),('root','localhost','wait/synch/mutex/sql/LOCK_status',0,0,0,0,0),('root','localhost','wait/synch/mutex/sql/THD::LOCK_thd_data',0,0,0,0,0),('root','localhost','wait/synch/mutex/sql/THD::LOCK_thd_query',0,0,0,0,0),('root','localhost','wait/synch/mutex/sql/THD::LOCK_thd_sysvar',0,0,0,0,0),('root','localhost','wait/synch/mutex/sql/THD::LOCK_thd_protocol',0,0,0,0,0),('root','localhost','wait/synch/mutex/sql/THD::LOCK_thd_security_ctx',0,0,0,0,0),('root','localhost','wait/synch/mutex/sql/LOCK_user_conn',0,0,0,0,0),('root','localhost','wait/synch/mutex/sql/LOCK_uuid_generator',0,0,0,0,0),('root','localhost','wait/synch/mutex/sql/LOCK_sql_rand',0,0,0,0,0),('root','localhost','wait/synch/mutex/sql/LOG::LOCK_log',0,0,0,0,0),('root','localhost','wait/synch/mutex/sql/Source_info::data_lock',0,0,0,0,0),('root','localhost','wait/synch/mutex/sql/Source_info::run_lock',0,0,0,0,0),('root','localhost','wait/synch/mutex/sql/Source_info::sleep_lock',0,0,0,0,0),('root','localhost','wait/synch/mutex/sql/Source_info::info_thd_lock',0,0,0,0,0),('root','localhost','wait/synch/mutex/sql/Source_info::rotate_lock',0,0,0,0,0),('root','localhost','wait/synch/mutex/sql/Replica_reporting_capability::err_lock',0,0,0,0,0),('root','localhost','wait/synch/mutex/sql/Relay_log_info::data_lock',0,0,0,0,0),('root','localhost','wait/synch/mutex/sql/Relay_log_info::sleep_lock',0,0,0,0,0),('root','localhost','wait/synch/mutex/sql/Relay_log_info::info_thd_lock',0,0,0,0,0),('root','localhost','wait/synch/mutex/sql/Relay_log_info::log_space_lock',0,0,0,0,0),('root','localhost','wait/synch/mutex/sql/Relay_log_info::run_lock',0,0,0,0,0),('root','localhost','wait/synch/mutex/sql/Relay_log_info::pending_jobs_lock',0,0,0,0,0),('root','localhost','wait/synch/mutex/sql/Relay_log_info::exit_count_lock',0,0,0,0,0),('root','localhost','wait/synch/mutex/sql/Worker_info::jobs_lock',0,0,0,0,0),('root','localhost','wait/synch/mutex/sql/TABLE_SHARE::LOCK_ha_data',0,0,0,0,0),('root','localhost','wait/synch/mutex/sql/LOCK_error_messages',0,0,0,0,0),('root','localhost','wait/synch/mutex/sql/LOCK_log_throttle_qni',0,0,0,0,0),('root','localhost','wait/synch/mutex/sql/Gtid_state',0,0,0,0,0),('root','localhost','wait/synch/mutex/sql/THD::LOCK_query_plan',0,0,0,0,0),('root','localhost','wait/synch/mutex/sql/Cost_constant_cache::LOCK_cost_const',0,0,0,0,0),('root','localhost','wait/synch/mutex/sql/THD::LOCK_current_cond',0,0,0,0,0),('root','localhost','wait/synch/mutex/sql/key_mta_temp_table_LOCK',0,0,0,0,0),('root','localhost','wait/synch/mutex/sql/LOCK_reset_gtid_table',0,0,0,0,0),('root','localhost','wait/synch/mutex/sql/LOCK_compress_gtid_table',0,0,0,0,0),('root','localhost','wait/synch/mutex/sql/LOCK_collect_instance_log',0,0,0,0,0),('root','localhost','wait/synch/mutex/sql/key_mta_gaq_LOCK',0,0,0,0,0),('root','localhost','wait/synch/mutex/sql/thd_timer_mutex',0,0,0,0,0),('root','localhost','wait/synch/mutex/sql/Commit_order_manager::m_mutex',0,0,0,0,0),('root','localhost','wait/synch/mutex/sql/Relay_log_info::replica_worker_hash_lock',0,0,0,0,0),('root','localhost','wait/synch/mutex/sql/LOCK_default_password_lifetime',0,0,0,0,0),('root','localhost','wait/synch/mutex/sql/LOCK_mandatory_roles',0,0,0,0,0),('root','localhost','wait/synch/mutex/sql/LOCK_password_history',0,0,0,0,0),('root','localhost','wait/synch/mutex/sql/LOCK_password_reuse_interval',0,0,0,0,0),('root','localhost','wait/synch/mutex/sql/LOCK_keyring_operations',0,0,0,0,0),('root','localhost','wait/synch/mutex/sql/LOCK_tls_ctx_options',0,0,0,0,0),('root','localhost','wait/synch/mutex/sql/LOCK_admin_tls_ctx_options',0,0,0,0,0),('root','localhost','wait/synch/mutex/sql/LOCK_rotate_binlog_master_key',0,0,0,0,0),('root','localhost','wait/synch/mutex/sql/Source_IO_monitor::run_lock',0,0,0,0,0),('root','localhost','wait/synch/mutex/sql/LOCK_delegate_connection_mutex',0,0,0,0,0),('root','localhost','wait/synch/mutex/sql/LOCK_group_replication_connection_mutex',0,0,0,0,0),('root','localhost','wait/synch/mutex/sql/LOCK_authentication_policy',0,0,0,0,0),('root','localhost','wait/synch/mutex/sql/LOCK_global_conn_mem_limit',0,0,0,0,0),('root','localhost','wait/synch/mutex/mysys/IO_CACHE::append_buffer_lock',0,0,0,0,0),('root','localhost','wait/synch/mutex/mysys/IO_CACHE::SHARE_mutex',0,0,0,0,0),('root','localhost','wait/synch/mutex/mysys/KEY_CACHE::cache_lock',0,0,0,0,0),('root','localhost','wait/synch/mutex/mysys/THR_LOCK_charset',0,0,0,0,0),('root','localhost','wait/synch/mutex/mysys/THR_LOCK_heap',0,0,0,0,0),('root','localhost','wait/synch/mutex/mysys/THR_LOCK_lock',0,0,0,0,0),('root','localhost','wait/synch/mutex/mysys/THR_LOCK_malloc',0,0,0,0,0),('root','localhost','wait/synch/mutex/mysys/THR_LOCK::mutex',0,0,0,0,0),('root','localhost','wait/synch/mutex/mysys/THR_LOCK_myisam',0,0,0,0,0),('root','localhost','wait/synch/mutex/mysys/THR_LOCK_net',0,0,0,0,0),('root','localhost','wait/synch/mutex/mysys/THR_LOCK_open',0,0,0,0,0),('root','localhost','wait/synch/mutex/mysys/THR_LOCK_threads',0,0,0,0,0),('root','localhost','wait/synch/mutex/mysys/TMPDIR_mutex',0,0,0,0,0),('root','localhost','wait/synch/mutex/mysys/THR_LOCK_myisam_mmap',0,0,0,0,0),('root','localhost','wait/synch/mutex/sql/LOCK_audit_mask',0,0,0,0,0),('root','localhost','wait/synch/mutex/session/LOCK_srv_session_threads',0,0,0,0,0),('root','localhost','wait/synch/mutex/sql/LOCK_event_queue',0,0,0,0,0),('root','localhost','wait/synch/mutex/sql/Event_scheduler::LOCK_scheduler_state',0,0,0,0,0),('root','localhost','wait/synch/mutex/sql/LOCK_thread_cache',0,0,0,0,0),('root','localhost','wait/synch/mutex/sql/LOCK_connection_count',0,0,0,0,0),('root','localhost','wait/synch/mutex/sql/LOCK_thd_list',0,0,0,0,0),('root','localhost','wait/synch/mutex/sql/LOCK_thd_remove',0,0,0,0,0),('root','localhost','wait/synch/mutex/sql/LOCK_thread_ids',0,0,0,0,0),('root','localhost','wait/synch/mutex/sql/LOCK_load_client_plugin',0,0,0,0,0),('root','localhost','wait/synch/mutex/sql/LOCK_item_func_sleep',0,0,0,0,0),('root','localhost','wait/synch/mutex/sql/MDL_wait::LOCK_wait_status',0,0,0,0,0),('root','localhost','wait/synch/mutex/sql/Partition_share::auto_inc_mutex',0,0,0,0,0),('root','localhost','wait/synch/mutex/sql/LOCK_open',0,0,0,0,0),('root','localhost','wait/synch/mutex/sql/LOCK_table_cache',0,0,0,0,0),('root','localhost','wait/synch/mutex/refcache/refcache_channel_mutex',0,0,0,0,0),('root','localhost','wait/synch/mutex/sql/LOCK_transaction_cache',0,0,0,0,0),('root','localhost','wait/synch/mutex/sql/LOCK_mdl_context_backup_manager',0,0,0,0,0),('root','localhost','wait/synch/mutex/sql/LOCK_plugin',0,0,0,0,0),('root','localhost','wait/synch/mutex/sql/LOCK_plugin_delete',0,0,0,0,0),('root','localhost','wait/synch/mutex/sql/LOCK_plugin_install',0,0,0,0,0),('root','localhost','wait/synch/mutex/csv/tina',0,0,0,0,0),('root','localhost','wait/synch/mutex/csv/TINA_SHARE::mutex',0,0,0,0,0),('root','localhost','wait/synch/mutex/innodb/commit_cond_mutex',0,0,0,0,0),('root','localhost','wait/synch/mutex/innodb/innobase_share_mutex',0,0,0,0,0),('root','localhost','wait/synch/mutex/innodb/resume_encryption_cond_mutex',0,0,0,0,0),('root','localhost','wait/synch/mutex/innodb/alter_stage_mutex',0,0,0,0,0),('root','localhost','wait/synch/mutex/innodb/autoinc_mutex',0,0,0,0,0),('root','localhost','wait/synch/mutex/innodb/autoinc_persisted_mutex',0,0,0,0,0),('root','localhost','wait/synch/mutex/innodb/buf_pool_chunks_mutex',0,0,0,0,0),('root','localhost','wait/synch/mutex/innodb/buf_pool_flush_state_mutex',0,0,0,0,0),('root','localhost','wait/synch/mutex/innodb/buf_pool_LRU_list_mutex',0,0,0,0,0),('root','localhost','wait/synch/mutex/innodb/buf_pool_free_list_mutex',0,0,0,0,0),('root','localhost','wait/synch/mutex/innodb/buf_pool_zip_free_mutex',0,0,0,0,0),('root','localhost','wait/synch/mutex/innodb/buf_pool_zip_hash_mutex',0,0,0,0,0),('root','localhost','wait/synch/mutex/innodb/buf_pool_zip_mutex',0,0,0,0,0),('root','localhost','wait/synch/mutex/innodb/clone_snapshot_mutex',0,0,0,0,0),('root','localhost','wait/synch/mutex/innodb/clone_sys_mutex',0,0,0,0,0),('root','localhost','wait/synch/mutex/innodb/clone_task_mutex',0,0,0,0,0),('root','localhost','wait/synch/mutex/innodb/ddl_autoinc_mutex',0,0,0,0,0),('root','localhost','wait/synch/mutex/innodb/dict_foreign_err_mutex',0,0,0,0,0),('root','localhost','wait/synch/mutex/innodb/dict_persist_dirty_tables_mutex',0,0,0,0,0),('root','localhost','wait/synch/mutex/innodb/dict_sys_mutex',0,0,0,0,0),('root','localhost','wait/synch/mutex/innodb/dict_table_mutex',0,0,0,0,0),('root','localhost','wait/synch/mutex/innodb/parser_mutex',0,0,0,0,0),('root','localhost','wait/synch/mutex/innodb/recalc_pool_mutex',0,0,0,0,0),('root','localhost','wait/synch/mutex/innodb/fil_system_mutex',0,0,0,0,0),('root','localhost','wait/synch/mutex/innodb/file_open_mutex',0,0,0,0,0),('root','localhost','wait/synch/mutex/innodb/flush_list_mutex',0,0,0,0,0),('root','localhost','wait/synch/mutex/innodb/fts_bg_threads_mutex',0,0,0,0,0),('root','localhost','wait/synch/mutex/innodb/fts_delete_mutex',0,0,0,0,0),('root','localhost','wait/synch/mutex/innodb/fts_optimize_mutex',0,0,0,0,0),('root','localhost','wait/synch/mutex/innodb/fts_doc_id_mutex',0,0,0,0,0),('root','localhost','wait/synch/mutex/innodb/fts_pll_tokenize_mutex',0,0,0,0,0),('root','localhost','wait/synch/mutex/innodb/hash_table_mutex',0,0,0,0,0),('root','localhost','wait/synch/mutex/innodb/ibuf_bitmap_mutex',0,0,0,0,0),('root','localhost','wait/synch/mutex/innodb/ibuf_mutex',0,0,0,0,0),('root','localhost','wait/synch/mutex/innodb/ibuf_pessimistic_insert_mutex',0,0,0,0,0),('root','localhost','wait/synch/mutex/innodb/lock_free_hash_mutex',0,0,0,0,0),('root','localhost','wait/synch/mutex/innodb/log_limits_mutex',0,0,0,0,0),('root','localhost','wait/synch/mutex/innodb/log_files_mutex',0,0,0,0,0),('root','localhost','wait/synch/mutex/innodb/log_checkpointer_mutex',0,0,0,0,0),('root','localhost','wait/synch/mutex/innodb/log_closer_mutex',0,0,0,0,0),('root','localhost','wait/synch/mutex/innodb/log_writer_mutex',0,0,0,0,0),('root','localhost','wait/synch/mutex/innodb/log_flusher_mutex',0,0,0,0,0),('root','localhost','wait/synch/mutex/innodb/log_write_notifier_mutex',0,0,0,0,0),('root','localhost','wait/synch/mutex/innodb/log_flush_notifier_mutex',0,0,0,0,0),('root','localhost','wait/synch/mutex/innodb/log_sys_arch_mutex',0,0,0,0,0),('root','localhost','wait/synch/mutex/innodb/log_cmdq_mutex',0,0,0,0,0),('root','localhost','wait/synch/mutex/innodb/log_sn_mutex',0,0,0,0,0),('root','localhost','wait/synch/mutex/innodb/mutex_list_mutex',0,0,0,0,0),('root','localhost','wait/synch/mutex/innodb/page_sys_arch_mutex',0,0,0,0,0),('root','localhost','wait/synch/mutex/innodb/page_sys_arch_oper_mutex',0,0,0,0,0),('root','localhost','wait/synch/mutex/innodb/page_sys_arch_client_mutex',0,0,0,0,0),('root','localhost','wait/synch/mutex/innodb/page_zip_stat_per_index_mutex',0,0,0,0,0),('root','localhost','wait/synch/mutex/innodb/page_cleaner_mutex',0,0,0,0,0),('root','localhost','wait/synch/mutex/innodb/parallel_read_mutex',0,0,0,0,0),('root','localhost','wait/synch/mutex/innodb/dblwr_mutex',0,0,0,0,0),('root','localhost','wait/synch/mutex/innodb/purge_sys_pq_mutex',0,0,0,0,0),('root','localhost','wait/synch/mutex/innodb/recv_sys_mutex',0,0,0,0,0),('root','localhost','wait/synch/mutex/innodb/recv_writer_mutex',0,0,0,0,0),('root','localhost','wait/synch/mutex/innodb/temp_space_rseg_mutex',0,0,0,0,0),('root','localhost','wait/synch/mutex/innodb/undo_space_rseg_mutex',0,0,0,0,0),('root','localhost','wait/synch/mutex/innodb/trx_sys_rseg_mutex',0,0,0,0,0),('root','localhost','wait/synch/mutex/innodb/rw_lock_list_mutex',0,0,0,0,0),('root','localhost','wait/synch/mutex/innodb/rw_lock_mutex',0,0,0,0,0),('root','localhost','wait/synch/mutex/innodb/srv_innodb_monitor_mutex',0,0,0,0,0),('root','localhost','wait/synch/mutex/innodb/srv_misc_tmpfile_mutex',0,0,0,0,0),('root','localhost','wait/synch/mutex/innodb/srv_monitor_file_mutex',0,0,0,0,0),('root','localhost','wait/synch/mutex/innodb/trx_undo_mutex',0,0,0,0,0),('root','localhost','wait/synch/mutex/innodb/trx_pool_mutex',0,0,0,0,0),('root','localhost','wait/synch/mutex/innodb/trx_pool_manager_mutex',0,0,0,0,0),('root','localhost','wait/synch/mutex/innodb/temp_pool_manager_mutex',0,0,0,0,0),('root','localhost','wait/synch/mutex/innodb/srv_sys_mutex',0,0,0,0,0),('root','localhost','wait/synch/mutex/innodb/lock_sys_page_mutex',0,0,0,0,0),('root','localhost','wait/synch/mutex/innodb/lock_sys_table_mutex',0,0,0,0,0),('root','localhost','wait/synch/mutex/innodb/lock_wait_mutex',0,0,0,0,0),('root','localhost','wait/synch/mutex/innodb/trx_mutex',0,0,0,0,0),('root','localhost','wait/synch/mutex/innodb/srv_threads_mutex',0,0,0,0,0),('root','localhost','wait/synch/mutex/innodb/rtr_active_mutex',0,0,0,0,0),('root','localhost','wait/synch/mutex/innodb/rtr_match_mutex',0,0,0,0,0),('root','localhost','wait/synch/mutex/innodb/rtr_path_mutex',0,0,0,0,0),('root','localhost','wait/synch/mutex/innodb/rtr_ssn_mutex',0,0,0,0,0),('root','localhost','wait/synch/mutex/innodb/trx_sys_mutex',0,0,0,0,0),('root','localhost','wait/synch/mutex/innodb/trx_sys_shard_mutex',0,0,0,0,0),('root','localhost','wait/synch/mutex/innodb/trx_sys_serialisation_mutex',0,0,0,0,0),('root','localhost','wait/synch/mutex/innodb/zip_pad_mutex',0,0,0,0,0),('root','localhost','wait/synch/mutex/innodb/master_key_id_mutex',0,0,0,0,0),('root','localhost','wait/synch/mutex/innodb/sync_array_mutex',0,0,0,0,0),('root','localhost','wait/synch/mutex/innodb/row_drop_list_mutex',0,0,0,0,0),('root','localhost','wait/synch/mutex/innodb/ahi_enabled_mutex',0,0,0,0,0),('root','localhost','wait/synch/mutex/myisam/MYISAM_SHARE::intern_lock',0,0,0,0,0),('root','localhost','wait/synch/mutex/myisammrg/MYRG_INFO::mutex',0,0,0,0,0),('root','localhost','wait/synch/mutex/archive/Archive_share::mutex',0,0,0,0,0),('root','localhost','wait/synch/mutex/blackhole/blackhole',0,0,0,0,0),('root','localhost','wait/synch/mutex/mysqlx/lock_list_access',0,0,0,0,0),('root','localhost','wait/synch/mutex/mysqlx/scheduler_dynamic_worker_pending',0,0,0,0,0),('root','localhost','wait/synch/mutex/mysqlx/scheduler_dynamic_thread_exit',0,0,0,0,0),('root','localhost','wait/synch/mutex/mysqlx/document_id_generate',0,0,0,0,0),('root','localhost','wait/synch/mutex/mysqlx/notice_output_queue',0,0,0,0,0),('root','localhost','wait/synch/mutex/mysqlx/client_session_exit',0,0,0,0,0),('root','localhost','wait/synch/mutex/mysqlx/socket_events_timers',0,0,0,0,0),('root','localhost','wait/synch/mutex/mysqlx/scheduler_post',0,0,0,0,0),('root','localhost','wait/synch/mutex/mysqlx/server_client_exit',0,0,0,0,0),('root','localhost','wait/synch/mutex/mysqlx/vio_shutdown',0,0,0,0,0),('root','localhost','wait/synch/mutex/mysqlx/page_pool',0,0,0,0,0),('root','localhost','wait/synch/mutex/mysqlx/listener_tcp_sync',0,0,0,0,0),('root','localhost','wait/synch/mutex/mysqlx/listener_unix_socket_sync',0,0,0,0,0),('root','localhost','wait/synch/mutex/mysqlx/broker_context_sync',0,0,0,0,0),('root','localhost','wait/synch/mutex/mysqlx/server_state_sync',0,0,0,0,0),('root','localhost','wait/synch/mutex/mysqlx/socket_acceptors_sync',0,0,0,0,0),('root','localhost','wait/synch/mutex/p_dyn_loader/key_component_id_by_urn_mutex',0,0,0,0,0),('root','localhost','wait/synch/mutex/sql/LOCK_acl_cache_flush',0,0,0,0,0),('root','localhost','wait/synch/mutex/sql/tz_LOCK',0,0,0,0,0),('root','localhost','wait/synch/rwlock/pfs/LOCK_pfs_tls_channels',0,0,0,0,0),('root','localhost','wait/synch/rwlock/sql/Binlog_transmit_delegate::lock',0,0,0,0,0),('root','localhost','wait/synch/rwlock/sql/Binlog_relay_IO_delegate::lock',0,0,0,0,0),('root','localhost','wait/synch/rwlock/sql/LOGGER::LOCK_logger',0,0,0,0,0),('root','localhost','wait/synch/rwlock/sql/LOCK_sys_init_connect',0,0,0,0,0),('root','localhost','wait/synch/rwlock/sql/LOCK_sys_init_replica',0,0,0,0,0),('root','localhost','wait/synch/rwlock/sql/LOCK_system_variables_hash',0,0,0,0,0),('root','localhost','wait/synch/rwlock/sql/gtid_commit_rollback',0,0,0,0,0),('root','localhost','wait/synch/rwlock/sql/gtid_mode_lock',0,0,0,0,0),('root','localhost','wait/synch/rwlock/sql/channel_map_lock',0,0,0,0,0),('root','localhost','wait/synch/rwlock/sql/channel_lock',0,0,0,0,0),('root','localhost','wait/synch/rwlock/sql/Trans_delegate::lock',0,0,0,0,0),('root','localhost','wait/synch/rwlock/sql/Server_state_delegate::lock',0,0,0,0,0),('root','localhost','wait/synch/rwlock/sql/Binlog_storage_delegate::lock',0,0,0,0,0),('root','localhost','wait/synch/rwlock/sql/gtid_retrieved',0,0,0,0,0),('root','localhost','wait/synch/rwlock/sql/rpl_filter_lock',0,0,0,0,0),('root','localhost','wait/synch/rwlock/sql/channel_to_filter_lock',0,0,0,0,0),('root','localhost','wait/synch/rwlock/sql/Resource_group_mgr::m_map_rwlock',0,0,0,0,0),('root','localhost','wait/synch/rwlock/sql/server_shutting_down',0,0,0,0,0),('root','localhost','wait/synch/rwlock/mysys/SAFE_HASH::lock',0,0,0,0,0),('root','localhost','wait/synch/rwlock/session/LOCK_srv_session_collection',0,0,0,0,0),('root','localhost','wait/synch/prlock/sql/MDL_lock::rwlock',0,0,0,0,0),('root','localhost','wait/synch/prlock/sql/MDL_context::LOCK_waiting_for',0,0,0,0,0),('root','localhost','wait/synch/rwlock/sql/THR_LOCK_udf',0,0,0,0,0),('root','localhost','wait/synch/sxlock/innodb/btr_search_latch',0,0,0,0,0),('root','localhost','wait/synch/sxlock/innodb/dict_operation_lock',0,0,0,0,0),('root','localhost','wait/synch/sxlock/innodb/fil_space_latch',0,0,0,0,0),('root','localhost','wait/synch/sxlock/innodb/log_sn_lock',0,0,0,0,0),('root','localhost','wait/synch/sxlock/innodb/undo_spaces_lock',0,0,0,0,0),('root','localhost','wait/synch/sxlock/innodb/rsegs_lock',0,0,0,0,0),('root','localhost','wait/synch/sxlock/innodb/lock_sys_global_rw_lock',0,0,0,0,0),('root','localhost','wait/synch/sxlock/innodb/fts_cache_rw_lock',0,0,0,0,0),('root','localhost','wait/synch/sxlock/innodb/fts_cache_init_rw_lock',0,0,0,0,0),('root','localhost','wait/synch/sxlock/innodb/trx_i_s_cache_lock',0,0,0,0,0),('root','localhost','wait/synch/sxlock/innodb/trx_purge_latch',0,0,0,0,0),('root','localhost','wait/synch/sxlock/innodb/index_tree_rw_lock',0,0,0,0,0),('root','localhost','wait/synch/sxlock/innodb/index_online_log',0,0,0,0,0),('root','localhost','wait/synch/sxlock/innodb/dict_table_stats',0,0,0,0,0),('root','localhost','wait/synch/sxlock/innodb/hash_table_locks',0,0,0,0,0),('root','localhost','wait/synch/rwlock/myisam/MYISAM_SHARE::key_root_lock',0,0,0,0,0),('root','localhost','wait/synch/rwlock/myisam/MYISAM_SHARE::mmap_lock',0,0,0,0,0),('root','localhost','wait/synch/rwlock/sha2_auth/key_m_cache_lock',0,0,0,0,0),('root','localhost','wait/synch/rwlock/mysqlx/client_list_clients',0,0,0,0,0),('root','localhost','wait/synch/rwlock/mysqlx/sha256_password_cache',0,0,0,0,0),('root','localhost','wait/synch/rwlock/mysqlx/xpl_server_instance',0,0,0,0,0),('root','localhost','wait/synch/rwlock/sql/LOCK_thd_store_data',0,0,0,0,0),('root','localhost','wait/synch/rwlock/sql/THR_LOCK_servers',0,0,0,0,0),('root','localhost','wait/synch/cond/sql/PAGE::cond',0,0,0,0,0),('root','localhost','wait/synch/cond/sql/TC_LOG_MMAP::COND_active',0,0,0,0,0),('root','localhost','wait/synch/cond/sql/TC_LOG_MMAP::COND_pool',0,0,0,0,0),('root','localhost','wait/synch/cond/sql/MYSQL_BIN_LOG::COND_done',0,0,0,0,0),('root','localhost','wait/synch/cond/sql/MYSQL_BIN_LOG::COND_flush_queue',0,0,0,0,0),('root','localhost','wait/synch/cond/sql/MYSQL_BIN_LOG::update_cond',0,0,0,0,0),('root','localhost','wait/synch/cond/sql/MYSQL_BIN_LOG::prep_xids_cond',0,0,0,0,0),('root','localhost','wait/synch/cond/sql/MYSQL_BIN_LOG::COND_wait_for_group_turn',0,0,0,0,0),('root','localhost','wait/synch/cond/sql/MYSQL_RELAY_LOG::update_cond',0,0,0,0,0),('root','localhost','wait/synch/cond/sql/COND_manager',0,0,0,0,0),('root','localhost','wait/synch/cond/sql/COND_server_started',0,0,0,0,0),('root','localhost','wait/synch/cond/sql/COND_socket_listener_active',0,0,0,0,0),('root','localhost','wait/synch/cond/sql/COND_start_signal_handler',0,0,0,0,0),('root','localhost','wait/synch/cond/sql/COND_thr_lock',0,0,0,0,0),('root','localhost','wait/synch/cond/sql/Item_func_sleep::cond',0,0,0,0,0),('root','localhost','wait/synch/cond/sql/Source_info::data_cond',0,0,0,0,0),('root','localhost','wait/synch/cond/sql/Source_info::start_cond',0,0,0,0,0),('root','localhost','wait/synch/cond/sql/Source_info::stop_cond',0,0,0,0,0),('root','localhost','wait/synch/cond/sql/Source_info::sleep_cond',0,0,0,0,0),('root','localhost','wait/synch/cond/sql/Source_info::rotate_cond',0,0,0,0,0),('root','localhost','wait/synch/cond/sql/Relay_log_info::data_cond',0,0,0,0,0),('root','localhost','wait/synch/cond/sql/Relay_log_info::log_space_cond',0,0,0,0,0),('root','localhost','wait/synch/cond/sql/Relay_log_info::start_cond',0,0,0,0,0),('root','localhost','wait/synch/cond/sql/Relay_log_info::stop_cond',0,0,0,0,0),('root','localhost','wait/synch/cond/sql/Relay_log_info::sleep_cond',0,0,0,0,0),('root','localhost','wait/synch/cond/sql/Relay_log_info::pending_jobs_cond',0,0,0,0,0),('root','localhost','wait/synch/cond/sql/Worker_info::jobs_cond',0,0,0,0,0),('root','localhost','wait/synch/cond/sql/Relay_log_info::mta_gaq_cond',0,0,0,0,0),('root','localhost','wait/synch/cond/sql/Gtid_state',0,0,0,0,0),('root','localhost','wait/synch/cond/sql/COND_compress_gtid_table',0,0,0,0,0),('root','localhost','wait/synch/cond/sql/Commit_order_manager::m_workers.cond',0,0,0,0,0),('root','localhost','wait/synch/cond/sql/Relay_log_info::replica_worker_hash_cond',0,0,0,0,0),('root','localhost','wait/synch/cond/sql/Source_IO_monitor::run_cond',0,0,0,0,0),('root','localhost','wait/synch/cond/sql/THD::COND_delegate_connection_cond_var',0,0,0,0,0),('root','localhost','wait/synch/cond/sql/THD::COND_group_replication_connection_cond_var',0,0,0,0,0),('root','localhost','wait/synch/cond/mysys/IO_CACHE_SHARE::cond',0,0,0,0,0),('root','localhost','wait/synch/cond/mysys/IO_CACHE_SHARE::cond_writer',0,0,0,0,0),('root','localhost','wait/synch/cond/mysys/THR_COND_threads',0,0,0,0,0),('root','localhost','wait/synch/cond/sql/Event_scheduler::COND_state',0,0,0,0,0),('root','localhost','wait/synch/cond/sql/COND_queue_state',0,0,0,0,0),('root','localhost','wait/synch/cond/sql/COND_thread_cache',0,0,0,0,0),('root','localhost','wait/synch/cond/sql/COND_flush_thread_cache',0,0,0,0,0),('root','localhost','wait/synch/cond/sql/COND_connection_count',0,0,0,0,0),('root','localhost','wait/synch/cond/sql/COND_thd_list',0,0,0,0,0),('root','localhost','wait/synch/cond/sql/MDL_context::COND_wait_status',0,0,0,0,0),('root','localhost','wait/synch/cond/sql/COND_open',0,0,0,0,0),('root','localhost','wait/synch/cond/innodb/commit_cond',0,0,0,0,0),('root','localhost','wait/synch/cond/innodb/resume_encryption_cond',0,0,0,0,0),('root','localhost','wait/synch/cond/myisam/keycache_thread_var::suspend',0,0,0,0,0),('root','localhost','wait/synch/cond/mysqlx/scheduler_dynamic_worker_pending',0,0,0,0,0),('root','localhost','wait/synch/cond/mysqlx/scheduler_dynamic_thread_exit',0,0,0,0,0),('root','localhost','wait/synch/cond/mysqlx/listener_tcp_sync',0,0,0,0,0),('root','localhost','wait/synch/cond/mysqlx/listener_unix_socket_sync',0,0,0,0,0),('root','localhost','wait/synch/cond/mysqlx/broker_context_sync',0,0,0,0,0),('root','localhost','wait/synch/cond/mysqlx/server_state_sync',0,0,0,0,0),('root','localhost','wait/synch/cond/mysqlx/socket_acceptors_sync',0,0,0,0,0),('root','localhost','wait/io/file/sql/binlog',0,0,0,0,0),('root','localhost','wait/io/file/sql/binlog_cache',0,0,0,0,0),('root','localhost','wait/io/file/sql/binlog_index',0,0,0,0,0),('root','localhost','wait/io/file/sql/binlog_index_cache',0,0,0,0,0),('root','localhost','wait/io/file/sql/relaylog',0,0,0,0,0),('root','localhost','wait/io/file/sql/relaylog_cache',0,0,0,0,0),('root','localhost','wait/io/file/sql/relaylog_index',0,0,0,0,0),('root','localhost','wait/io/file/sql/relaylog_index_cache',0,0,0,0,0),('root','localhost','wait/io/file/sql/io_cache',0,0,0,0,0),('root','localhost','wait/io/file/sql/casetest',0,0,0,0,0),('root','localhost','wait/io/file/sql/dbopt',0,0,0,0,0),('root','localhost','wait/io/file/sql/ERRMSG',0,0,0,0,0),('root','localhost','wait/io/file/sql/select_to_file',0,0,0,0,0),('root','localhost','wait/io/file/sql/file_parser',0,0,0,0,0),('root','localhost','wait/io/file/sql/FRM',0,0,0,0,0),('root','localhost','wait/io/file/sql/load',0,0,0,0,0),('root','localhost','wait/io/file/sql/LOAD_FILE',0,0,0,0,0),('root','localhost','wait/io/file/sql/log_event_data',0,0,0,0,0),('root','localhost','wait/io/file/sql/log_event_info',0,0,0,0,0),('root','localhost','wait/io/file/sql/misc',0,0,0,0,0),('root','localhost','wait/io/file/sql/pid',0,0,0,0,0),('root','localhost','wait/io/file/sql/query_log',0,0,0,0,0),('root','localhost','wait/io/file/sql/slow_log',0,0,0,0,0),('root','localhost','wait/io/file/sql/tclog',0,0,0,0,0),('root','localhost','wait/io/file/sql/trigger_name',0,0,0,0,0),('root','localhost','wait/io/file/sql/trigger',0,0,0,0,0),('root','localhost','wait/io/file/sql/init',0,0,0,0,0),('root','localhost','wait/io/file/sql/SDI',0,0,0,0,0),('root','localhost','wait/io/file/sql/hash_join',0,0,0,0,0),('root','localhost','wait/io/file/mysys/proc_meminfo',0,0,0,0,0),('root','localhost','wait/io/file/mysys/charset',0,0,0,0,0),('root','localhost','wait/io/file/mysys/cnf',0,0,0,0,0),('root','localhost','wait/io/file/csv/metadata',8,10909015758,1287900,1363626612,5986132488),('root','localhost','wait/io/file/csv/data',86,7049847735,6407064,81974835,4784386320),('root','localhost','wait/io/file/csv/update',0,0,0,0,0),('root','localhost','wait/io/file/innodb/innodb_dblwr_file',0,0,0,0,0),('root','localhost','wait/io/file/innodb/innodb_tablespace_open_file',0,0,0,0,0),('root','localhost','wait/io/file/innodb/innodb_data_file',2897,1201565348748,3411504,414761517,118406502774),('root','localhost','wait/io/file/innodb/innodb_log_file',0,0,0,0,0),('root','localhost','wait/io/file/innodb/innodb_temp_file',160,2600527581738,41513310,16253297046,135841362210),('root','localhost','wait/io/file/innodb/innodb_arch_file',0,0,0,0,0),('root','localhost','wait/io/file/innodb/innodb_clone_file',0,0,0,0,0),('root','localhost','wait/io/file/innodb/meb::redo_log_archive_file',0,0,0,0,0),('root','localhost','wait/io/file/myisam/data_tmp',0,0,0,0,0),('root','localhost','wait/io/file/myisam/dfile',0,0,0,0,0),('root','localhost','wait/io/file/myisam/kfile',0,0,0,0,0),('root','localhost','wait/io/file/myisam/log',0,0,0,0,0),('root','localhost','wait/io/file/myisammrg/MRG',0,0,0,0,0),('root','localhost','wait/io/file/archive/metadata',0,0,0,0,0),('root','localhost','wait/io/file/archive/data',0,0,0,0,0),('root','localhost','wait/io/file/archive/FRM',0,0,0,0,0),('root','localhost','wait/io/table/sql/handler',10370812,48626470344726,4061178,4688433,707809240278),('root','localhost','wait/lock/table/sql/handler',4211,6558916950,844290,1557405,18942147),('root','localhost','wait/io/socket/sql/server_tcpip_socket',0,0,0,0,0),('root','localhost','wait/io/socket/sql/server_unix_socket',0,0,0,0,0),('root','localhost','wait/io/socket/sql/client_connection',0,0,0,0,0),('root','localhost','wait/io/socket/mysqlx/tcpip_socket',0,0,0,0,0),('root','localhost','wait/io/socket/mysqlx/diagnostics_socket',0,0,0,0,0),('root','localhost','wait/io/socket/mysqlx/unix_socket',0,0,0,0,0),('root','localhost','wait/io/socket/mysqlx/client_connection',0,0,0,0,0),('root','localhost','idle',420579,120392201176000,1703000,286253000,1145758132000),('root','localhost','wait/lock/metadata/sql/mdl',0,0,0,0,0);

--
-- Table structure for table `events_waits_summary_by_host_by_event_name`
--

CREATE TABLE `events_waits_summary_by_host_by_event_name` (
  `HOST` char(255) CHARACTER SET ascii COLLATE ascii_general_ci DEFAULT NULL,
  `EVENT_NAME` varchar(128) NOT NULL,
  `COUNT_STAR` bigint unsigned NOT NULL,
  `SUM_TIMER_WAIT` bigint unsigned NOT NULL,
  `MIN_TIMER_WAIT` bigint unsigned NOT NULL,
  `AVG_TIMER_WAIT` bigint unsigned NOT NULL,
  `MAX_TIMER_WAIT` bigint unsigned NOT NULL,
  UNIQUE KEY `HOST` (`HOST`,`EVENT_NAME`)
) ENGINE=PERFORMANCE_SCHEMA DEFAULT CHARSET=utf8mb4 COLLATE=utf8mb4_0900_ai_ci;

--
-- Dumping data for table `events_waits_summary_by_host_by_event_name`
--

INSERT INTO `events_waits_summary_by_host_by_event_name` VALUES (NULL,'wait/synch/mutex/pfs/LOCK_pfs_share_list',0,0,0,0,0),(NULL,'wait/synch/mutex/pfs/LOCK_pfs_tracing_callback',0,0,0,0,0),(NULL,'wait/synch/mutex/sql/TC_LOG_MMAP::LOCK_tc',0,0,0,0,0),(NULL,'wait/synch/mutex/sql/MYSQL_BIN_LOG::LOCK_commit',0,0,0,0,0),(NULL,'wait/synch/mutex/sql/MYSQL_BIN_LOG::LOCK_commit_queue',0,0,0,0,0),(NULL,'wait/synch/mutex/sql/MYSQL_BIN_LOG::LOCK_done',0,0,0,0,0),(NULL,'wait/synch/mutex/sql/MYSQL_BIN_LOG::LOCK_flush_queue',0,0,0,0,0),(NULL,'wait/synch/mutex/sql/MYSQL_BIN_LOG::LOCK_index',0,0,0,0,0),(NULL,'wait/synch/mutex/sql/MYSQL_BIN_LOG::LOCK_log',0,0,0,0,0),(NULL,'wait/synch/mutex/sql/MYSQL_BIN_LOG::LOCK_binlog_end_pos',0,0,0,0,0),(NULL,'wait/synch/mutex/sql/MYSQL_BIN_LOG::LOCK_sync',0,0,0,0,0),(NULL,'wait/synch/mutex/sql/MYSQL_BIN_LOG::LOCK_sync_queue',0,0,0,0,0),(NULL,'wait/synch/mutex/sql/MYSQL_BIN_LOG::LOCK_xids',0,0,0,0,0),(NULL,'wait/synch/mutex/sql/MYSQL_BIN_LOG::LOCK_wait_for_group_turn',0,0,0,0,0),(NULL,'wait/synch/mutex/sql/MYSQL_BIN_LOG::LOCK_after_commit',0,0,0,0,0),(NULL,'wait/synch/mutex/sql/MYSQL_BIN_LOG::LOCK_after_commit_queue',0,0,0,0,0),(NULL,'wait/synch/mutex/sql/MYSQL_RELAY_LOG::LOCK_commit',0,0,0,0,0),(NULL,'wait/synch/mutex/sql/MYSQL_RELAY_LOG::LOCK_index',0,0,0,0,0),(NULL,'wait/synch/mutex/sql/MYSQL_RELAY_LOG::LOCK_log',0,0,0,0,0),(NULL,'wait/synch/mutex/sql/MYSQL_RELAY_LOG::LOCK_log_end_pos',0,0,0,0,0),(NULL,'wait/synch/mutex/sql/MYSQL_RELAY_LOG::LOCK_sync',0,0,0,0,0),(NULL,'wait/synch/mutex/sql/MYSQL_RELAY_LOG::LOCK_xids',0,0,0,0,0),(NULL,'wait/synch/mutex/sql/hash_filo::lock',0,0,0,0,0),(NULL,'wait/synch/mutex/sql/Gtid_set::gtid_executed::free_intervals_mutex',0,0,0,0,0),(NULL,'wait/synch/mutex/sql/LOCK_crypt',0,0,0,0,0),(NULL,'wait/synch/mutex/sql/LOCK_error_log',0,0,0,0,0),(NULL,'wait/synch/mutex/sql/LOCK_global_system_variables',0,0,0,0,0),(NULL,'wait/synch/mutex/sql/LOCK_manager',0,0,0,0,0),(NULL,'wait/synch/mutex/sql/LOCK_prepared_stmt_count',0,0,0,0,0),(NULL,'wait/synch/mutex/sql/LOCK_replica_list',0,0,0,0,0),(NULL,'wait/synch/mutex/sql/LOCK_sql_replica_skip_counter',0,0,0,0,0),(NULL,'wait/synch/mutex/sql/LOCK_replica_net_timeout',0,0,0,0,0),(NULL,'wait/synch/mutex/sql/LOCK_replica_trans_dep_tracker',0,0,0,0,0),(NULL,'wait/synch/mutex/sql/LOCK_server_started',0,0,0,0,0),(NULL,'wait/synch/mutex/sql/LOCK_socket_listener_active',0,0,0,0,0),(NULL,'wait/synch/mutex/sql/LOCK_start_signal_handler',0,0,0,0,0),(NULL,'wait/synch/mutex/sql/LOCK_status',0,0,0,0,0),(NULL,'wait/synch/mutex/sql/THD::LOCK_thd_data',0,0,0,0,0),(NULL,'wait/synch/mutex/sql/THD::LOCK_thd_query',0,0,0,0,0),(NULL,'wait/synch/mutex/sql/THD::LOCK_thd_sysvar',0,0,0,0,0),(NULL,'wait/synch/mutex/sql/THD::LOCK_thd_protocol',0,0,0,0,0),(NULL,'wait/synch/mutex/sql/THD::LOCK_thd_security_ctx',0,0,0,0,0),(NULL,'wait/synch/mutex/sql/LOCK_user_conn',0,0,0,0,0),(NULL,'wait/synch/mutex/sql/LOCK_uuid_generator',0,0,0,0,0),(NULL,'wait/synch/mutex/sql/LOCK_sql_rand',0,0,0,0,0),(NULL,'wait/synch/mutex/sql/LOG::LOCK_log',0,0,0,0,0),(NULL,'wait/synch/mutex/sql/Source_info::data_lock',0,0,0,0,0),(NULL,'wait/synch/mutex/sql/Source_info::run_lock',0,0,0,0,0),(NULL,'wait/synch/mutex/sql/Source_info::sleep_lock',0,0,0,0,0),(NULL,'wait/synch/mutex/sql/Source_info::info_thd_lock',0,0,0,0,0),(NULL,'wait/synch/mutex/sql/Source_info::rotate_lock',0,0,0,0,0),(NULL,'wait/synch/mutex/sql/Replica_reporting_capability::err_lock',0,0,0,0,0),(NULL,'wait/synch/mutex/sql/Relay_log_info::data_lock',0,0,0,0,0),(NULL,'wait/synch/mutex/sql/Relay_log_info::sleep_lock',0,0,0,0,0),(NULL,'wait/synch/mutex/sql/Relay_log_info::info_thd_lock',0,0,0,0,0),(NULL,'wait/synch/mutex/sql/Relay_log_info::log_space_lock',0,0,0,0,0),(NULL,'wait/synch/mutex/sql/Relay_log_info::run_lock',0,0,0,0,0),(NULL,'wait/synch/mutex/sql/Relay_log_info::pending_jobs_lock',0,0,0,0,0),(NULL,'wait/synch/mutex/sql/Relay_log_info::exit_count_lock',0,0,0,0,0),(NULL,'wait/synch/mutex/sql/Worker_info::jobs_lock',0,0,0,0,0),(NULL,'wait/synch/mutex/sql/TABLE_SHARE::LOCK_ha_data',0,0,0,0,0),(NULL,'wait/synch/mutex/sql/LOCK_error_messages',0,0,0,0,0),(NULL,'wait/synch/mutex/sql/LOCK_log_throttle_qni',0,0,0,0,0),(NULL,'wait/synch/mutex/sql/Gtid_state',0,0,0,0,0),(NULL,'wait/synch/mutex/sql/THD::LOCK_query_plan',0,0,0,0,0),(NULL,'wait/synch/mutex/sql/Cost_constant_cache::LOCK_cost_const',0,0,0,0,0),(NULL,'wait/synch/mutex/sql/THD::LOCK_current_cond',0,0,0,0,0),(NULL,'wait/synch/mutex/sql/key_mta_temp_table_LOCK',0,0,0,0,0),(NULL,'wait/synch/mutex/sql/LOCK_reset_gtid_table',0,0,0,0,0),(NULL,'wait/synch/mutex/sql/LOCK_compress_gtid_table',0,0,0,0,0),(NULL,'wait/synch/mutex/sql/LOCK_collect_instance_log',0,0,0,0,0),(NULL,'wait/synch/mutex/sql/key_mta_gaq_LOCK',0,0,0,0,0),(NULL,'wait/synch/mutex/sql/thd_timer_mutex',0,0,0,0,0),(NULL,'wait/synch/mutex/sql/Commit_order_manager::m_mutex',0,0,0,0,0),(NULL,'wait/synch/mutex/sql/Relay_log_info::replica_worker_hash_lock',0,0,0,0,0),(NULL,'wait/synch/mutex/sql/LOCK_default_password_lifetime',0,0,0,0,0),(NULL,'wait/synch/mutex/sql/LOCK_mandatory_roles',0,0,0,0,0),(NULL,'wait/synch/mutex/sql/LOCK_password_history',0,0,0,0,0),(NULL,'wait/synch/mutex/sql/LOCK_password_reuse_interval',0,0,0,0,0),(NULL,'wait/synch/mutex/sql/LOCK_keyring_operations',0,0,0,0,0),(NULL,'wait/synch/mutex/sql/LOCK_tls_ctx_options',0,0,0,0,0),(NULL,'wait/synch/mutex/sql/LOCK_admin_tls_ctx_options',0,0,0,0,0),(NULL,'wait/synch/mutex/sql/LOCK_rotate_binlog_master_key',0,0,0,0,0),(NULL,'wait/synch/mutex/sql/Source_IO_monitor::run_lock',0,0,0,0,0),(NULL,'wait/synch/mutex/sql/LOCK_delegate_connection_mutex',0,0,0,0,0),(NULL,'wait/synch/mutex/sql/LOCK_group_replication_connection_mutex',0,0,0,0,0),(NULL,'wait/synch/mutex/sql/LOCK_authentication_policy',0,0,0,0,0),(NULL,'wait/synch/mutex/sql/LOCK_global_conn_mem_limit',0,0,0,0,0),(NULL,'wait/synch/mutex/mysys/IO_CACHE::append_buffer_lock',0,0,0,0,0),(NULL,'wait/synch/mutex/mysys/IO_CACHE::SHARE_mutex',0,0,0,0,0),(NULL,'wait/synch/mutex/mysys/KEY_CACHE::cache_lock',0,0,0,0,0),(NULL,'wait/synch/mutex/mysys/THR_LOCK_charset',0,0,0,0,0),(NULL,'wait/synch/mutex/mysys/THR_LOCK_heap',0,0,0,0,0),(NULL,'wait/synch/mutex/mysys/THR_LOCK_lock',0,0,0,0,0),(NULL,'wait/synch/mutex/mysys/THR_LOCK_malloc',0,0,0,0,0),(NULL,'wait/synch/mutex/mysys/THR_LOCK::mutex',0,0,0,0,0),(NULL,'wait/synch/mutex/mysys/THR_LOCK_myisam',0,0,0,0,0),(NULL,'wait/synch/mutex/mysys/THR_LOCK_net',0,0,0,0,0),(NULL,'wait/synch/mutex/mysys/THR_LOCK_open',0,0,0,0,0),(NULL,'wait/synch/mutex/mysys/THR_LOCK_threads',0,0,0,0,0),(NULL,'wait/synch/mutex/mysys/TMPDIR_mutex',0,0,0,0,0),(NULL,'wait/synch/mutex/mysys/THR_LOCK_myisam_mmap',0,0,0,0,0),(NULL,'wait/synch/mutex/sql/LOCK_audit_mask',0,0,0,0,0),(NULL,'wait/synch/mutex/session/LOCK_srv_session_threads',0,0,0,0,0),(NULL,'wait/synch/mutex/sql/LOCK_event_queue',0,0,0,0,0),(NULL,'wait/synch/mutex/sql/Event_scheduler::LOCK_scheduler_state',0,0,0,0,0),(NULL,'wait/synch/mutex/sql/LOCK_thread_cache',0,0,0,0,0),(NULL,'wait/synch/mutex/sql/LOCK_connection_count',0,0,0,0,0),(NULL,'wait/synch/mutex/sql/LOCK_thd_list',0,0,0,0,0),(NULL,'wait/synch/mutex/sql/LOCK_thd_remove',0,0,0,0,0),(NULL,'wait/synch/mutex/sql/LOCK_thread_ids',0,0,0,0,0),(NULL,'wait/synch/mutex/sql/LOCK_load_client_plugin',0,0,0,0,0),(NULL,'wait/synch/mutex/sql/LOCK_item_func_sleep',0,0,0,0,0),(NULL,'wait/synch/mutex/sql/MDL_wait::LOCK_wait_status',0,0,0,0,0),(NULL,'wait/synch/mutex/sql/Partition_share::auto_inc_mutex',0,0,0,0,0),(NULL,'wait/synch/mutex/sql/LOCK_open',0,0,0,0,0),(NULL,'wait/synch/mutex/sql/LOCK_table_cache',0,0,0,0,0),(NULL,'wait/synch/mutex/refcache/refcache_channel_mutex',0,0,0,0,0),(NULL,'wait/synch/mutex/sql/LOCK_transaction_cache',0,0,0,0,0),(NULL,'wait/synch/mutex/sql/LOCK_mdl_context_backup_manager',0,0,0,0,0),(NULL,'wait/synch/mutex/sql/LOCK_plugin',0,0,0,0,0),(NULL,'wait/synch/mutex/sql/LOCK_plugin_delete',0,0,0,0,0),(NULL,'wait/synch/mutex/sql/LOCK_plugin_install',0,0,0,0,0),(NULL,'wait/synch/mutex/csv/tina',0,0,0,0,0),(NULL,'wait/synch/mutex/csv/TINA_SHARE::mutex',0,0,0,0,0),(NULL,'wait/synch/mutex/innodb/commit_cond_mutex',0,0,0,0,0),(NULL,'wait/synch/mutex/innodb/innobase_share_mutex',0,0,0,0,0),(NULL,'wait/synch/mutex/innodb/resume_encryption_cond_mutex',0,0,0,0,0),(NULL,'wait/synch/mutex/innodb/alter_stage_mutex',0,0,0,0,0),(NULL,'wait/synch/mutex/innodb/autoinc_mutex',0,0,0,0,0),(NULL,'wait/synch/mutex/innodb/autoinc_persisted_mutex',0,0,0,0,0),(NULL,'wait/synch/mutex/innodb/buf_pool_chunks_mutex',0,0,0,0,0),(NULL,'wait/synch/mutex/innodb/buf_pool_flush_state_mutex',0,0,0,0,0),(NULL,'wait/synch/mutex/innodb/buf_pool_LRU_list_mutex',0,0,0,0,0),(NULL,'wait/synch/mutex/innodb/buf_pool_free_list_mutex',0,0,0,0,0),(NULL,'wait/synch/mutex/innodb/buf_pool_zip_free_mutex',0,0,0,0,0),(NULL,'wait/synch/mutex/innodb/buf_pool_zip_hash_mutex',0,0,0,0,0),(NULL,'wait/synch/mutex/innodb/buf_pool_zip_mutex',0,0,0,0,0),(NULL,'wait/synch/mutex/innodb/clone_snapshot_mutex',0,0,0,0,0),(NULL,'wait/synch/mutex/innodb/clone_sys_mutex',0,0,0,0,0),(NULL,'wait/synch/mutex/innodb/clone_task_mutex',0,0,0,0,0),(NULL,'wait/synch/mutex/innodb/ddl_autoinc_mutex',0,0,0,0,0),(NULL,'wait/synch/mutex/innodb/dict_foreign_err_mutex',0,0,0,0,0),(NULL,'wait/synch/mutex/innodb/dict_persist_dirty_tables_mutex',0,0,0,0,0),(NULL,'wait/synch/mutex/innodb/dict_sys_mutex',0,0,0,0,0),(NULL,'wait/synch/mutex/innodb/dict_table_mutex',0,0,0,0,0),(NULL,'wait/synch/mutex/innodb/parser_mutex',0,0,0,0,0),(NULL,'wait/synch/mutex/innodb/recalc_pool_mutex',0,0,0,0,0),(NULL,'wait/synch/mutex/innodb/fil_system_mutex',0,0,0,0,0),(NULL,'wait/synch/mutex/innodb/file_open_mutex',0,0,0,0,0),(NULL,'wait/synch/mutex/innodb/flush_list_mutex',0,0,0,0,0),(NULL,'wait/synch/mutex/innodb/fts_bg_threads_mutex',0,0,0,0,0),(NULL,'wait/synch/mutex/innodb/fts_delete_mutex',0,0,0,0,0),(NULL,'wait/synch/mutex/innodb/fts_optimize_mutex',0,0,0,0,0),(NULL,'wait/synch/mutex/innodb/fts_doc_id_mutex',0,0,0,0,0),(NULL,'wait/synch/mutex/innodb/fts_pll_tokenize_mutex',0,0,0,0,0),(NULL,'wait/synch/mutex/innodb/hash_table_mutex',0,0,0,0,0),(NULL,'wait/synch/mutex/innodb/ibuf_bitmap_mutex',0,0,0,0,0),(NULL,'wait/synch/mutex/innodb/ibuf_mutex',0,0,0,0,0),(NULL,'wait/synch/mutex/innodb/ibuf_pessimistic_insert_mutex',0,0,0,0,0),(NULL,'wait/synch/mutex/innodb/lock_free_hash_mutex',0,0,0,0,0),(NULL,'wait/synch/mutex/innodb/log_limits_mutex',0,0,0,0,0),(NULL,'wait/synch/mutex/innodb/log_files_mutex',0,0,0,0,0),(NULL,'wait/synch/mutex/innodb/log_checkpointer_mutex',0,0,0,0,0),(NULL,'wait/synch/mutex/innodb/log_closer_mutex',0,0,0,0,0),(NULL,'wait/synch/mutex/innodb/log_writer_mutex',0,0,0,0,0),(NULL,'wait/synch/mutex/innodb/log_flusher_mutex',0,0,0,0,0),(NULL,'wait/synch/mutex/innodb/log_write_notifier_mutex',0,0,0,0,0),(NULL,'wait/synch/mutex/innodb/log_flush_notifier_mutex',0,0,0,0,0),(NULL,'wait/synch/mutex/innodb/log_sys_arch_mutex',0,0,0,0,0),(NULL,'wait/synch/mutex/innodb/log_cmdq_mutex',0,0,0,0,0),(NULL,'wait/synch/mutex/innodb/log_sn_mutex',0,0,0,0,0),(NULL,'wait/synch/mutex/innodb/mutex_list_mutex',0,0,0,0,0),(NULL,'wait/synch/mutex/innodb/page_sys_arch_mutex',0,0,0,0,0),(NULL,'wait/synch/mutex/innodb/page_sys_arch_oper_mutex',0,0,0,0,0),(NULL,'wait/synch/mutex/innodb/page_sys_arch_client_mutex',0,0,0,0,0),(NULL,'wait/synch/mutex/innodb/page_zip_stat_per_index_mutex',0,0,0,0,0),(NULL,'wait/synch/mutex/innodb/page_cleaner_mutex',0,0,0,0,0),(NULL,'wait/synch/mutex/innodb/parallel_read_mutex',0,0,0,0,0),(NULL,'wait/synch/mutex/innodb/dblwr_mutex',0,0,0,0,0),(NULL,'wait/synch/mutex/innodb/purge_sys_pq_mutex',0,0,0,0,0),(NULL,'wait/synch/mutex/innodb/recv_sys_mutex',0,0,0,0,0),(NULL,'wait/synch/mutex/innodb/recv_writer_mutex',0,0,0,0,0),(NULL,'wait/synch/mutex/innodb/temp_space_rseg_mutex',0,0,0,0,0),(NULL,'wait/synch/mutex/innodb/undo_space_rseg_mutex',0,0,0,0,0),(NULL,'wait/synch/mutex/innodb/trx_sys_rseg_mutex',0,0,0,0,0),(NULL,'wait/synch/mutex/innodb/rw_lock_list_mutex',0,0,0,0,0),(NULL,'wait/synch/mutex/innodb/rw_lock_mutex',0,0,0,0,0),(NULL,'wait/synch/mutex/innodb/srv_innodb_monitor_mutex',0,0,0,0,0),(NULL,'wait/synch/mutex/innodb/srv_misc_tmpfile_mutex',0,0,0,0,0),(NULL,'wait/synch/mutex/innodb/srv_monitor_file_mutex',0,0,0,0,0),(NULL,'wait/synch/mutex/innodb/trx_undo_mutex',0,0,0,0,0),(NULL,'wait/synch/mutex/innodb/trx_pool_mutex',0,0,0,0,0),(NULL,'wait/synch/mutex/innodb/trx_pool_manager_mutex',0,0,0,0,0),(NULL,'wait/synch/mutex/innodb/temp_pool_manager_mutex',0,0,0,0,0),(NULL,'wait/synch/mutex/innodb/srv_sys_mutex',0,0,0,0,0),(NULL,'wait/synch/mutex/innodb/lock_sys_page_mutex',0,0,0,0,0),(NULL,'wait/synch/mutex/innodb/lock_sys_table_mutex',0,0,0,0,0),(NULL,'wait/synch/mutex/innodb/lock_wait_mutex',0,0,0,0,0),(NULL,'wait/synch/mutex/innodb/trx_mutex',0,0,0,0,0),(NULL,'wait/synch/mutex/innodb/srv_threads_mutex',0,0,0,0,0),(NULL,'wait/synch/mutex/innodb/rtr_active_mutex',0,0,0,0,0),(NULL,'wait/synch/mutex/innodb/rtr_match_mutex',0,0,0,0,0),(NULL,'wait/synch/mutex/innodb/rtr_path_mutex',0,0,0,0,0),(NULL,'wait/synch/mutex/innodb/rtr_ssn_mutex',0,0,0,0,0),(NULL,'wait/synch/mutex/innodb/trx_sys_mutex',0,0,0,0,0),(NULL,'wait/synch/mutex/innodb/trx_sys_shard_mutex',0,0,0,0,0),(NULL,'wait/synch/mutex/innodb/trx_sys_serialisation_mutex',0,0,0,0,0),(NULL,'wait/synch/mutex/innodb/zip_pad_mutex',0,0,0,0,0),(NULL,'wait/synch/mutex/innodb/master_key_id_mutex',0,0,0,0,0),(NULL,'wait/synch/mutex/innodb/sync_array_mutex',0,0,0,0,0),(NULL,'wait/synch/mutex/innodb/row_drop_list_mutex',0,0,0,0,0),(NULL,'wait/synch/mutex/innodb/ahi_enabled_mutex',0,0,0,0,0),(NULL,'wait/synch/mutex/myisam/MYISAM_SHARE::intern_lock',0,0,0,0,0),(NULL,'wait/synch/mutex/myisammrg/MYRG_INFO::mutex',0,0,0,0,0),(NULL,'wait/synch/mutex/archive/Archive_share::mutex',0,0,0,0,0),(NULL,'wait/synch/mutex/blackhole/blackhole',0,0,0,0,0),(NULL,'wait/synch/mutex/mysqlx/lock_list_access',0,0,0,0,0),(NULL,'wait/synch/mutex/mysqlx/scheduler_dynamic_worker_pending',0,0,0,0,0),(NULL,'wait/synch/mutex/mysqlx/scheduler_dynamic_thread_exit',0,0,0,0,0),(NULL,'wait/synch/mutex/mysqlx/document_id_generate',0,0,0,0,0),(NULL,'wait/synch/mutex/mysqlx/notice_output_queue',0,0,0,0,0),(NULL,'wait/synch/mutex/mysqlx/client_session_exit',0,0,0,0,0),(NULL,'wait/synch/mutex/mysqlx/socket_events_timers',0,0,0,0,0),(NULL,'wait/synch/mutex/mysqlx/scheduler_post',0,0,0,0,0),(NULL,'wait/synch/mutex/mysqlx/server_client_exit',0,0,0,0,0),(NULL,'wait/synch/mutex/mysqlx/vio_shutdown',0,0,0,0,0),(NULL,'wait/synch/mutex/mysqlx/page_pool',0,0,0,0,0),(NULL,'wait/synch/mutex/mysqlx/listener_tcp_sync',0,0,0,0,0),(NULL,'wait/synch/mutex/mysqlx/listener_unix_socket_sync',0,0,0,0,0),(NULL,'wait/synch/mutex/mysqlx/broker_context_sync',0,0,0,0,0),(NULL,'wait/synch/mutex/mysqlx/server_state_sync',0,0,0,0,0),(NULL,'wait/synch/mutex/mysqlx/socket_acceptors_sync',0,0,0,0,0),(NULL,'wait/synch/mutex/p_dyn_loader/key_component_id_by_urn_mutex',0,0,0,0,0),(NULL,'wait/synch/mutex/sql/LOCK_acl_cache_flush',0,0,0,0,0),(NULL,'wait/synch/mutex/sql/tz_LOCK',0,0,0,0,0),(NULL,'wait/synch/rwlock/pfs/LOCK_pfs_tls_channels',0,0,0,0,0),(NULL,'wait/synch/rwlock/sql/Binlog_transmit_delegate::lock',0,0,0,0,0),(NULL,'wait/synch/rwlock/sql/Binlog_relay_IO_delegate::lock',0,0,0,0,0),(NULL,'wait/synch/rwlock/sql/LOGGER::LOCK_logger',0,0,0,0,0),(NULL,'wait/synch/rwlock/sql/LOCK_sys_init_connect',0,0,0,0,0),(NULL,'wait/synch/rwlock/sql/LOCK_sys_init_replica',0,0,0,0,0),(NULL,'wait/synch/rwlock/sql/LOCK_system_variables_hash',0,0,0,0,0),(NULL,'wait/synch/rwlock/sql/gtid_commit_rollback',0,0,0,0,0),(NULL,'wait/synch/rwlock/sql/gtid_mode_lock',0,0,0,0,0),(NULL,'wait/synch/rwlock/sql/channel_map_lock',0,0,0,0,0),(NULL,'wait/synch/rwlock/sql/channel_lock',0,0,0,0,0),(NULL,'wait/synch/rwlock/sql/Trans_delegate::lock',0,0,0,0,0),(NULL,'wait/synch/rwlock/sql/Server_state_delegate::lock',0,0,0,0,0),(NULL,'wait/synch/rwlock/sql/Binlog_storage_delegate::lock',0,0,0,0,0),(NULL,'wait/synch/rwlock/sql/gtid_retrieved',0,0,0,0,0),(NULL,'wait/synch/rwlock/sql/rpl_filter_lock',0,0,0,0,0),(NULL,'wait/synch/rwlock/sql/channel_to_filter_lock',0,0,0,0,0),(NULL,'wait/synch/rwlock/sql/Resource_group_mgr::m_map_rwlock',0,0,0,0,0),(NULL,'wait/synch/rwlock/sql/server_shutting_down',0,0,0,0,0),(NULL,'wait/synch/rwlock/mysys/SAFE_HASH::lock',0,0,0,0,0),(NULL,'wait/synch/rwlock/session/LOCK_srv_session_collection',0,0,0,0,0),(NULL,'wait/synch/prlock/sql/MDL_lock::rwlock',0,0,0,0,0),(NULL,'wait/synch/prlock/sql/MDL_context::LOCK_waiting_for',0,0,0,0,0),(NULL,'wait/synch/rwlock/sql/THR_LOCK_udf',0,0,0,0,0),(NULL,'wait/synch/sxlock/innodb/btr_search_latch',0,0,0,0,0),(NULL,'wait/synch/sxlock/innodb/dict_operation_lock',0,0,0,0,0),(NULL,'wait/synch/sxlock/innodb/fil_space_latch',0,0,0,0,0),(NULL,'wait/synch/sxlock/innodb/log_sn_lock',0,0,0,0,0),(NULL,'wait/synch/sxlock/innodb/undo_spaces_lock',0,0,0,0,0),(NULL,'wait/synch/sxlock/innodb/rsegs_lock',0,0,0,0,0),(NULL,'wait/synch/sxlock/innodb/lock_sys_global_rw_lock',0,0,0,0,0),(NULL,'wait/synch/sxlock/innodb/fts_cache_rw_lock',0,0,0,0,0),(NULL,'wait/synch/sxlock/innodb/fts_cache_init_rw_lock',0,0,0,0,0),(NULL,'wait/synch/sxlock/innodb/trx_i_s_cache_lock',0,0,0,0,0),(NULL,'wait/synch/sxlock/innodb/trx_purge_latch',0,0,0,0,0),(NULL,'wait/synch/sxlock/innodb/index_tree_rw_lock',0,0,0,0,0),(NULL,'wait/synch/sxlock/innodb/index_online_log',0,0,0,0,0),(NULL,'wait/synch/sxlock/innodb/dict_table_stats',0,0,0,0,0),(NULL,'wait/synch/sxlock/innodb/hash_table_locks',0,0,0,0,0),(NULL,'wait/synch/rwlock/myisam/MYISAM_SHARE::key_root_lock',0,0,0,0,0),(NULL,'wait/synch/rwlock/myisam/MYISAM_SHARE::mmap_lock',0,0,0,0,0),(NULL,'wait/synch/rwlock/sha2_auth/key_m_cache_lock',0,0,0,0,0),(NULL,'wait/synch/rwlock/mysqlx/client_list_clients',0,0,0,0,0),(NULL,'wait/synch/rwlock/mysqlx/sha256_password_cache',0,0,0,0,0),(NULL,'wait/synch/rwlock/mysqlx/xpl_server_instance',0,0,0,0,0),(NULL,'wait/synch/rwlock/sql/LOCK_thd_store_data',0,0,0,0,0),(NULL,'wait/synch/rwlock/sql/THR_LOCK_servers',0,0,0,0,0),(NULL,'wait/synch/cond/sql/PAGE::cond',0,0,0,0,0),(NULL,'wait/synch/cond/sql/TC_LOG_MMAP::COND_active',0,0,0,0,0),(NULL,'wait/synch/cond/sql/TC_LOG_MMAP::COND_pool',0,0,0,0,0),(NULL,'wait/synch/cond/sql/MYSQL_BIN_LOG::COND_done',0,0,0,0,0),(NULL,'wait/synch/cond/sql/MYSQL_BIN_LOG::COND_flush_queue',0,0,0,0,0),(NULL,'wait/synch/cond/sql/MYSQL_BIN_LOG::update_cond',0,0,0,0,0),(NULL,'wait/synch/cond/sql/MYSQL_BIN_LOG::prep_xids_cond',0,0,0,0,0),(NULL,'wait/synch/cond/sql/MYSQL_BIN_LOG::COND_wait_for_group_turn',0,0,0,0,0),(NULL,'wait/synch/cond/sql/MYSQL_RELAY_LOG::update_cond',0,0,0,0,0),(NULL,'wait/synch/cond/sql/COND_manager',0,0,0,0,0),(NULL,'wait/synch/cond/sql/COND_server_started',0,0,0,0,0),(NULL,'wait/synch/cond/sql/COND_socket_listener_active',0,0,0,0,0),(NULL,'wait/synch/cond/sql/COND_start_signal_handler',0,0,0,0,0),(NULL,'wait/synch/cond/sql/COND_thr_lock',0,0,0,0,0),(NULL,'wait/synch/cond/sql/Item_func_sleep::cond',0,0,0,0,0),(NULL,'wait/synch/cond/sql/Source_info::data_cond',0,0,0,0,0),(NULL,'wait/synch/cond/sql/Source_info::start_cond',0,0,0,0,0),(NULL,'wait/synch/cond/sql/Source_info::stop_cond',0,0,0,0,0),(NULL,'wait/synch/cond/sql/Source_info::sleep_cond',0,0,0,0,0),(NULL,'wait/synch/cond/sql/Source_info::rotate_cond',0,0,0,0,0),(NULL,'wait/synch/cond/sql/Relay_log_info::data_cond',0,0,0,0,0),(NULL,'wait/synch/cond/sql/Relay_log_info::log_space_cond',0,0,0,0,0),(NULL,'wait/synch/cond/sql/Relay_log_info::start_cond',0,0,0,0,0),(NULL,'wait/synch/cond/sql/Relay_log_info::stop_cond',0,0,0,0,0),(NULL,'wait/synch/cond/sql/Relay_log_info::sleep_cond',0,0,0,0,0),(NULL,'wait/synch/cond/sql/Relay_log_info::pending_jobs_cond',0,0,0,0,0),(NULL,'wait/synch/cond/sql/Worker_info::jobs_cond',0,0,0,0,0),(NULL,'wait/synch/cond/sql/Relay_log_info::mta_gaq_cond',0,0,0,0,0),(NULL,'wait/synch/cond/sql/Gtid_state',0,0,0,0,0),(NULL,'wait/synch/cond/sql/COND_compress_gtid_table',0,0,0,0,0),(NULL,'wait/synch/cond/sql/Commit_order_manager::m_workers.cond',0,0,0,0,0),(NULL,'wait/synch/cond/sql/Relay_log_info::replica_worker_hash_cond',0,0,0,0,0),(NULL,'wait/synch/cond/sql/Source_IO_monitor::run_cond',0,0,0,0,0),(NULL,'wait/synch/cond/sql/THD::COND_delegate_connection_cond_var',0,0,0,0,0),(NULL,'wait/synch/cond/sql/THD::COND_group_replication_connection_cond_var',0,0,0,0,0),(NULL,'wait/synch/cond/mysys/IO_CACHE_SHARE::cond',0,0,0,0,0),(NULL,'wait/synch/cond/mysys/IO_CACHE_SHARE::cond_writer',0,0,0,0,0),(NULL,'wait/synch/cond/mysys/THR_COND_threads',0,0,0,0,0),(NULL,'wait/synch/cond/sql/Event_scheduler::COND_state',0,0,0,0,0),(NULL,'wait/synch/cond/sql/COND_queue_state',0,0,0,0,0),(NULL,'wait/synch/cond/sql/COND_thread_cache',0,0,0,0,0),(NULL,'wait/synch/cond/sql/COND_flush_thread_cache',0,0,0,0,0),(NULL,'wait/synch/cond/sql/COND_connection_count',0,0,0,0,0),(NULL,'wait/synch/cond/sql/COND_thd_list',0,0,0,0,0),(NULL,'wait/synch/cond/sql/MDL_context::COND_wait_status',0,0,0,0,0),(NULL,'wait/synch/cond/sql/COND_open',0,0,0,0,0),(NULL,'wait/synch/cond/innodb/commit_cond',0,0,0,0,0),(NULL,'wait/synch/cond/innodb/resume_encryption_cond',0,0,0,0,0),(NULL,'wait/synch/cond/myisam/keycache_thread_var::suspend',0,0,0,0,0),(NULL,'wait/synch/cond/mysqlx/scheduler_dynamic_worker_pending',0,0,0,0,0),(NULL,'wait/synch/cond/mysqlx/scheduler_dynamic_thread_exit',0,0,0,0,0),(NULL,'wait/synch/cond/mysqlx/listener_tcp_sync',0,0,0,0,0),(NULL,'wait/synch/cond/mysqlx/listener_unix_socket_sync',0,0,0,0,0),(NULL,'wait/synch/cond/mysqlx/broker_context_sync',0,0,0,0,0),(NULL,'wait/synch/cond/mysqlx/server_state_sync',0,0,0,0,0),(NULL,'wait/synch/cond/mysqlx/socket_acceptors_sync',0,0,0,0,0),(NULL,'wait/io/file/sql/binlog',20,56541891420,1522584,2827094571,34688997882),(NULL,'wait/io/file/sql/binlog_cache',0,0,0,0,0),(NULL,'wait/io/file/sql/binlog_index',23,217134216,619623,9440307,100811088),(NULL,'wait/io/file/sql/binlog_index_cache',0,0,0,0,0),(NULL,'wait/io/file/sql/relaylog',0,0,0,0,0),(NULL,'wait/io/file/sql/relaylog_cache',0,0,0,0,0),(NULL,'wait/io/file/sql/relaylog_index',0,0,0,0,0),(NULL,'wait/io/file/sql/relaylog_index_cache',0,0,0,0,0),(NULL,'wait/io/file/sql/io_cache',0,0,0,0,0),(NULL,'wait/io/file/sql/casetest',15,1765345041,1429569,117689256,1620402867),(NULL,'wait/io/file/sql/dbopt',0,0,0,0,0),(NULL,'wait/io/file/sql/ERRMSG',5,230771646,2617299,46154043,195341517),(NULL,'wait/io/file/sql/select_to_file',0,0,0,0,0),(NULL,'wait/io/file/sql/file_parser',0,0,0,0,0),(NULL,'wait/io/file/sql/FRM',0,0,0,0,0),(NULL,'wait/io/file/sql/load',0,0,0,0,0),(NULL,'wait/io/file/sql/LOAD_FILE',0,0,0,0,0),(NULL,'wait/io/file/sql/log_event_data',0,0,0,0,0),(NULL,'wait/io/file/sql/log_event_info',0,0,0,0,0),(NULL,'wait/io/file/sql/misc',1,14130648,14130648,14130648,14130648),(NULL,'wait/io/file/sql/pid',3,102033162,6277320,34011054,71114022),(NULL,'wait/io/file/sql/query_log',0,0,0,0,0),(NULL,'wait/io/file/sql/slow_log',0,0,0,0,0),(NULL,'wait/io/file/sql/tclog',0,0,0,0,0),(NULL,'wait/io/file/sql/trigger_name',0,0,0,0,0),(NULL,'wait/io/file/sql/trigger',0,0,0,0,0),(NULL,'wait/io/file/sql/init',0,0,0,0,0),(NULL,'wait/io/file/sql/SDI',0,0,0,0,0),(NULL,'wait/io/file/sql/hash_join',0,0,0,0,0),(NULL,'wait/io/file/mysys/proc_meminfo',0,0,0,0,0),(NULL,'wait/io/file/mysys/charset',3,22775796,1802106,7591932,12146328),(NULL,'wait/io/file/mysys/cnf',5,23418315,181737,4683663,14008059),(NULL,'wait/io/file/csv/metadata',0,0,0,0,0),(NULL,'wait/io/file/csv/data',0,0,0,0,0),(NULL,'wait/io/file/csv/update',0,0,0,0,0),(NULL,'wait/io/file/innodb/innodb_dblwr_file',246970,4235245555790493,5245092,17148825909,1164859630641),(NULL,'wait/io/file/innodb/innodb_tablespace_open_file',0,0,0,0,0),(NULL,'wait/io/file/innodb/innodb_data_file',637586,5857666886173833,1368513,9187257546,1106544573288),(NULL,'wait/io/file/innodb/innodb_log_file',651680,7521718169674422,1171512,11542041981,1195164491472),(NULL,'wait/io/file/innodb/innodb_temp_file',255,833267426283,7829955,3267715212,157181852331),(NULL,'wait/io/file/innodb/innodb_arch_file',0,0,0,0,0),(NULL,'wait/io/file/innodb/innodb_clone_file',0,0,0,0,0),(NULL,'wait/io/file/innodb/meb::redo_log_archive_file',0,0,0,0,0),(NULL,'wait/io/file/myisam/data_tmp',0,0,0,0,0),(NULL,'wait/io/file/myisam/dfile',0,0,0,0,0),(NULL,'wait/io/file/myisam/kfile',0,0,0,0,0),(NULL,'wait/io/file/myisam/log',0,0,0,0,0),(NULL,'wait/io/file/myisammrg/MRG',0,0,0,0,0),(NULL,'wait/io/file/archive/metadata',0,0,0,0,0),(NULL,'wait/io/file/archive/data',0,0,0,0,0),(NULL,'wait/io/file/archive/FRM',0,0,0,0,0),(NULL,'wait/io/table/sql/handler',0,0,0,0,0),(NULL,'wait/lock/table/sql/handler',0,0,0,0,0),(NULL,'wait/io/socket/sql/server_tcpip_socket',0,0,0,0,0),(NULL,'wait/io/socket/sql/server_unix_socket',0,0,0,0,0),(NULL,'wait/io/socket/sql/client_connection',0,0,0,0,0),(NULL,'wait/io/socket/mysqlx/tcpip_socket',0,0,0,0,0),(NULL,'wait/io/socket/mysqlx/diagnostics_socket',0,0,0,0,0),(NULL,'wait/io/socket/mysqlx/unix_socket',0,0,0,0,0),(NULL,'wait/io/socket/mysqlx/client_connection',0,0,0,0,0),(NULL,'idle',0,0,0,0,0),(NULL,'wait/lock/metadata/sql/mdl',0,0,0,0,0),('localhost','wait/synch/mutex/pfs/LOCK_pfs_share_list',0,0,0,0,0),('localhost','wait/synch/mutex/pfs/LOCK_pfs_tracing_callback',0,0,0,0,0),('localhost','wait/synch/mutex/sql/TC_LOG_MMAP::LOCK_tc',0,0,0,0,0),('localhost','wait/synch/mutex/sql/MYSQL_BIN_LOG::LOCK_commit',0,0,0,0,0),('localhost','wait/synch/mutex/sql/MYSQL_BIN_LOG::LOCK_commit_queue',0,0,0,0,0),('localhost','wait/synch/mutex/sql/MYSQL_BIN_LOG::LOCK_done',0,0,0,0,0),('localhost','wait/synch/mutex/sql/MYSQL_BIN_LOG::LOCK_flush_queue',0,0,0,0,0),('localhost','wait/synch/mutex/sql/MYSQL_BIN_LOG::LOCK_index',0,0,0,0,0),('localhost','wait/synch/mutex/sql/MYSQL_BIN_LOG::LOCK_log',0,0,0,0,0),('localhost','wait/synch/mutex/sql/MYSQL_BIN_LOG::LOCK_binlog_end_pos',0,0,0,0,0),('localhost','wait/synch/mutex/sql/MYSQL_BIN_LOG::LOCK_sync',0,0,0,0,0),('localhost','wait/synch/mutex/sql/MYSQL_BIN_LOG::LOCK_sync_queue',0,0,0,0,0),('localhost','wait/synch/mutex/sql/MYSQL_BIN_LOG::LOCK_xids',0,0,0,0,0),('localhost','wait/synch/mutex/sql/MYSQL_BIN_LOG::LOCK_wait_for_group_turn',0,0,0,0,0),('localhost','wait/synch/mutex/sql/MYSQL_BIN_LOG::LOCK_after_commit',0,0,0,0,0),('localhost','wait/synch/mutex/sql/MYSQL_BIN_LOG::LOCK_after_commit_queue',0,0,0,0,0),('localhost','wait/synch/mutex/sql/MYSQL_RELAY_LOG::LOCK_commit',0,0,0,0,0),('localhost','wait/synch/mutex/sql/MYSQL_RELAY_LOG::LOCK_index',0,0,0,0,0),('localhost','wait/synch/mutex/sql/MYSQL_RELAY_LOG::LOCK_log',0,0,0,0,0),('localhost','wait/synch/mutex/sql/MYSQL_RELAY_LOG::LOCK_log_end_pos',0,0,0,0,0),('localhost','wait/synch/mutex/sql/MYSQL_RELAY_LOG::LOCK_sync',0,0,0,0,0),('localhost','wait/synch/mutex/sql/MYSQL_RELAY_LOG::LOCK_xids',0,0,0,0,0),('localhost','wait/synch/mutex/sql/hash_filo::lock',0,0,0,0,0),('localhost','wait/synch/mutex/sql/Gtid_set::gtid_executed::free_intervals_mutex',0,0,0,0,0),('localhost','wait/synch/mutex/sql/LOCK_crypt',0,0,0,0,0),('localhost','wait/synch/mutex/sql/LOCK_error_log',0,0,0,0,0),('localhost','wait/synch/mutex/sql/LOCK_global_system_variables',0,0,0,0,0),('localhost','wait/synch/mutex/sql/LOCK_manager',0,0,0,0,0),('localhost','wait/synch/mutex/sql/LOCK_prepared_stmt_count',0,0,0,0,0),('localhost','wait/synch/mutex/sql/LOCK_replica_list',0,0,0,0,0),('localhost','wait/synch/mutex/sql/LOCK_sql_replica_skip_counter',0,0,0,0,0),('localhost','wait/synch/mutex/sql/LOCK_replica_net_timeout',0,0,0,0,0),('localhost','wait/synch/mutex/sql/LOCK_replica_trans_dep_tracker',0,0,0,0,0),('localhost','wait/synch/mutex/sql/LOCK_server_started',0,0,0,0,0),('localhost','wait/synch/mutex/sql/LOCK_socket_listener_active',0,0,0,0,0),('localhost','wait/synch/mutex/sql/LOCK_start_signal_handler',0,0,0,0,0),('localhost','wait/synch/mutex/sql/LOCK_status',0,0,0,0,0),('localhost','wait/synch/mutex/sql/THD::LOCK_thd_data',0,0,0,0,0),('localhost','wait/synch/mutex/sql/THD::LOCK_thd_query',0,0,0,0,0),('localhost','wait/synch/mutex/sql/THD::LOCK_thd_sysvar',0,0,0,0,0),('localhost','wait/synch/mutex/sql/THD::LOCK_thd_protocol',0,0,0,0,0),('localhost','wait/synch/mutex/sql/THD::LOCK_thd_security_ctx',0,0,0,0,0),('localhost','wait/synch/mutex/sql/LOCK_user_conn',0,0,0,0,0),('localhost','wait/synch/mutex/sql/LOCK_uuid_generator',0,0,0,0,0),('localhost','wait/synch/mutex/sql/LOCK_sql_rand',0,0,0,0,0),('localhost','wait/synch/mutex/sql/LOG::LOCK_log',0,0,0,0,0),('localhost','wait/synch/mutex/sql/Source_info::data_lock',0,0,0,0,0),('localhost','wait/synch/mutex/sql/Source_info::run_lock',0,0,0,0,0),('localhost','wait/synch/mutex/sql/Source_info::sleep_lock',0,0,0,0,0),('localhost','wait/synch/mutex/sql/Source_info::info_thd_lock',0,0,0,0,0),('localhost','wait/synch/mutex/sql/Source_info::rotate_lock',0,0,0,0,0),('localhost','wait/synch/mutex/sql/Replica_reporting_capability::err_lock',0,0,0,0,0),('localhost','wait/synch/mutex/sql/Relay_log_info::data_lock',0,0,0,0,0),('localhost','wait/synch/mutex/sql/Relay_log_info::sleep_lock',0,0,0,0,0),('localhost','wait/synch/mutex/sql/Relay_log_info::info_thd_lock',0,0,0,0,0),('localhost','wait/synch/mutex/sql/Relay_log_info::log_space_lock',0,0,0,0,0),('localhost','wait/synch/mutex/sql/Relay_log_info::run_lock',0,0,0,0,0),('localhost','wait/synch/mutex/sql/Relay_log_info::pending_jobs_lock',0,0,0,0,0),('localhost','wait/synch/mutex/sql/Relay_log_info::exit_count_lock',0,0,0,0,0),('localhost','wait/synch/mutex/sql/Worker_info::jobs_lock',0,0,0,0,0),('localhost','wait/synch/mutex/sql/TABLE_SHARE::LOCK_ha_data',0,0,0,0,0),('localhost','wait/synch/mutex/sql/LOCK_error_messages',0,0,0,0,0),('localhost','wait/synch/mutex/sql/LOCK_log_throttle_qni',0,0,0,0,0),('localhost','wait/synch/mutex/sql/Gtid_state',0,0,0,0,0),('localhost','wait/synch/mutex/sql/THD::LOCK_query_plan',0,0,0,0,0),('localhost','wait/synch/mutex/sql/Cost_constant_cache::LOCK_cost_const',0,0,0,0,0),('localhost','wait/synch/mutex/sql/THD::LOCK_current_cond',0,0,0,0,0),('localhost','wait/synch/mutex/sql/key_mta_temp_table_LOCK',0,0,0,0,0),('localhost','wait/synch/mutex/sql/LOCK_reset_gtid_table',0,0,0,0,0),('localhost','wait/synch/mutex/sql/LOCK_compress_gtid_table',0,0,0,0,0),('localhost','wait/synch/mutex/sql/LOCK_collect_instance_log',0,0,0,0,0),('localhost','wait/synch/mutex/sql/key_mta_gaq_LOCK',0,0,0,0,0),('localhost','wait/synch/mutex/sql/thd_timer_mutex',0,0,0,0,0),('localhost','wait/synch/mutex/sql/Commit_order_manager::m_mutex',0,0,0,0,0),('localhost','wait/synch/mutex/sql/Relay_log_info::replica_worker_hash_lock',0,0,0,0,0),('localhost','wait/synch/mutex/sql/LOCK_default_password_lifetime',0,0,0,0,0),('localhost','wait/synch/mutex/sql/LOCK_mandatory_roles',0,0,0,0,0),('localhost','wait/synch/mutex/sql/LOCK_password_history',0,0,0,0,0),('localhost','wait/synch/mutex/sql/LOCK_password_reuse_interval',0,0,0,0,0),('localhost','wait/synch/mutex/sql/LOCK_keyring_operations',0,0,0,0,0),('localhost','wait/synch/mutex/sql/LOCK_tls_ctx_options',0,0,0,0,0),('localhost','wait/synch/mutex/sql/LOCK_admin_tls_ctx_options',0,0,0,0,0),('localhost','wait/synch/mutex/sql/LOCK_rotate_binlog_master_key',0,0,0,0,0),('localhost','wait/synch/mutex/sql/Source_IO_monitor::run_lock',0,0,0,0,0),('localhost','wait/synch/mutex/sql/LOCK_delegate_connection_mutex',0,0,0,0,0),('localhost','wait/synch/mutex/sql/LOCK_group_replication_connection_mutex',0,0,0,0,0),('localhost','wait/synch/mutex/sql/LOCK_authentication_policy',0,0,0,0,0),('localhost','wait/synch/mutex/sql/LOCK_global_conn_mem_limit',0,0,0,0,0),('localhost','wait/synch/mutex/mysys/IO_CACHE::append_buffer_lock',0,0,0,0,0),('localhost','wait/synch/mutex/mysys/IO_CACHE::SHARE_mutex',0,0,0,0,0),('localhost','wait/synch/mutex/mysys/KEY_CACHE::cache_lock',0,0,0,0,0),('localhost','wait/synch/mutex/mysys/THR_LOCK_charset',0,0,0,0,0),('localhost','wait/synch/mutex/mysys/THR_LOCK_heap',0,0,0,0,0),('localhost','wait/synch/mutex/mysys/THR_LOCK_lock',0,0,0,0,0),('localhost','wait/synch/mutex/mysys/THR_LOCK_malloc',0,0,0,0,0),('localhost','wait/synch/mutex/mysys/THR_LOCK::mutex',0,0,0,0,0),('localhost','wait/synch/mutex/mysys/THR_LOCK_myisam',0,0,0,0,0),('localhost','wait/synch/mutex/mysys/THR_LOCK_net',0,0,0,0,0),('localhost','wait/synch/mutex/mysys/THR_LOCK_open',0,0,0,0,0),('localhost','wait/synch/mutex/mysys/THR_LOCK_threads',0,0,0,0,0),('localhost','wait/synch/mutex/mysys/TMPDIR_mutex',0,0,0,0,0),('localhost','wait/synch/mutex/mysys/THR_LOCK_myisam_mmap',0,0,0,0,0),('localhost','wait/synch/mutex/sql/LOCK_audit_mask',0,0,0,0,0),('localhost','wait/synch/mutex/session/LOCK_srv_session_threads',0,0,0,0,0),('localhost','wait/synch/mutex/sql/LOCK_event_queue',0,0,0,0,0),('localhost','wait/synch/mutex/sql/Event_scheduler::LOCK_scheduler_state',0,0,0,0,0),('localhost','wait/synch/mutex/sql/LOCK_thread_cache',0,0,0,0,0),('localhost','wait/synch/mutex/sql/LOCK_connection_count',0,0,0,0,0),('localhost','wait/synch/mutex/sql/LOCK_thd_list',0,0,0,0,0),('localhost','wait/synch/mutex/sql/LOCK_thd_remove',0,0,0,0,0),('localhost','wait/synch/mutex/sql/LOCK_thread_ids',0,0,0,0,0),('localhost','wait/synch/mutex/sql/LOCK_load_client_plugin',0,0,0,0,0),('localhost','wait/synch/mutex/sql/LOCK_item_func_sleep',0,0,0,0,0),('localhost','wait/synch/mutex/sql/MDL_wait::LOCK_wait_status',0,0,0,0,0),('localhost','wait/synch/mutex/sql/Partition_share::auto_inc_mutex',0,0,0,0,0),('localhost','wait/synch/mutex/sql/LOCK_open',0,0,0,0,0),('localhost','wait/synch/mutex/sql/LOCK_table_cache',0,0,0,0,0),('localhost','wait/synch/mutex/refcache/refcache_channel_mutex',0,0,0,0,0),('localhost','wait/synch/mutex/sql/LOCK_transaction_cache',0,0,0,0,0),('localhost','wait/synch/mutex/sql/LOCK_mdl_context_backup_manager',0,0,0,0,0),('localhost','wait/synch/mutex/sql/LOCK_plugin',0,0,0,0,0),('localhost','wait/synch/mutex/sql/LOCK_plugin_delete',0,0,0,0,0),('localhost','wait/synch/mutex/sql/LOCK_plugin_install',0,0,0,0,0),('localhost','wait/synch/mutex/csv/tina',0,0,0,0,0),('localhost','wait/synch/mutex/csv/TINA_SHARE::mutex',0,0,0,0,0),('localhost','wait/synch/mutex/innodb/commit_cond_mutex',0,0,0,0,0),('localhost','wait/synch/mutex/innodb/innobase_share_mutex',0,0,0,0,0),('localhost','wait/synch/mutex/innodb/resume_encryption_cond_mutex',0,0,0,0,0),('localhost','wait/synch/mutex/innodb/alter_stage_mutex',0,0,0,0,0),('localhost','wait/synch/mutex/innodb/autoinc_mutex',0,0,0,0,0),('localhost','wait/synch/mutex/innodb/autoinc_persisted_mutex',0,0,0,0,0),('localhost','wait/synch/mutex/innodb/buf_pool_chunks_mutex',0,0,0,0,0),('localhost','wait/synch/mutex/innodb/buf_pool_flush_state_mutex',0,0,0,0,0),('localhost','wait/synch/mutex/innodb/buf_pool_LRU_list_mutex',0,0,0,0,0),('localhost','wait/synch/mutex/innodb/buf_pool_free_list_mutex',0,0,0,0,0),('localhost','wait/synch/mutex/innodb/buf_pool_zip_free_mutex',0,0,0,0,0),('localhost','wait/synch/mutex/innodb/buf_pool_zip_hash_mutex',0,0,0,0,0),('localhost','wait/synch/mutex/innodb/buf_pool_zip_mutex',0,0,0,0,0),('localhost','wait/synch/mutex/innodb/clone_snapshot_mutex',0,0,0,0,0),('localhost','wait/synch/mutex/innodb/clone_sys_mutex',0,0,0,0,0),('localhost','wait/synch/mutex/innodb/clone_task_mutex',0,0,0,0,0),('localhost','wait/synch/mutex/innodb/ddl_autoinc_mutex',0,0,0,0,0),('localhost','wait/synch/mutex/innodb/dict_foreign_err_mutex',0,0,0,0,0),('localhost','wait/synch/mutex/innodb/dict_persist_dirty_tables_mutex',0,0,0,0,0),('localhost','wait/synch/mutex/innodb/dict_sys_mutex',0,0,0,0,0),('localhost','wait/synch/mutex/innodb/dict_table_mutex',0,0,0,0,0),('localhost','wait/synch/mutex/innodb/parser_mutex',0,0,0,0,0),('localhost','wait/synch/mutex/innodb/recalc_pool_mutex',0,0,0,0,0),('localhost','wait/synch/mutex/innodb/fil_system_mutex',0,0,0,0,0),('localhost','wait/synch/mutex/innodb/file_open_mutex',0,0,0,0,0),('localhost','wait/synch/mutex/innodb/flush_list_mutex',0,0,0,0,0),('localhost','wait/synch/mutex/innodb/fts_bg_threads_mutex',0,0,0,0,0),('localhost','wait/synch/mutex/innodb/fts_delete_mutex',0,0,0,0,0),('localhost','wait/synch/mutex/innodb/fts_optimize_mutex',0,0,0,0,0),('localhost','wait/synch/mutex/innodb/fts_doc_id_mutex',0,0,0,0,0),('localhost','wait/synch/mutex/innodb/fts_pll_tokenize_mutex',0,0,0,0,0),('localhost','wait/synch/mutex/innodb/hash_table_mutex',0,0,0,0,0),('localhost','wait/synch/mutex/innodb/ibuf_bitmap_mutex',0,0,0,0,0),('localhost','wait/synch/mutex/innodb/ibuf_mutex',0,0,0,0,0),('localhost','wait/synch/mutex/innodb/ibuf_pessimistic_insert_mutex',0,0,0,0,0),('localhost','wait/synch/mutex/innodb/lock_free_hash_mutex',0,0,0,0,0),('localhost','wait/synch/mutex/innodb/log_limits_mutex',0,0,0,0,0),('localhost','wait/synch/mutex/innodb/log_files_mutex',0,0,0,0,0),('localhost','wait/synch/mutex/innodb/log_checkpointer_mutex',0,0,0,0,0),('localhost','wait/synch/mutex/innodb/log_closer_mutex',0,0,0,0,0),('localhost','wait/synch/mutex/innodb/log_writer_mutex',0,0,0,0,0),('localhost','wait/synch/mutex/innodb/log_flusher_mutex',0,0,0,0,0),('localhost','wait/synch/mutex/innodb/log_write_notifier_mutex',0,0,0,0,0),('localhost','wait/synch/mutex/innodb/log_flush_notifier_mutex',0,0,0,0,0),('localhost','wait/synch/mutex/innodb/log_sys_arch_mutex',0,0,0,0,0),('localhost','wait/synch/mutex/innodb/log_cmdq_mutex',0,0,0,0,0),('localhost','wait/synch/mutex/innodb/log_sn_mutex',0,0,0,0,0),('localhost','wait/synch/mutex/innodb/mutex_list_mutex',0,0,0,0,0),('localhost','wait/synch/mutex/innodb/page_sys_arch_mutex',0,0,0,0,0),('localhost','wait/synch/mutex/innodb/page_sys_arch_oper_mutex',0,0,0,0,0),('localhost','wait/synch/mutex/innodb/page_sys_arch_client_mutex',0,0,0,0,0),('localhost','wait/synch/mutex/innodb/page_zip_stat_per_index_mutex',0,0,0,0,0),('localhost','wait/synch/mutex/innodb/page_cleaner_mutex',0,0,0,0,0),('localhost','wait/synch/mutex/innodb/parallel_read_mutex',0,0,0,0,0),('localhost','wait/synch/mutex/innodb/dblwr_mutex',0,0,0,0,0),('localhost','wait/synch/mutex/innodb/purge_sys_pq_mutex',0,0,0,0,0),('localhost','wait/synch/mutex/innodb/recv_sys_mutex',0,0,0,0,0),('localhost','wait/synch/mutex/innodb/recv_writer_mutex',0,0,0,0,0),('localhost','wait/synch/mutex/innodb/temp_space_rseg_mutex',0,0,0,0,0),('localhost','wait/synch/mutex/innodb/undo_space_rseg_mutex',0,0,0,0,0),('localhost','wait/synch/mutex/innodb/trx_sys_rseg_mutex',0,0,0,0,0),('localhost','wait/synch/mutex/innodb/rw_lock_list_mutex',0,0,0,0,0),('localhost','wait/synch/mutex/innodb/rw_lock_mutex',0,0,0,0,0),('localhost','wait/synch/mutex/innodb/srv_innodb_monitor_mutex',0,0,0,0,0),('localhost','wait/synch/mutex/innodb/srv_misc_tmpfile_mutex',0,0,0,0,0),('localhost','wait/synch/mutex/innodb/srv_monitor_file_mutex',0,0,0,0,0),('localhost','wait/synch/mutex/innodb/trx_undo_mutex',0,0,0,0,0),('localhost','wait/synch/mutex/innodb/trx_pool_mutex',0,0,0,0,0),('localhost','wait/synch/mutex/innodb/trx_pool_manager_mutex',0,0,0,0,0),('localhost','wait/synch/mutex/innodb/temp_pool_manager_mutex',0,0,0,0,0),('localhost','wait/synch/mutex/innodb/srv_sys_mutex',0,0,0,0,0),('localhost','wait/synch/mutex/innodb/lock_sys_page_mutex',0,0,0,0,0),('localhost','wait/synch/mutex/innodb/lock_sys_table_mutex',0,0,0,0,0),('localhost','wait/synch/mutex/innodb/lock_wait_mutex',0,0,0,0,0),('localhost','wait/synch/mutex/innodb/trx_mutex',0,0,0,0,0),('localhost','wait/synch/mutex/innodb/srv_threads_mutex',0,0,0,0,0),('localhost','wait/synch/mutex/innodb/rtr_active_mutex',0,0,0,0,0),('localhost','wait/synch/mutex/innodb/rtr_match_mutex',0,0,0,0,0),('localhost','wait/synch/mutex/innodb/rtr_path_mutex',0,0,0,0,0),('localhost','wait/synch/mutex/innodb/rtr_ssn_mutex',0,0,0,0,0),('localhost','wait/synch/mutex/innodb/trx_sys_mutex',0,0,0,0,0),('localhost','wait/synch/mutex/innodb/trx_sys_shard_mutex',0,0,0,0,0),('localhost','wait/synch/mutex/innodb/trx_sys_serialisation_mutex',0,0,0,0,0),('localhost','wait/synch/mutex/innodb/zip_pad_mutex',0,0,0,0,0),('localhost','wait/synch/mutex/innodb/master_key_id_mutex',0,0,0,0,0),('localhost','wait/synch/mutex/innodb/sync_array_mutex',0,0,0,0,0),('localhost','wait/synch/mutex/innodb/row_drop_list_mutex',0,0,0,0,0),('localhost','wait/synch/mutex/innodb/ahi_enabled_mutex',0,0,0,0,0),('localhost','wait/synch/mutex/myisam/MYISAM_SHARE::intern_lock',0,0,0,0,0),('localhost','wait/synch/mutex/myisammrg/MYRG_INFO::mutex',0,0,0,0,0),('localhost','wait/synch/mutex/archive/Archive_share::mutex',0,0,0,0,0),('localhost','wait/synch/mutex/blackhole/blackhole',0,0,0,0,0),('localhost','wait/synch/mutex/mysqlx/lock_list_access',0,0,0,0,0),('localhost','wait/synch/mutex/mysqlx/scheduler_dynamic_worker_pending',0,0,0,0,0),('localhost','wait/synch/mutex/mysqlx/scheduler_dynamic_thread_exit',0,0,0,0,0),('localhost','wait/synch/mutex/mysqlx/document_id_generate',0,0,0,0,0),('localhost','wait/synch/mutex/mysqlx/notice_output_queue',0,0,0,0,0),('localhost','wait/synch/mutex/mysqlx/client_session_exit',0,0,0,0,0),('localhost','wait/synch/mutex/mysqlx/socket_events_timers',0,0,0,0,0),('localhost','wait/synch/mutex/mysqlx/scheduler_post',0,0,0,0,0),('localhost','wait/synch/mutex/mysqlx/server_client_exit',0,0,0,0,0),('localhost','wait/synch/mutex/mysqlx/vio_shutdown',0,0,0,0,0),('localhost','wait/synch/mutex/mysqlx/page_pool',0,0,0,0,0),('localhost','wait/synch/mutex/mysqlx/listener_tcp_sync',0,0,0,0,0),('localhost','wait/synch/mutex/mysqlx/listener_unix_socket_sync',0,0,0,0,0),('localhost','wait/synch/mutex/mysqlx/broker_context_sync',0,0,0,0,0),('localhost','wait/synch/mutex/mysqlx/server_state_sync',0,0,0,0,0),('localhost','wait/synch/mutex/mysqlx/socket_acceptors_sync',0,0,0,0,0),('localhost','wait/synch/mutex/p_dyn_loader/key_component_id_by_urn_mutex',0,0,0,0,0),('localhost','wait/synch/mutex/sql/LOCK_acl_cache_flush',0,0,0,0,0),('localhost','wait/synch/mutex/sql/tz_LOCK',0,0,0,0,0),('localhost','wait/synch/rwlock/pfs/LOCK_pfs_tls_channels',0,0,0,0,0),('localhost','wait/synch/rwlock/sql/Binlog_transmit_delegate::lock',0,0,0,0,0),('localhost','wait/synch/rwlock/sql/Binlog_relay_IO_delegate::lock',0,0,0,0,0),('localhost','wait/synch/rwlock/sql/LOGGER::LOCK_logger',0,0,0,0,0),('localhost','wait/synch/rwlock/sql/LOCK_sys_init_connect',0,0,0,0,0),('localhost','wait/synch/rwlock/sql/LOCK_sys_init_replica',0,0,0,0,0),('localhost','wait/synch/rwlock/sql/LOCK_system_variables_hash',0,0,0,0,0),('localhost','wait/synch/rwlock/sql/gtid_commit_rollback',0,0,0,0,0),('localhost','wait/synch/rwlock/sql/gtid_mode_lock',0,0,0,0,0),('localhost','wait/synch/rwlock/sql/channel_map_lock',0,0,0,0,0),('localhost','wait/synch/rwlock/sql/channel_lock',0,0,0,0,0),('localhost','wait/synch/rwlock/sql/Trans_delegate::lock',0,0,0,0,0),('localhost','wait/synch/rwlock/sql/Server_state_delegate::lock',0,0,0,0,0),('localhost','wait/synch/rwlock/sql/Binlog_storage_delegate::lock',0,0,0,0,0),('localhost','wait/synch/rwlock/sql/gtid_retrieved',0,0,0,0,0),('localhost','wait/synch/rwlock/sql/rpl_filter_lock',0,0,0,0,0),('localhost','wait/synch/rwlock/sql/channel_to_filter_lock',0,0,0,0,0),('localhost','wait/synch/rwlock/sql/Resource_group_mgr::m_map_rwlock',0,0,0,0,0),('localhost','wait/synch/rwlock/sql/server_shutting_down',0,0,0,0,0),('localhost','wait/synch/rwlock/mysys/SAFE_HASH::lock',0,0,0,0,0),('localhost','wait/synch/rwlock/session/LOCK_srv_session_collection',0,0,0,0,0),('localhost','wait/synch/prlock/sql/MDL_lock::rwlock',0,0,0,0,0),('localhost','wait/synch/prlock/sql/MDL_context::LOCK_waiting_for',0,0,0,0,0),('localhost','wait/synch/rwlock/sql/THR_LOCK_udf',0,0,0,0,0),('localhost','wait/synch/sxlock/innodb/btr_search_latch',0,0,0,0,0),('localhost','wait/synch/sxlock/innodb/dict_operation_lock',0,0,0,0,0),('localhost','wait/synch/sxlock/innodb/fil_space_latch',0,0,0,0,0),('localhost','wait/synch/sxlock/innodb/log_sn_lock',0,0,0,0,0),('localhost','wait/synch/sxlock/innodb/undo_spaces_lock',0,0,0,0,0),('localhost','wait/synch/sxlock/innodb/rsegs_lock',0,0,0,0,0),('localhost','wait/synch/sxlock/innodb/lock_sys_global_rw_lock',0,0,0,0,0),('localhost','wait/synch/sxlock/innodb/fts_cache_rw_lock',0,0,0,0,0),('localhost','wait/synch/sxlock/innodb/fts_cache_init_rw_lock',0,0,0,0,0),('localhost','wait/synch/sxlock/innodb/trx_i_s_cache_lock',0,0,0,0,0),('localhost','wait/synch/sxlock/innodb/trx_purge_latch',0,0,0,0,0),('localhost','wait/synch/sxlock/innodb/index_tree_rw_lock',0,0,0,0,0),('localhost','wait/synch/sxlock/innodb/index_online_log',0,0,0,0,0),('localhost','wait/synch/sxlock/innodb/dict_table_stats',0,0,0,0,0),('localhost','wait/synch/sxlock/innodb/hash_table_locks',0,0,0,0,0),('localhost','wait/synch/rwlock/myisam/MYISAM_SHARE::key_root_lock',0,0,0,0,0),('localhost','wait/synch/rwlock/myisam/MYISAM_SHARE::mmap_lock',0,0,0,0,0),('localhost','wait/synch/rwlock/sha2_auth/key_m_cache_lock',0,0,0,0,0),('localhost','wait/synch/rwlock/mysqlx/client_list_clients',0,0,0,0,0),('localhost','wait/synch/rwlock/mysqlx/sha256_password_cache',0,0,0,0,0),('localhost','wait/synch/rwlock/mysqlx/xpl_server_instance',0,0,0,0,0),('localhost','wait/synch/rwlock/sql/LOCK_thd_store_data',0,0,0,0,0),('localhost','wait/synch/rwlock/sql/THR_LOCK_servers',0,0,0,0,0),('localhost','wait/synch/cond/sql/PAGE::cond',0,0,0,0,0),('localhost','wait/synch/cond/sql/TC_LOG_MMAP::COND_active',0,0,0,0,0),('localhost','wait/synch/cond/sql/TC_LOG_MMAP::COND_pool',0,0,0,0,0),('localhost','wait/synch/cond/sql/MYSQL_BIN_LOG::COND_done',0,0,0,0,0),('localhost','wait/synch/cond/sql/MYSQL_BIN_LOG::COND_flush_queue',0,0,0,0,0),('localhost','wait/synch/cond/sql/MYSQL_BIN_LOG::update_cond',0,0,0,0,0),('localhost','wait/synch/cond/sql/MYSQL_BIN_LOG::prep_xids_cond',0,0,0,0,0),('localhost','wait/synch/cond/sql/MYSQL_BIN_LOG::COND_wait_for_group_turn',0,0,0,0,0),('localhost','wait/synch/cond/sql/MYSQL_RELAY_LOG::update_cond',0,0,0,0,0),('localhost','wait/synch/cond/sql/COND_manager',0,0,0,0,0),('localhost','wait/synch/cond/sql/COND_server_started',0,0,0,0,0),('localhost','wait/synch/cond/sql/COND_socket_listener_active',0,0,0,0,0),('localhost','wait/synch/cond/sql/COND_start_signal_handler',0,0,0,0,0),('localhost','wait/synch/cond/sql/COND_thr_lock',0,0,0,0,0),('localhost','wait/synch/cond/sql/Item_func_sleep::cond',0,0,0,0,0),('localhost','wait/synch/cond/sql/Source_info::data_cond',0,0,0,0,0),('localhost','wait/synch/cond/sql/Source_info::start_cond',0,0,0,0,0),('localhost','wait/synch/cond/sql/Source_info::stop_cond',0,0,0,0,0),('localhost','wait/synch/cond/sql/Source_info::sleep_cond',0,0,0,0,0),('localhost','wait/synch/cond/sql/Source_info::rotate_cond',0,0,0,0,0),('localhost','wait/synch/cond/sql/Relay_log_info::data_cond',0,0,0,0,0),('localhost','wait/synch/cond/sql/Relay_log_info::log_space_cond',0,0,0,0,0),('localhost','wait/synch/cond/sql/Relay_log_info::start_cond',0,0,0,0,0),('localhost','wait/synch/cond/sql/Relay_log_info::stop_cond',0,0,0,0,0),('localhost','wait/synch/cond/sql/Relay_log_info::sleep_cond',0,0,0,0,0),('localhost','wait/synch/cond/sql/Relay_log_info::pending_jobs_cond',0,0,0,0,0),('localhost','wait/synch/cond/sql/Worker_info::jobs_cond',0,0,0,0,0),('localhost','wait/synch/cond/sql/Relay_log_info::mta_gaq_cond',0,0,0,0,0),('localhost','wait/synch/cond/sql/Gtid_state',0,0,0,0,0),('localhost','wait/synch/cond/sql/COND_compress_gtid_table',0,0,0,0,0),('localhost','wait/synch/cond/sql/Commit_order_manager::m_workers.cond',0,0,0,0,0),('localhost','wait/synch/cond/sql/Relay_log_info::replica_worker_hash_cond',0,0,0,0,0),('localhost','wait/synch/cond/sql/Source_IO_monitor::run_cond',0,0,0,0,0),('localhost','wait/synch/cond/sql/THD::COND_delegate_connection_cond_var',0,0,0,0,0),('localhost','wait/synch/cond/sql/THD::COND_group_replication_connection_cond_var',0,0,0,0,0),('localhost','wait/synch/cond/mysys/IO_CACHE_SHARE::cond',0,0,0,0,0),('localhost','wait/synch/cond/mysys/IO_CACHE_SHARE::cond_writer',0,0,0,0,0),('localhost','wait/synch/cond/mysys/THR_COND_threads',0,0,0,0,0),('localhost','wait/synch/cond/sql/Event_scheduler::COND_state',0,0,0,0,0),('localhost','wait/synch/cond/sql/COND_queue_state',0,0,0,0,0),('localhost','wait/synch/cond/sql/COND_thread_cache',0,0,0,0,0),('localhost','wait/synch/cond/sql/COND_flush_thread_cache',0,0,0,0,0),('localhost','wait/synch/cond/sql/COND_connection_count',0,0,0,0,0),('localhost','wait/synch/cond/sql/COND_thd_list',0,0,0,0,0),('localhost','wait/synch/cond/sql/MDL_context::COND_wait_status',0,0,0,0,0),('localhost','wait/synch/cond/sql/COND_open',0,0,0,0,0),('localhost','wait/synch/cond/innodb/commit_cond',0,0,0,0,0),('localhost','wait/synch/cond/innodb/resume_encryption_cond',0,0,0,0,0),('localhost','wait/synch/cond/myisam/keycache_thread_var::suspend',0,0,0,0,0),('localhost','wait/synch/cond/mysqlx/scheduler_dynamic_worker_pending',0,0,0,0,0),('localhost','wait/synch/cond/mysqlx/scheduler_dynamic_thread_exit',0,0,0,0,0),('localhost','wait/synch/cond/mysqlx/listener_tcp_sync',0,0,0,0,0),('localhost','wait/synch/cond/mysqlx/listener_unix_socket_sync',0,0,0,0,0),('localhost','wait/synch/cond/mysqlx/broker_context_sync',0,0,0,0,0),('localhost','wait/synch/cond/mysqlx/server_state_sync',0,0,0,0,0),('localhost','wait/synch/cond/mysqlx/socket_acceptors_sync',0,0,0,0,0),('localhost','wait/io/file/sql/binlog',113304,2104502038169202,8474382,18573942591,819047748141),('localhost','wait/io/file/sql/binlog_cache',0,0,0,0,0),('localhost','wait/io/file/sql/binlog_index',0,0,0,0,0),('localhost','wait/io/file/sql/binlog_index_cache',0,0,0,0,0),('localhost','wait/io/file/sql/relaylog',0,0,0,0,0),('localhost','wait/io/file/sql/relaylog_cache',0,0,0,0,0),('localhost','wait/io/file/sql/relaylog_index',0,0,0,0,0),('localhost','wait/io/file/sql/relaylog_index_cache',0,0,0,0,0),('localhost','wait/io/file/sql/io_cache',0,0,0,0,0),('localhost','wait/io/file/sql/casetest',0,0,0,0,0),('localhost','wait/io/file/sql/dbopt',0,0,0,0,0),('localhost','wait/io/file/sql/ERRMSG',0,0,0,0,0),('localhost','wait/io/file/sql/select_to_file',0,0,0,0,0),('localhost','wait/io/file/sql/file_parser',0,0,0,0,0),('localhost','wait/io/file/sql/FRM',0,0,0,0,0),('localhost','wait/io/file/sql/load',0,0,0,0,0),('localhost','wait/io/file/sql/LOAD_FILE',0,0,0,0,0),('localhost','wait/io/file/sql/log_event_data',0,0,0,0,0),('localhost','wait/io/file/sql/log_event_info',0,0,0,0,0),('localhost','wait/io/file/sql/misc',0,0,0,0,0),('localhost','wait/io/file/sql/pid',0,0,0,0,0),('localhost','wait/io/file/sql/query_log',0,0,0,0,0),('localhost','wait/io/file/sql/slow_log',0,0,0,0,0),('localhost','wait/io/file/sql/tclog',0,0,0,0,0),('localhost','wait/io/file/sql/trigger_name',0,0,0,0,0),('localhost','wait/io/file/sql/trigger',0,0,0,0,0),('localhost','wait/io/file/sql/init',0,0,0,0,0),('localhost','wait/io/file/sql/SDI',0,0,0,0,0),('localhost','wait/io/file/sql/hash_join',0,0,0,0,0),('localhost','wait/io/file/mysys/proc_meminfo',0,0,0,0,0),('localhost','wait/io/file/mysys/charset',0,0,0,0,0),('localhost','wait/io/file/mysys/cnf',0,0,0,0,0),('localhost','wait/io/file/csv/metadata',8,10909015758,1287900,1363626612,5986132488),('localhost','wait/io/file/csv/data',86,7049847735,6407064,81974835,4784386320),('localhost','wait/io/file/csv/update',0,0,0,0,0),('localhost','wait/io/file/innodb/innodb_dblwr_file',0,0,0,0,0),('localhost','wait/io/file/innodb/innodb_tablespace_open_file',0,0,0,0,0),('localhost','wait/io/file/innodb/innodb_data_file',3937,5188430706417,3411504,1317863709,118406502774),('localhost','wait/io/file/innodb/innodb_log_file',0,0,0,0,0),('localhost','wait/io/file/innodb/innodb_temp_file',160,2600527581738,41513310,16253297046,135841362210),('localhost','wait/io/file/innodb/innodb_arch_file',0,0,0,0,0),('localhost','wait/io/file/innodb/innodb_clone_file',0,0,0,0,0),('localhost','wait/io/file/innodb/meb::redo_log_archive_file',0,0,0,0,0),('localhost','wait/io/file/myisam/data_tmp',0,0,0,0,0),('localhost','wait/io/file/myisam/dfile',0,0,0,0,0),('localhost','wait/io/file/myisam/kfile',0,0,0,0,0),('localhost','wait/io/file/myisam/log',0,0,0,0,0),('localhost','wait/io/file/myisammrg/MRG',0,0,0,0,0),('localhost','wait/io/file/archive/metadata',0,0,0,0,0),('localhost','wait/io/file/archive/data',0,0,0,0,0),('localhost','wait/io/file/archive/FRM',0,0,0,0,0),('localhost','wait/io/table/sql/handler',245067556,1600745241543228,114480,6531561,707809240278),('localhost','wait/lock/table/sql/handler',54052101,77578349020974,60102,1434816,6858339390),('localhost','wait/io/socket/sql/server_tcpip_socket',0,0,0,0,0),('localhost','wait/io/socket/sql/server_unix_socket',0,0,0,0,0),('localhost','wait/io/socket/sql/client_connection',0,0,0,0,0),('localhost','wait/io/socket/mysqlx/tcpip_socket',0,0,0,0,0),('localhost','wait/io/socket/mysqlx/diagnostics_socket',0,0,0,0,0),('localhost','wait/io/socket/mysqlx/unix_socket',0,0,0,0,0),('localhost','wait/io/socket/mysqlx/client_connection',0,0,0,0,0),('localhost','idle',49626323,75085907652346000,1703000,1513025000,144936525868000),('localhost','wait/lock/metadata/sql/mdl',0,0,0,0,0);

--
