-- Table structure for table `setup_objects`
--

CREATE TABLE `setup_objects` (
  `OBJECT_TYPE` enum('EVENT','FUNCTION','PROCEDURE','TABLE','TRIGGER') NOT NULL DEFAULT 'TABLE',
  `OBJECT_SCHEMA` varchar(64) DEFAULT '%',
  `OBJECT_NAME` varchar(64) NOT NULL DEFAULT '%',
  `ENABLED` enum('YES','NO') NOT NULL DEFAULT 'YES',
  `TIMED` enum('YES','NO') NOT NULL DEFAULT 'YES',
  UNIQUE KEY `OBJECT` (`OBJECT_TYPE`,`OBJECT_SCHEMA`,`OBJECT_NAME`)
) ENGINE=PERFORMANCE_SCHEMA DEFAULT CHARSET=utf8mb4 COLLATE=utf8mb4_0900_ai_ci;

--
-- Dumping data for table `setup_objects`
--

INSERT INTO `setup_objects` VALUES ('EVENT','mysql','%','NO','NO'),('EVENT','performance_schema','%','NO','NO'),('EVENT','information_schema','%','NO','NO'),('EVENT','%','%','YES','YES'),('FUNCTION','mysql','%','NO','NO'),('FUNCTION','performance_schema','%','NO','NO'),('FUNCTION','information_schema','%','NO','NO'),('FUNCTION','%','%','YES','YES'),('PROCEDURE','mysql','%','NO','NO'),('PROCEDURE','performance_schema','%','NO','NO'),('PROCEDURE','information_schema','%','NO','NO'),('PROCEDURE','%','%','YES','YES'),('TABLE','mysql','%','NO','NO'),('TABLE','performance_schema','%','NO','NO'),('TABLE','information_schema','%','NO','NO'),('TABLE','%','%','YES','YES'),('TRIGGER','mysql','%','NO','NO'),('TRIGGER','performance_schema','%','NO','NO'),('TRIGGER','information_schema','%','NO','NO'),('TRIGGER','%','%','YES','YES');

--
-- Table structure for table `setup_threads`
--

CREATE TABLE `setup_threads` (
  `NAME` varchar(128) NOT NULL,
  `ENABLED` enum('YES','NO') NOT NULL,
  `HISTORY` enum('YES','NO') NOT NULL,
  `PROPERTIES` set('singleton','user') NOT NULL,
  `VOLATILITY` int NOT NULL,
  `DOCUMENTATION` longtext,
  PRIMARY KEY (`NAME`)
) ENGINE=PERFORMANCE_SCHEMA DEFAULT CHARSET=utf8mb4 COLLATE=utf8mb4_0900_ai_ci;

--
-- Dumping data for table `setup_threads`
--

INSERT INTO `setup_threads` VALUES ('thread/performance_schema/setup','YES','YES','singleton',0,NULL),('thread/sql/bootstrap','YES','YES','singleton',0,NULL),('thread/sql/manager','YES','YES','singleton',0,NULL),('thread/sql/main','YES','YES','singleton',0,NULL),('thread/sql/one_connection','YES','YES','user',0,NULL),('thread/sql/signal_handler','YES','YES','singleton',0,NULL),('thread/sql/compress_gtid_table','YES','YES','singleton',0,NULL),('thread/sql/parser_service','YES','YES','singleton',0,NULL),('thread/sql/admin_interface','YES','YES','user',0,NULL),('thread/mysys/thread_timer_notifier','YES','YES','singleton',0,NULL),('thread/sql/event_scheduler','YES','YES','singleton',0,NULL),('thread/sql/event_worker','YES','YES','',0,NULL),('thread/innodb/log_archiver_thread','YES','YES','singleton',0,NULL),('thread/innodb/page_archiver_thread','YES','YES','singleton',0,NULL),('thread/innodb/buf_dump_thread','YES','YES','singleton',0,NULL),('thread/innodb/clone_ddl_thread','YES','YES','singleton',0,NULL),('thread/innodb/clone_gtid_thread','YES','YES','singleton',0,NULL),('thread/innodb/ddl_thread','YES','YES','',0,NULL),('thread/innodb/dict_stats_thread','YES','YES','singleton',0,NULL),('thread/innodb/io_ibuf_thread','YES','YES','singleton',0,NULL),('thread/innodb/io_read_thread','YES','YES','',0,NULL),('thread/innodb/io_write_thread','YES','YES','',0,NULL),('thread/innodb/buf_resize_thread','YES','YES','singleton',0,NULL),('thread/innodb/log_files_governor_thread','YES','YES','singleton',0,NULL),('thread/innodb/log_writer_thread','YES','YES','singleton',0,NULL),('thread/innodb/log_checkpointer_thread','YES','YES','singleton',0,NULL),('thread/innodb/log_flusher_thread','YES','YES','singleton',0,NULL),('thread/innodb/log_write_notifier_thread','YES','YES','singleton',0,NULL),('thread/innodb/log_flush_notifier_thread','YES','YES','singleton',0,NULL),('thread/innodb/recv_writer_thread','YES','YES','singleton',0,NULL),('thread/innodb/srv_error_monitor_thread','YES','YES','singleton',0,NULL),('thread/innodb/srv_lock_timeout_thread','YES','YES','singleton',0,NULL),('thread/innodb/srv_master_thread','YES','YES','singleton',0,NULL),('thread/innodb/srv_monitor_thread','YES','YES','singleton',0,NULL),('thread/innodb/srv_purge_thread','YES','YES','singleton',0,NULL),('thread/innodb/srv_worker_thread','YES','YES','',0,NULL),('thread/innodb/trx_recovery_rollback_thread','YES','YES','',0,NULL),('thread/innodb/page_flush_thread','YES','YES','',0,NULL),('thread/innodb/page_flush_coordinator_thread','YES','YES','singleton',0,NULL),('thread/innodb/fts_optimize_thread','YES','YES','singleton',0,NULL),('thread/innodb/fts_parallel_merge_thread','YES','YES','',0,NULL),('thread/innodb/fts_parallel_tokenization_thread','YES','YES','',0,NULL),('thread/innodb/srv_ts_alter_encrypt_thread','YES','YES','singleton',0,NULL),('thread/innodb/parallel_read_thread','YES','YES','',0,NULL),('thread/innodb/parallel_rseg_init_thread','YES','YES','',0,NULL),('thread/innodb/meb::redo_log_archive_consumer_thread','YES','YES','singleton',0,NULL),('thread/myisam/find_all_keys','YES','YES','',0,NULL),('thread/mysqlx/acceptor_network','YES','YES','',0,NULL),('thread/mysqlx/worker','YES','YES','user',0,NULL),('thread/sql/replica_io','YES','YES','',0,NULL),('thread/sql/replica_sql','YES','YES','',0,NULL),('thread/sql/replica_worker','YES','YES','',0,NULL),('thread/sql/replica_monitor','YES','YES','singleton',0,NULL);

--
-- Table structure for table `socket_instances`
--

CREATE TABLE `socket_instances` (
  `EVENT_NAME` varchar(128) NOT NULL,
  `OBJECT_INSTANCE_BEGIN` bigint unsigned NOT NULL,
  `THREAD_ID` bigint unsigned DEFAULT NULL,
  `SOCKET_ID` int NOT NULL,
  `IP` varchar(64) NOT NULL,
  `PORT` int NOT NULL,
  `STATE` enum('IDLE','ACTIVE') NOT NULL,
  PRIMARY KEY (`OBJECT_INSTANCE_BEGIN`),
  KEY `THREAD_ID` (`THREAD_ID`),
  KEY `SOCKET_ID` (`SOCKET_ID`),
  KEY `IP` (`IP`,`PORT`)
) ENGINE=PERFORMANCE_SCHEMA DEFAULT CHARSET=utf8mb4 COLLATE=utf8mb4_0900_ai_ci;

--
-- Dumping data for table `socket_instances`
--

INSERT INTO `socket_instances` VALUES ('wait/io/socket/mysqlx/tcpip_socket',107040559136192,32,21,'127.0.0.1',33060,'ACTIVE'),('wait/io/socket/mysqlx/unix_socket',107040559136504,32,22,'',0,'ACTIVE'),('wait/io/socket/sql/server_tcpip_socket',107040559136816,1,23,'127.0.0.1',3306,'ACTIVE'),('wait/io/socket/sql/server_unix_socket',107040559137128,1,25,'',0,'ACTIVE'),('wait/io/socket/sql/client_connection',107040559189856,1655855,36,'',0,'ACTIVE');

--
-- Table structure for table `socket_summary_by_event_name`
--

CREATE TABLE `socket_summary_by_event_name` (
  `EVENT_NAME` varchar(128) NOT NULL,
  `COUNT_STAR` bigint unsigned NOT NULL,
  `SUM_TIMER_WAIT` bigint unsigned NOT NULL,
  `MIN_TIMER_WAIT` bigint unsigned NOT NULL,
  `AVG_TIMER_WAIT` bigint unsigned NOT NULL,
  `MAX_TIMER_WAIT` bigint unsigned NOT NULL,
  `COUNT_READ` bigint unsigned NOT NULL,
  `SUM_TIMER_READ` bigint unsigned NOT NULL,
  `MIN_TIMER_READ` bigint unsigned NOT NULL,
  `AVG_TIMER_READ` bigint unsigned NOT NULL,
  `MAX_TIMER_READ` bigint unsigned NOT NULL,
  `SUM_NUMBER_OF_BYTES_READ` bigint unsigned NOT NULL,
  `COUNT_WRITE` bigint unsigned NOT NULL,
  `SUM_TIMER_WRITE` bigint unsigned NOT NULL,
  `MIN_TIMER_WRITE` bigint unsigned NOT NULL,
  `AVG_TIMER_WRITE` bigint unsigned NOT NULL,
  `MAX_TIMER_WRITE` bigint unsigned NOT NULL,
  `SUM_NUMBER_OF_BYTES_WRITE` bigint unsigned NOT NULL,
  `COUNT_MISC` bigint unsigned NOT NULL,
  `SUM_TIMER_MISC` bigint unsigned NOT NULL,
  `MIN_TIMER_MISC` bigint unsigned NOT NULL,
  `AVG_TIMER_MISC` bigint unsigned NOT NULL,
  `MAX_TIMER_MISC` bigint unsigned NOT NULL,
  PRIMARY KEY (`EVENT_NAME`)
) ENGINE=PERFORMANCE_SCHEMA DEFAULT CHARSET=utf8mb4 COLLATE=utf8mb4_0900_ai_ci;

--
-- Dumping data for table `socket_summary_by_event_name`
--

INSERT INTO `socket_summary_by_event_name` VALUES ('wait/io/socket/sql/server_tcpip_socket',0,0,0,0,0,0,0,0,0,0,0,0,0,0,0,0,0,0,0,0,0,0),('wait/io/socket/sql/server_unix_socket',0,0,0,0,0,0,0,0,0,0,0,0,0,0,0,0,0,0,0,0,0,0),('wait/io/socket/sql/client_connection',0,0,0,0,0,0,0,0,0,0,0,0,0,0,0,0,0,0,0,0,0,0),('wait/io/socket/mysqlx/tcpip_socket',0,0,0,0,0,0,0,0,0,0,0,0,0,0,0,0,0,0,0,0,0,0),('wait/io/socket/mysqlx/diagnostics_socket',0,0,0,0,0,0,0,0,0,0,0,0,0,0,0,0,0,0,0,0,0,0),('wait/io/socket/mysqlx/unix_socket',0,0,0,0,0,0,0,0,0,0,0,0,0,0,0,0,0,0,0,0,0,0),('wait/io/socket/mysqlx/client_connection',0,0,0,0,0,0,0,0,0,0,0,0,0,0,0,0,0,0,0,0,0,0);

--
-- Table structure for table `socket_summary_by_instance`
--

CREATE TABLE `socket_summary_by_instance` (
  `EVENT_NAME` varchar(128) NOT NULL,
  `OBJECT_INSTANCE_BEGIN` bigint unsigned NOT NULL,
  `COUNT_STAR` bigint unsigned NOT NULL,
  `SUM_TIMER_WAIT` bigint unsigned NOT NULL,
  `MIN_TIMER_WAIT` bigint unsigned NOT NULL,
  `AVG_TIMER_WAIT` bigint unsigned NOT NULL,
  `MAX_TIMER_WAIT` bigint unsigned NOT NULL,
  `COUNT_READ` bigint unsigned NOT NULL,
  `SUM_TIMER_READ` bigint unsigned NOT NULL,
  `MIN_TIMER_READ` bigint unsigned NOT NULL,
  `AVG_TIMER_READ` bigint unsigned NOT NULL,
  `MAX_TIMER_READ` bigint unsigned NOT NULL,
  `SUM_NUMBER_OF_BYTES_READ` bigint unsigned NOT NULL,
  `COUNT_WRITE` bigint unsigned NOT NULL,
  `SUM_TIMER_WRITE` bigint unsigned NOT NULL,
  `MIN_TIMER_WRITE` bigint unsigned NOT NULL,
  `AVG_TIMER_WRITE` bigint unsigned NOT NULL,
  `MAX_TIMER_WRITE` bigint unsigned NOT NULL,
  `SUM_NUMBER_OF_BYTES_WRITE` bigint unsigned NOT NULL,
  `COUNT_MISC` bigint unsigned NOT NULL,
  `SUM_TIMER_MISC` bigint unsigned NOT NULL,
  `MIN_TIMER_MISC` bigint unsigned NOT NULL,
  `AVG_TIMER_MISC` bigint unsigned NOT NULL,
  `MAX_TIMER_MISC` bigint unsigned NOT NULL,
  PRIMARY KEY (`OBJECT_INSTANCE_BEGIN`),
  KEY `EVENT_NAME` (`EVENT_NAME`)
) ENGINE=PERFORMANCE_SCHEMA DEFAULT CHARSET=utf8mb4 COLLATE=utf8mb4_0900_ai_ci;

--
-- Dumping data for table `socket_summary_by_instance`
--

INSERT INTO `socket_summary_by_instance` VALUES ('wait/io/socket/mysqlx/tcpip_socket',107040559136192,0,0,0,0,0,0,0,0,0,0,0,0,0,0,0,0,0,0,0,0,0,0),('wait/io/socket/mysqlx/unix_socket',107040559136504,0,0,0,0,0,0,0,0,0,0,0,0,0,0,0,0,0,0,0,0,0,0),('wait/io/socket/sql/server_tcpip_socket',107040559136816,0,0,0,0,0,0,0,0,0,0,0,0,0,0,0,0,0,0,0,0,0,0),('wait/io/socket/sql/server_unix_socket',107040559137128,0,0,0,0,0,0,0,0,0,0,0,0,0,0,0,0,0,0,0,0,0,0),('wait/io/socket/sql/client_connection',107040559189856,0,0,0,0,0,0,0,0,0,0,0,0,0,0,0,0,0,0,0,0,0,0);

--
-- Table structure for table `status_by_account`
--

CREATE TABLE `status_by_account` (
  `USER` char(32) CHARACTER SET utf8mb4 COLLATE utf8mb4_bin DEFAULT NULL,
  `HOST` char(255) CHARACTER SET ascii COLLATE ascii_general_ci DEFAULT NULL,
  `VARIABLE_NAME` varchar(64) NOT NULL,
  `VARIABLE_VALUE` varchar(1024) DEFAULT NULL,
  UNIQUE KEY `ACCOUNT` (`USER`,`HOST`,`VARIABLE_NAME`)
) ENGINE=PERFORMANCE_SCHEMA DEFAULT CHARSET=utf8mb4 COLLATE=utf8mb4_0900_ai_ci;

--
-- Dumping data for table `status_by_account`
--

INSERT INTO `status_by_account` VALUES (NULL,NULL,'Bytes_received','0'),(NULL,NULL,'Bytes_sent','0'),(NULL,NULL,'Com_stmt_reprepare','0'),(NULL,NULL,'Created_tmp_disk_tables','0'),(NULL,NULL,'Created_tmp_tables','0'),(NULL,NULL,'Handler_commit','0'),(NULL,NULL,'Handler_delete','0'),(NULL,NULL,'Handler_discover','0'),(NULL,NULL,'Handler_external_lock','0'),(NULL,NULL,'Handler_mrr_init','0'),(NULL,NULL,'Handler_prepare','0'),(NULL,NULL,'Handler_read_first','0'),(NULL,NULL,'Handler_read_key','0'),(NULL,NULL,'Handler_read_last','0'),(NULL,NULL,'Handler_read_next','0'),(NULL,NULL,'Handler_read_prev','0'),(NULL,NULL,'Handler_read_rnd','0'),(NULL,NULL,'Handler_read_rnd_next','0'),(NULL,NULL,'Handler_rollback','0'),(NULL,NULL,'Handler_savepoint','0'),(NULL,NULL,'Handler_savepoint_rollback','0'),(NULL,NULL,'Handler_update','0'),(NULL,NULL,'Handler_write','0'),(NULL,NULL,'Max_execution_time_exceeded','0'),(NULL,NULL,'Max_execution_time_set','0'),(NULL,NULL,'Max_execution_time_set_failed','0'),(NULL,NULL,'Opened_table_definitions','0'),(NULL,NULL,'Opened_tables','0'),(NULL,NULL,'Questions','0'),(NULL,NULL,'Secondary_engine_execution_count','0'),(NULL,NULL,'Select_full_join','0'),(NULL,NULL,'Select_full_range_join','0'),(NULL,NULL,'Select_range','0'),(NULL,NULL,'Select_range_check','0'),(NULL,NULL,'Select_scan','0'),(NULL,NULL,'Slow_queries','0'),(NULL,NULL,'Sort_merge_passes','0'),(NULL,NULL,'Sort_range','0'),(NULL,NULL,'Sort_rows','0'),(NULL,NULL,'Sort_scan','0'),(NULL,NULL,'Table_open_cache_hits','0'),(NULL,NULL,'Table_open_cache_misses','0'),(NULL,NULL,'Table_open_cache_overflows','0'),('event_scheduler','localhost','Bytes_received','0'),('event_scheduler','localhost','Bytes_sent','0'),('event_scheduler','localhost','Com_stmt_reprepare','0'),('event_scheduler','localhost','Created_tmp_disk_tables','0'),('event_scheduler','localhost','Created_tmp_tables','0'),('event_scheduler','localhost','Handler_commit','0'),('event_scheduler','localhost','Handler_delete','0'),('event_scheduler','localhost','Handler_discover','0'),('event_scheduler','localhost','Handler_external_lock','0'),('event_scheduler','localhost','Handler_mrr_init','0'),('event_scheduler','localhost','Handler_prepare','0'),('event_scheduler','localhost','Handler_read_first','0'),('event_scheduler','localhost','Handler_read_key','0'),('event_scheduler','localhost','Handler_read_last','0'),('event_scheduler','localhost','Handler_read_next','0'),('event_scheduler','localhost','Handler_read_prev','0'),('event_scheduler','localhost','Handler_read_rnd','0'),('event_scheduler','localhost','Handler_read_rnd_next','0'),('event_scheduler','localhost','Handler_rollback','0'),('event_scheduler','localhost','Handler_savepoint','0'),('event_scheduler','localhost','Handler_savepoint_rollback','0'),('event_scheduler','localhost','Handler_update','0'),('event_scheduler','localhost','Handler_write','0'),('event_scheduler','localhost','Max_execution_time_exceeded','0'),('event_scheduler','localhost','Max_execution_time_set','0'),('event_scheduler','localhost','Max_execution_time_set_failed','0'),('event_scheduler','localhost','Opened_table_definitions','0'),('event_scheduler','localhost','Opened_tables','0'),('event_scheduler','localhost','Questions','0'),('event_scheduler','localhost','Secondary_engine_execution_count','0'),('event_scheduler','localhost','Select_full_join','0'),('event_scheduler','localhost','Select_full_range_join','0'),('event_scheduler','localhost','Select_range','0'),('event_scheduler','localhost','Select_range_check','0'),('event_scheduler','localhost','Select_scan','0'),('event_scheduler','localhost','Slow_queries','0'),('event_scheduler','localhost','Sort_merge_passes','0'),('event_scheduler','localhost','Sort_range','0'),('event_scheduler','localhost','Sort_rows','0'),('event_scheduler','localhost','Sort_scan','0'),('event_scheduler','localhost','Table_open_cache_hits','0'),('event_scheduler','localhost','Table_open_cache_misses','0'),('event_scheduler','localhost','Table_open_cache_overflows','0'),('oc_ucr','localhost','Bytes_received','7889500101'),('oc_ucr','localhost','Bytes_sent','34233933326'),('oc_ucr','localhost','Com_stmt_reprepare','0'),('oc_ucr','localhost','Created_tmp_disk_tables','0'),('oc_ucr','localhost','Created_tmp_tables','9'),('oc_ucr','localhost','Handler_commit','44297426'),('oc_ucr','localhost','Handler_delete','716'),('oc_ucr','localhost','Handler_discover','0'),('oc_ucr','localhost','Handler_external_lock','108100750'),('oc_ucr','localhost','Handler_mrr_init','0'),('oc_ucr','localhost','Handler_prepare','115970'),('oc_ucr','localhost','Handler_read_first','8720243'),('oc_ucr','localhost','Handler_read_key','59029346'),('oc_ucr','localhost','Handler_read_last','24'),('oc_ucr','localhost','Handler_read_next','37172102'),('oc_ucr','localhost','Handler_read_prev','17426'),('oc_ucr','localhost','Handler_read_rnd','4820176'),('oc_ucr','localhost','Handler_read_rnd_next','155705089'),('oc_ucr','localhost','Handler_rollback','0'),('oc_ucr','localhost','Handler_savepoint','0'),('oc_ucr','localhost','Handler_savepoint_rollback','0'),('oc_ucr','localhost','Handler_update','60948'),('oc_ucr','localhost','Handler_write','8298'),('oc_ucr','localhost','Max_execution_time_exceeded','0'),('oc_ucr','localhost','Max_execution_time_set','0'),('oc_ucr','localhost','Max_execution_time_set_failed','0'),('oc_ucr','localhost','Opened_table_definitions','31'),('oc_ucr','localhost','Opened_tables','655'),('oc_ucr','localhost','Questions','49206170'),('oc_ucr','localhost','Secondary_engine_execution_count','0'),('oc_ucr','localhost','Select_full_join','6'),('oc_ucr','localhost','Select_full_range_join','0'),('oc_ucr','localhost','Select_range','1696531'),('oc_ucr','localhost','Select_range_check','0'),('oc_ucr','localhost','Select_scan','8720261'),('oc_ucr','localhost','Slow_queries','0'),('oc_ucr','localhost','Sort_merge_passes','0'),('oc_ucr','localhost','Sort_range','0'),('oc_ucr','localhost','Sort_rows','11353824'),('oc_ucr','localhost','Sort_scan','3283209'),('oc_ucr','localhost','Table_open_cache_hits','54049720'),('oc_ucr','localhost','Table_open_cache_misses','655'),('oc_ucr','localhost','Table_open_cache_overflows','43'),('root','localhost','Bytes_received','27050768'),('root','localhost','Bytes_sent','8503455283'),('root','localhost','Com_stmt_reprepare','0'),('root','localhost','Created_tmp_disk_tables','320'),('root','localhost','Created_tmp_tables','68730'),('root','localhost','Handler_commit','159079'),('root','localhost','Handler_delete','0'),('root','localhost','Handler_discover','0'),('root','localhost','Handler_external_lock','2109901'),('root','localhost','Handler_mrr_init','0'),('root','localhost','Handler_prepare','0'),('root','localhost','Handler_read_first','154250'),('root','localhost','Handler_read_key','961434'),('root','localhost','Handler_read_last','0'),('root','localhost','Handler_read_next','3580781'),('root','localhost','Handler_read_prev','0'),('root','localhost','Handler_read_rnd','422260'),('root','localhost','Handler_read_rnd_next','59161364'),('root','localhost','Handler_rollback','0'),('root','localhost','Handler_savepoint','0'),('root','localhost','Handler_savepoint_rollback','0'),('root','localhost','Handler_update','0'),('root','localhost','Handler_write','422583'),('root','localhost','Max_execution_time_exceeded','0'),('root','localhost','Max_execution_time_set','0'),('root','localhost','Max_execution_time_set_failed','0'),('root','localhost','Opened_table_definitions','274'),('root','localhost','Opened_tables','6796'),('root','localhost','Questions','421443'),('root','localhost','Secondary_engine_execution_count','0'),('root','localhost','Select_full_join','26041'),('root','localhost','Select_full_range_join','0'),('root','localhost','Select_range','0'),('root','localhost','Select_range_check','0'),('root','localhost','Select_scan','138801'),('root','localhost','Slow_queries','0'),('root','localhost','Sort_merge_passes','0'),('root','localhost','Sort_range','0'),('root','localhost','Sort_rows','479129'),('root','localhost','Sort_scan','89707'),('root','localhost','Table_open_cache_hits','1117557'),('root','localhost','Table_open_cache_misses','6796'),('root','localhost','Table_open_cache_overflows','3465');

--
-- Table structure for table `status_by_host`
--

CREATE TABLE `status_by_host` (
  `HOST` char(255) CHARACTER SET ascii COLLATE ascii_general_ci DEFAULT NULL,
  `VARIABLE_NAME` varchar(64) NOT NULL,
  `VARIABLE_VALUE` varchar(1024) DEFAULT NULL,
  UNIQUE KEY `HOST` (`HOST`,`VARIABLE_NAME`)
) ENGINE=PERFORMANCE_SCHEMA DEFAULT CHARSET=utf8mb4 COLLATE=utf8mb4_0900_ai_ci;

--
-- Dumping data for table `status_by_host`
--

INSERT INTO `status_by_host` VALUES (NULL,'Bytes_received','0'),(NULL,'Bytes_sent','0'),(NULL,'Com_stmt_reprepare','0'),(NULL,'Created_tmp_disk_tables','0'),(NULL,'Created_tmp_tables','0'),(NULL,'Handler_commit','0'),(NULL,'Handler_delete','0'),(NULL,'Handler_discover','0'),(NULL,'Handler_external_lock','0'),(NULL,'Handler_mrr_init','0'),(NULL,'Handler_prepare','0'),(NULL,'Handler_read_first','0'),(NULL,'Handler_read_key','0'),(NULL,'Handler_read_last','0'),(NULL,'Handler_read_next','0'),(NULL,'Handler_read_prev','0'),(NULL,'Handler_read_rnd','0'),(NULL,'Handler_read_rnd_next','0'),(NULL,'Handler_rollback','0'),(NULL,'Handler_savepoint','0'),(NULL,'Handler_savepoint_rollback','0'),(NULL,'Handler_update','0'),(NULL,'Handler_write','0'),(NULL,'Max_execution_time_exceeded','0'),(NULL,'Max_execution_time_set','0'),(NULL,'Max_execution_time_set_failed','0'),(NULL,'Opened_table_definitions','0'),(NULL,'Opened_tables','0'),(NULL,'Questions','0'),(NULL,'Secondary_engine_execution_count','0'),(NULL,'Select_full_join','0'),(NULL,'Select_full_range_join','0'),(NULL,'Select_range','0'),(NULL,'Select_range_check','0'),(NULL,'Select_scan','0'),(NULL,'Slow_queries','0'),(NULL,'Sort_merge_passes','0'),(NULL,'Sort_range','0'),(NULL,'Sort_rows','0'),(NULL,'Sort_scan','0'),(NULL,'Table_open_cache_hits','0'),(NULL,'Table_open_cache_misses','0'),(NULL,'Table_open_cache_overflows','0'),('localhost','Bytes_received','7916551813'),('localhost','Bytes_sent','42737399633'),('localhost','Com_stmt_reprepare','0'),('localhost','Created_tmp_disk_tables','320'),('localhost','Created_tmp_tables','68742'),('localhost','Handler_commit','44456511'),('localhost','Handler_delete','716'),('localhost','Handler_discover','0'),('localhost','Handler_external_lock','110210737'),('localhost','Handler_mrr_init','0'),('localhost','Handler_prepare','115970'),('localhost','Handler_read_first','8874499'),('localhost','Handler_read_key','59990816'),('localhost','Handler_read_last','24'),('localhost','Handler_read_next','40753010'),('localhost','Handler_read_prev','17426'),('localhost','Handler_read_rnd','5242442'),('localhost','Handler_read_rnd_next','214866553'),('localhost','Handler_rollback','0'),('localhost','Handler_savepoint','0'),('localhost','Handler_savepoint_rollback','0'),('localhost','Handler_update','60948'),('localhost','Handler_write','430887'),('localhost','Max_execution_time_exceeded','0'),('localhost','Max_execution_time_set','0'),('localhost','Max_execution_time_set_failed','0'),('localhost','Opened_table_definitions','305'),('localhost','Opened_tables','7451'),('localhost','Questions','49627629'),('localhost','Secondary_engine_execution_count','0'),('localhost','Select_full_join','26048'),('localhost','Select_full_range_join','0'),('localhost','Select_range','1696531'),('localhost','Select_range_check','0'),('localhost','Select_scan','8859068'),('localhost','Slow_queries','0'),('localhost','Sort_merge_passes','0'),('localhost','Sort_range','0'),('localhost','Sort_rows','11832960'),('localhost','Sort_scan','3372920'),('localhost','Table_open_cache_hits','55167322'),('localhost','Table_open_cache_misses','7451'),('localhost','Table_open_cache_overflows','3508');

--
-- Table structure for table `status_by_thread`
--

CREATE TABLE `status_by_thread` (
  `THREAD_ID` bigint unsigned NOT NULL,
  `VARIABLE_NAME` varchar(64) NOT NULL,
  `VARIABLE_VALUE` varchar(1024) DEFAULT NULL,
  PRIMARY KEY (`THREAD_ID`,`VARIABLE_NAME`)
) ENGINE=PERFORMANCE_SCHEMA DEFAULT CHARSET=utf8mb4 COLLATE=utf8mb4_0900_ai_ci;

--
-- Dumping data for table `status_by_thread`
--

INSERT INTO `status_by_thread` VALUES (1655855,'Bytes_received','104572'),(1655855,'Bytes_sent','64869157'),(1655855,'Com_stmt_reprepare','0'),(1655855,'Compression','OFF'),(1655855,'Compression_algorithm',''),(1655855,'Compression_level','0'),(1655855,'Created_tmp_disk_tables','0'),(1655855,'Created_tmp_tables','302'),(1655855,'Handler_commit','595'),(1655855,'Handler_delete','0'),(1655855,'Handler_discover','0'),(1655855,'Handler_external_lock','8551'),(1655855,'Handler_mrr_init','0'),(1655855,'Handler_prepare','0'),(1655855,'Handler_read_first','599'),(1655855,'Handler_read_key','3848'),(1655855,'Handler_read_last','0'),(1655855,'Handler_read_next','16059'),(1655855,'Handler_read_prev','0'),(1655855,'Handler_read_rnd','2566'),(1655855,'Handler_read_rnd_next','596552'),(1655855,'Handler_rollback','0'),(1655855,'Handler_savepoint','0'),(1655855,'Handler_savepoint_rollback','0'),(1655855,'Handler_update','0'),(1655855,'Handler_write','2567'),(1655855,'Last_query_cost','22.852778'),(1655855,'Last_query_partial_plans','32'),(1655855,'Max_execution_time_exceeded','0'),(1655855,'Max_execution_time_set','0'),(1655855,'Max_execution_time_set_failed','0'),(1655855,'Open_tables','4000'),(1655855,'Opened_table_definitions','0'),(1655855,'Opened_tables','0'),(1655855,'Queries','49627646'),(1655855,'Questions','1587'),(1655855,'Secondary_engine_execution_count','0'),(1655855,'Select_full_join','104'),(1655855,'Select_full_range_join','0'),(1655855,'Select_range','0'),(1655855,'Select_range_check','0'),(1655855,'Select_scan','599'),(1655855,'Slow_launch_threads','0'),(1655855,'Slow_queries','0'),(1655855,'Sort_merge_passes','0'),(1655855,'Sort_range','0'),(1655855,'Sort_rows','2776'),(1655855,'Sort_scan','398'),(1655855,'Ssl_cipher',''),(1655855,'Ssl_cipher_list',''),(1655855,'Ssl_default_timeout','0'),(1655855,'Ssl_server_not_after','Oct 13 16:50:48 2034 GMT'),(1655855,'Ssl_server_not_before','Oct 15 16:50:48 2024 GMT'),(1655855,'Ssl_sessions_reused','0'),(1655855,'Ssl_verify_depth','0'),(1655855,'Ssl_verify_mode','0'),(1655855,'Ssl_version',''),(1655855,'Table_open_cache_hits','4474'),(1655855,'Table_open_cache_misses','0'),(1655855,'Table_open_cache_overflows','0');

--
-- Table structure for table `status_by_user`
--

CREATE TABLE `status_by_user` (
  `USER` char(32) CHARACTER SET utf8mb4 COLLATE utf8mb4_bin DEFAULT NULL,
  `VARIABLE_NAME` varchar(64) NOT NULL,
  `VARIABLE_VALUE` varchar(1024) DEFAULT NULL,
  UNIQUE KEY `USER` (`USER`,`VARIABLE_NAME`)
) ENGINE=PERFORMANCE_SCHEMA DEFAULT CHARSET=utf8mb4 COLLATE=utf8mb4_0900_ai_ci;

--
-- Dumping data for table `status_by_user`
--

INSERT INTO `status_by_user` VALUES (NULL,'Bytes_received','0'),(NULL,'Bytes_sent','0'),(NULL,'Com_stmt_reprepare','0'),(NULL,'Created_tmp_disk_tables','0'),(NULL,'Created_tmp_tables','0'),(NULL,'Handler_commit','0'),(NULL,'Handler_delete','0'),(NULL,'Handler_discover','0'),(NULL,'Handler_external_lock','0'),(NULL,'Handler_mrr_init','0'),(NULL,'Handler_prepare','0'),(NULL,'Handler_read_first','0'),(NULL,'Handler_read_key','0'),(NULL,'Handler_read_last','0'),(NULL,'Handler_read_next','0'),(NULL,'Handler_read_prev','0'),(NULL,'Handler_read_rnd','0'),(NULL,'Handler_read_rnd_next','0'),(NULL,'Handler_rollback','0'),(NULL,'Handler_savepoint','0'),(NULL,'Handler_savepoint_rollback','0'),(NULL,'Handler_update','0'),(NULL,'Handler_write','0'),(NULL,'Max_execution_time_exceeded','0'),(NULL,'Max_execution_time_set','0'),(NULL,'Max_execution_time_set_failed','0'),(NULL,'Opened_table_definitions','0'),(NULL,'Opened_tables','0'),(NULL,'Questions','0'),(NULL,'Secondary_engine_execution_count','0'),(NULL,'Select_full_join','0'),(NULL,'Select_full_range_join','0'),(NULL,'Select_range','0'),(NULL,'Select_range_check','0'),(NULL,'Select_scan','0'),(NULL,'Slow_queries','0'),(NULL,'Sort_merge_passes','0'),(NULL,'Sort_range','0'),(NULL,'Sort_rows','0'),(NULL,'Sort_scan','0'),(NULL,'Table_open_cache_hits','0'),(NULL,'Table_open_cache_misses','0'),(NULL,'Table_open_cache_overflows','0'),('event_scheduler','Bytes_received','0'),('event_scheduler','Bytes_sent','0'),('event_scheduler','Com_stmt_reprepare','0'),('event_scheduler','Created_tmp_disk_tables','0'),('event_scheduler','Created_tmp_tables','0'),('event_scheduler','Handler_commit','0'),('event_scheduler','Handler_delete','0'),('event_scheduler','Handler_discover','0'),('event_scheduler','Handler_external_lock','0'),('event_scheduler','Handler_mrr_init','0'),('event_scheduler','Handler_prepare','0'),('event_scheduler','Handler_read_first','0'),('event_scheduler','Handler_read_key','0'),('event_scheduler','Handler_read_last','0'),('event_scheduler','Handler_read_next','0'),('event_scheduler','Handler_read_prev','0'),('event_scheduler','Handler_read_rnd','0'),('event_scheduler','Handler_read_rnd_next','0'),('event_scheduler','Handler_rollback','0'),('event_scheduler','Handler_savepoint','0'),('event_scheduler','Handler_savepoint_rollback','0'),('event_scheduler','Handler_update','0'),('event_scheduler','Handler_write','0'),('event_scheduler','Max_execution_time_exceeded','0'),('event_scheduler','Max_execution_time_set','0'),('event_scheduler','Max_execution_time_set_failed','0'),('event_scheduler','Opened_table_definitions','0'),('event_scheduler','Opened_tables','0'),('event_scheduler','Questions','0'),('event_scheduler','Secondary_engine_execution_count','0'),('event_scheduler','Select_full_join','0'),('event_scheduler','Select_full_range_join','0'),('event_scheduler','Select_range','0'),('event_scheduler','Select_range_check','0'),('event_scheduler','Select_scan','0'),('event_scheduler','Slow_queries','0'),('event_scheduler','Sort_merge_passes','0'),('event_scheduler','Sort_range','0'),('event_scheduler','Sort_rows','0'),('event_scheduler','Sort_scan','0'),('event_scheduler','Table_open_cache_hits','0'),('event_scheduler','Table_open_cache_misses','0'),('event_scheduler','Table_open_cache_overflows','0'),('oc_ucr','Bytes_received','7889500101'),('oc_ucr','Bytes_sent','34233933326'),('oc_ucr','Com_stmt_reprepare','0'),('oc_ucr','Created_tmp_disk_tables','0'),('oc_ucr','Created_tmp_tables','9'),('oc_ucr','Handler_commit','44297426'),('oc_ucr','Handler_delete','716'),('oc_ucr','Handler_discover','0'),('oc_ucr','Handler_external_lock','108100750'),('oc_ucr','Handler_mrr_init','0'),('oc_ucr','Handler_prepare','115970'),('oc_ucr','Handler_read_first','8720243'),('oc_ucr','Handler_read_key','59029346'),('oc_ucr','Handler_read_last','24'),('oc_ucr','Handler_read_next','37172102'),('oc_ucr','Handler_read_prev','17426'),('oc_ucr','Handler_read_rnd','4820176'),('oc_ucr','Handler_read_rnd_next','155705089'),('oc_ucr','Handler_rollback','0'),('oc_ucr','Handler_savepoint','0'),('oc_ucr','Handler_savepoint_rollback','0'),('oc_ucr','Handler_update','60948'),('oc_ucr','Handler_write','8298'),('oc_ucr','Max_execution_time_exceeded','0'),('oc_ucr','Max_execution_time_set','0'),('oc_ucr','Max_execution_time_set_failed','0'),('oc_ucr','Opened_table_definitions','31'),('oc_ucr','Opened_tables','655'),('oc_ucr','Questions','49206170'),('oc_ucr','Secondary_engine_execution_count','0'),('oc_ucr','Select_full_join','6'),('oc_ucr','Select_full_range_join','0'),('oc_ucr','Select_range','1696531'),('oc_ucr','Select_range_check','0'),('oc_ucr','Select_scan','8720261'),('oc_ucr','Slow_queries','0'),('oc_ucr','Sort_merge_passes','0'),('oc_ucr','Sort_range','0'),('oc_ucr','Sort_rows','11353824'),('oc_ucr','Sort_scan','3283209'),('oc_ucr','Table_open_cache_hits','54049720'),('oc_ucr','Table_open_cache_misses','655'),('oc_ucr','Table_open_cache_overflows','43'),('root','Bytes_received','27053602'),('root','Bytes_sent','8503478879'),('root','Com_stmt_reprepare','0'),('root','Created_tmp_disk_tables','320'),('root','Created_tmp_tables','68739'),('root','Handler_commit','159097'),('root','Handler_delete','0'),('root','Handler_discover','0'),('root','Handler_external_lock','2110159'),('root','Handler_mrr_init','0'),('root','Handler_prepare','0'),('root','Handler_read_first','154268'),('root','Handler_read_key','961536'),('root','Handler_read_last','0'),('root','Handler_read_next','3581162'),('root','Handler_read_prev','0'),('root','Handler_read_rnd','422278'),('root','Handler_read_rnd_next','59161724'),('root','Handler_rollback','0'),('root','Handler_savepoint','0'),('root','Handler_savepoint_rollback','0'),('root','Handler_update','0'),('root','Handler_write','422601'),('root','Max_execution_time_exceeded','0'),('root','Max_execution_time_set','0'),('root','Max_execution_time_set_failed','0'),('root','Opened_table_definitions','274'),('root','Opened_tables','6796'),('root','Questions','421491'),('root','Secondary_engine_execution_count','0'),('root','Select_full_join','26044'),('root','Select_full_range_join','0'),('root','Select_range','0'),('root','Select_range_check','0'),('root','Select_scan','138819'),('root','Slow_queries','0'),('root','Sort_merge_passes','0'),('root','Sort_range','0'),('root','Sort_rows','479150'),('root','Sort_scan','89719'),('root','Table_open_cache_hits','1117692'),('root','Table_open_cache_misses','6796'),('root','Table_open_cache_overflows','3465');

--
-- Table structure for table `table_handles`
--

CREATE TABLE `table_handles` (
  `OBJECT_TYPE` varchar(64) NOT NULL,
  `OBJECT_SCHEMA` varchar(64) NOT NULL,
  `OBJECT_NAME` varchar(64) NOT NULL,
  `OBJECT_INSTANCE_BEGIN` bigint unsigned NOT NULL,
  `OWNER_THREAD_ID` bigint unsigned DEFAULT NULL,
  `OWNER_EVENT_ID` bigint unsigned DEFAULT NULL,
  `INTERNAL_LOCK` varchar(64) DEFAULT NULL,
  `EXTERNAL_LOCK` varchar(64) DEFAULT NULL,
  PRIMARY KEY (`OBJECT_INSTANCE_BEGIN`),
  KEY `OBJECT_TYPE` (`OBJECT_TYPE`,`OBJECT_SCHEMA`,`OBJECT_NAME`),
  KEY `OWNER_THREAD_ID` (`OWNER_THREAD_ID`,`OWNER_EVENT_ID`)
) ENGINE=PERFORMANCE_SCHEMA DEFAULT CHARSET=utf8mb4 COLLATE=utf8mb4_0900_ai_ci;

--
-- Dumping data for table `table_handles`
--

INSERT INTO `table_handles` VALUES ('TABLE','cigrascloud','oc_appconfig',127553550118976,NULL,NULL,NULL,NULL),('TABLE','cigrascloud','oc_authtoken',127553559883328,NULL,NULL,NULL,NULL),('TABLE','cigrascloud','oc_appconfig',127553549476800,NULL,NULL,NULL,NULL),('TABLE','cigrascloud','oc_authtoken',127553559850048,NULL,NULL,NULL,NULL),('TABLE','cigrascloud','oc_preferences',127553559958736,NULL,NULL,NULL,NULL),('TABLE','cigrascloud','oc_appconfig',127553559902880,NULL,NULL,NULL,NULL),('TABLE','cigrascloud','oc_authtoken',127553559941872,NULL,NULL,NULL,NULL),('TABLE','cigrascloud','oc_preferences',127553560622624,NULL,NULL,NULL,NULL),('TABLE','cigrascloud','oc_groups',127553561166576,NULL,NULL,NULL,NULL),('TABLE','cigrascloud','oc_appconfig',127553560604128,NULL,NULL,NULL,NULL),('TABLE','cigrascloud','oc_authtoken',127553549396336,NULL,NULL,NULL,NULL),('TABLE','cigrascloud','oc_preferences',127553561292864,NULL,NULL,NULL,NULL),('TABLE','cigrascloud','oc_groups',127553561252480,NULL,NULL,NULL,NULL),('TABLE','cigrascloud','oc_appconfig',127553561274368,NULL,NULL,NULL,NULL),('TABLE','cigrascloud','oc_authtoken',127553561233200,NULL,NULL,NULL,NULL),('TABLE','cigrascloud','oc_appconfig',127553560584368,NULL,NULL,NULL,NULL),('TABLE','cigrascloud','oc_authtoken',127553560576112,NULL,NULL,NULL,NULL),('TABLE','cigrascloud','oc_appconfig',127553561382752,NULL,NULL,NULL,NULL),('TABLE','cigrascloud','oc_authtoken',127553561366240,NULL,NULL,NULL,NULL),('TABLE','cigrascloud','oc_appconfig',127553561325808,NULL,NULL,NULL,NULL),('TABLE','cigrascloud','oc_authtoken',127553561317552,NULL,NULL,NULL,NULL),('TABLE','cigrascloud','oc_appconfig',127553561473104,NULL,NULL,NULL,NULL),('TABLE','cigrascloud','oc_authtoken',127553561456592,NULL,NULL,NULL,NULL),('TABLE','cigrascloud','oc_appconfig',127553561414384,NULL,NULL,NULL,NULL),('TABLE','cigrascloud','oc_authtoken',127553561406128,NULL,NULL,NULL,NULL),('TABLE','cigrascloud','oc_appconfig',127553561561280,NULL,NULL,NULL,NULL),('TABLE','cigrascloud','oc_authtoken',127553561544768,NULL,NULL,NULL,NULL),('TABLE','cigrascloud','oc_appconfig',127553561621904,NULL,NULL,NULL,NULL),('TABLE','cigrascloud','oc_authtoken',127553561599616,NULL,NULL,NULL,NULL),('TABLE','cigrascloud','oc_appconfig',127553561654800,NULL,NULL,NULL,NULL),('TABLE','cigrascloud','oc_authtoken',127553561638288,NULL,NULL,NULL,NULL),('TABLE','cigrascloud','oc_appconfig',127553561591440,NULL,NULL,NULL,NULL),('TABLE','cigrascloud','oc_authtoken',127553561583184,NULL,NULL,NULL,NULL),('TABLE','cigrascloud','oc_appconfig',127553561681792,NULL,NULL,NULL,NULL),('TABLE','cigrascloud','oc_authtoken',127553561673536,NULL,NULL,NULL,NULL),('TABLE','cigrascloud','oc_appconfig',127553561721872,NULL,NULL,NULL,NULL),('TABLE','cigrascloud','oc_authtoken',127553561713616,NULL,NULL,NULL,NULL),('TABLE','cigrascloud','oc_preferences',127553561831680,NULL,NULL,NULL,NULL),('TABLE','cigrascloud','oc_preferences',127553561768272,NULL,NULL,NULL,NULL),('TABLE','cigrascloud','oc_groups',127553561895088,NULL,NULL,NULL,NULL),('TABLE','cigrascloud','oc_preferences',127553561874832,NULL,NULL,NULL,NULL),('TABLE','cigrascloud','oc_preferences',127553561853968,NULL,NULL,NULL,NULL),('TABLE','cigrascloud','oc_groups',127553561950896,NULL,NULL,NULL,NULL),('TABLE','cigrascloud','oc_preferences',127553561933520,NULL,NULL,NULL,NULL),('TABLE','cigrascloud','oc_preferences',127553561961552,NULL,NULL,NULL,NULL),('TABLE','cigrascloud','oc_groups',127553562008368,NULL,NULL,NULL,NULL),('TABLE','cigrascloud','oc_preferences',127553561990608,NULL,NULL,NULL,NULL),('TABLE','cigrascloud','oc_preferences',127553562021408,NULL,NULL,NULL,NULL),('TABLE','cigrascloud','oc_groups',127553562067824,NULL,NULL,NULL,NULL),('TABLE','cigrascloud','oc_preferences',127553561809072,NULL,NULL,NULL,NULL),('TABLE','cigrascloud','oc_users',127553562141168,NULL,NULL,NULL,NULL),('TABLE','cigrascloud','oc_accounts',127553562118720,NULL,NULL,NULL,NULL),('TABLE','cigrascloud','oc_external_mounts',127553563078256,NULL,NULL,NULL,NULL),('TABLE','cigrascloud','oc_external_applicable',127553562779120,NULL,NULL,NULL,NULL),('TABLE','cigrascloud','oc_group_user',127553563236944,NULL,NULL,NULL,NULL),('TABLE','cigrascloud','oc_share',127553563457584,NULL,NULL,NULL,NULL),('TABLE','cigrascloud','oc_filecache',127553563561856,NULL,NULL,NULL,NULL),('TABLE','cigrascloud','oc_storages',127553563722288,NULL,NULL,NULL,NULL),('TABLE','cigrascloud','oc_share_external',127553563282032,NULL,NULL,NULL,NULL),('TABLE','cigrascloud','oc_mounts',127553564000880,NULL,NULL,NULL,NULL),('TABLE','cigrascloud','oc_mimetypes',127553564405584,NULL,NULL,NULL,NULL),('TABLE','cigrascloud','oc_accounts',127553563991536,NULL,NULL,NULL,NULL),('TABLE','cigrascloud','oc_preferences',127553564261792,NULL,NULL,NULL,NULL),('TABLE','cigrascloud','oc_accounts',127553564326592,NULL,NULL,NULL,NULL),('TABLE','cigrascloud','oc_users',127553562101376,NULL,NULL,NULL,NULL),('TABLE','cigrascloud','oc_external_mounts',127553564590432,NULL,NULL,NULL,NULL),('TABLE','cigrascloud','oc_external_applicable',127553564497136,NULL,NULL,NULL,NULL),('TABLE','cigrascloud','oc_group_user',127553564623856,NULL,NULL,NULL,NULL),('TABLE','cigrascloud','oc_share',127553564613152,NULL,NULL,NULL,NULL),('TABLE','cigrascloud','oc_filecache',127553564705568,NULL,NULL,NULL,NULL),('TABLE','cigrascloud','oc_storages',127553564770080,NULL,NULL,NULL,NULL),('TABLE','cigrascloud','oc_share_external',127553564656992,NULL,NULL,NULL,NULL),('TABLE','cigrascloud','oc_mounts',127553564600800,NULL,NULL,NULL,NULL),('TABLE','cigrascloud','oc_mimetypes',127553564841472,NULL,NULL,NULL,NULL),('TABLE','cigrascloud','oc_accounts',127553564833216,NULL,NULL,NULL,NULL),('TABLE','cigrascloud','oc_accounts',127553564578624,NULL,NULL,NULL,NULL),('TABLE','cigrascloud','oc_external_mounts',127553564433840,NULL,NULL,NULL,NULL),('TABLE','cigrascloud','oc_external_applicable',127553564546880,NULL,NULL,NULL,NULL),('TABLE','cigrascloud','oc_group_user',127553565091712,NULL,NULL,NULL,NULL),('TABLE','cigrascloud','oc_share',127553565083456,NULL,NULL,NULL,NULL),('TABLE','cigrascloud','oc_filecache',127553565173888,NULL,NULL,NULL,NULL),('TABLE','cigrascloud','oc_storages',127553565238400,NULL,NULL,NULL,NULL),('TABLE','cigrascloud','oc_share_external',127553565124912,NULL,NULL,NULL,NULL),('TABLE','cigrascloud','oc_mounts',127553565106144,NULL,NULL,NULL,NULL),('TABLE','cigrascloud','oc_mimetypes',127553565311392,NULL,NULL,NULL,NULL),('TABLE','cigrascloud','oc_accounts',127553565304208,NULL,NULL,NULL,NULL),('TABLE','cigrascloud','oc_accounts',127553564310160,NULL,NULL,NULL,NULL),('TABLE','cigrascloud','oc_external_mounts',127553565525296,NULL,NULL,NULL,NULL),('TABLE','cigrascloud','oc_external_applicable',127553565646384,NULL,NULL,NULL,NULL),('TABLE','cigrascloud','oc_group_user',127553565591728,NULL,NULL,NULL,NULL),('TABLE','cigrascloud','oc_share',127553565638096,NULL,NULL,NULL,NULL),('TABLE','cigrascloud','oc_filecache',127553565708800,NULL,NULL,NULL,NULL),('TABLE','cigrascloud','oc_storages',127553565773312,NULL,NULL,NULL,NULL),('TABLE','cigrascloud','oc_share_external',127553565659824,NULL,NULL,NULL,NULL),('TABLE','cigrascloud','oc_mounts',127553565581024,NULL,NULL,NULL,NULL),('TABLE','cigrascloud','oc_mimetypes',127553565846304,NULL,NULL,NULL,NULL),('TABLE','cigrascloud','oc_accounts',127553565838048,NULL,NULL,NULL,NULL),('TABLE','cigrascloud','oc_accounts',127553565895248,NULL,NULL,NULL,NULL),('TABLE','cigrascloud','oc_external_mounts',127553566062656,NULL,NULL,NULL,NULL),('TABLE','cigrascloud','oc_external_applicable',127553566173408,NULL,NULL,NULL,NULL),('TABLE','cigrascloud','oc_group_user',127553566117616,NULL,NULL,NULL,NULL),('TABLE','cigrascloud','oc_share',127553566165040,NULL,NULL,NULL,NULL),('TABLE','cigrascloud','oc_filecache',127553566240560,NULL,NULL,NULL,NULL),('TABLE','cigrascloud','oc_storages',127553566305072,NULL,NULL,NULL,NULL),('TABLE','cigrascloud','oc_share_external',127553566189216,NULL,NULL,NULL,NULL),('TABLE','cigrascloud','oc_mounts',127553566106912,NULL,NULL,NULL,NULL),('TABLE','cigrascloud','oc_mimetypes',127553566378064,NULL,NULL,NULL,NULL),('TABLE','cigrascloud','oc_accounts',127553566446336,NULL,NULL,NULL,NULL),('TABLE','cigrascloud','oc_accounts',127553566429456,NULL,NULL,NULL,NULL),('TABLE','cigrascloud','oc_external_mounts',127553566595488,NULL,NULL,NULL,NULL),('TABLE','cigrascloud','oc_external_applicable',127553566703968,NULL,NULL,NULL,NULL),('TABLE','cigrascloud','oc_group_user',127553566685712,NULL,NULL,NULL,NULL),('TABLE','cigrascloud','oc_share',127553566648688,NULL,NULL,NULL,NULL),('TABLE','cigrascloud','oc_storages',127553566835632,NULL,NULL,NULL,NULL),('TABLE','cigrascloud','oc_share_external',127553566719776,NULL,NULL,NULL,NULL),('TABLE','cigrascloud','oc_mounts',127553566675008,NULL,NULL,NULL,NULL),('TABLE','cigrascloud','oc_mimetypes',127553566908624,NULL,NULL,NULL,NULL),('TABLE','cigrascloud','oc_accounts',127553566974528,NULL,NULL,NULL,NULL),('TABLE','cigrascloud','oc_accounts',127553564524800,NULL,NULL,NULL,NULL),('TABLE','cigrascloud','oc_users',127553567122528,NULL,NULL,NULL,NULL),('TABLE','cigrascloud','oc_external_mounts',127553567177472,NULL,NULL,NULL,NULL),('TABLE','cigrascloud','oc_external_applicable',127553567262112,NULL,NULL,NULL,NULL),('TABLE','cigrascloud','oc_group_user',127553567236512,NULL,NULL,NULL,NULL),('TABLE','cigrascloud','oc_share',127553567228256,NULL,NULL,NULL,NULL),('TABLE','cigrascloud','oc_filecache',127553567324528,NULL,NULL,NULL,NULL),('TABLE','cigrascloud','oc_storages',127553567389040,NULL,NULL,NULL,NULL),('TABLE','cigrascloud','oc_share_external',127553567275552,NULL,NULL,NULL,NULL),('TABLE','cigrascloud','oc_mounts',127553567250944,NULL,NULL,NULL,NULL),('TABLE','cigrascloud','oc_mimetypes',127553567462032,NULL,NULL,NULL,NULL),('TABLE','cigrascloud','oc_external_mounts',127553567530304,NULL,NULL,NULL,NULL),('TABLE','cigrascloud','oc_external_applicable',127553567516624,NULL,NULL,NULL,NULL),('TABLE','cigrascloud','oc_group_user',127553567706048,NULL,NULL,NULL,NULL),('TABLE','cigrascloud','oc_share',127553567737456,NULL,NULL,NULL,NULL),('TABLE','cigrascloud','oc_storages',127553567843104,NULL,NULL,NULL,NULL),('TABLE','cigrascloud','oc_share_external',127553567724768,NULL,NULL,NULL,NULL),('TABLE','cigrascloud','oc_mounts',127553567685440,NULL,NULL,NULL,NULL),('TABLE','cigrascloud','oc_mimetypes',127553567916096,NULL,NULL,NULL,NULL),('TABLE','cigrascloud','oc_accounts',127553567907840,NULL,NULL,NULL,NULL),('TABLE','cigrascloud','oc_preferences',127553567671456,NULL,NULL,NULL,NULL),('TABLE','cigrascloud','oc_accounts',127553567973952,NULL,NULL,NULL,NULL),('TABLE','cigrascloud','oc_preferences',127553568191792,NULL,NULL,NULL,NULL),('TABLE','cigrascloud','oc_external_mounts',127553568238656,NULL,NULL,NULL,NULL),('TABLE','cigrascloud','oc_external_applicable',127553568138928,NULL,NULL,NULL,NULL),('TABLE','cigrascloud','oc_group_user',127553568271312,NULL,NULL,NULL,NULL),('TABLE','cigrascloud','oc_share',127553568320784,NULL,NULL,NULL,NULL),('TABLE','cigrascloud','oc_filecache',127553568356032,NULL,NULL,NULL,NULL),('TABLE','cigrascloud','oc_storages',127553568420544,NULL,NULL,NULL,NULL),('TABLE','cigrascloud','oc_share_external',127553568304736,NULL,NULL,NULL,NULL),('TABLE','cigrascloud','oc_mounts',127553568284144,NULL,NULL,NULL,NULL),('TABLE','cigrascloud','oc_mimetypes',127553568491936,NULL,NULL,NULL,NULL),('TABLE','cigrascloud','oc_accounts',127553568557840,NULL,NULL,NULL,NULL),('TABLE','cigrascloud','oc_preferences',127553568172912,NULL,NULL,NULL,NULL),('TABLE','cigrascloud','oc_users',127553568789552,NULL,NULL,NULL,NULL),('TABLE','cigrascloud','oc_users',127553568773504,NULL,NULL,NULL,NULL),('TABLE','cigrascloud','oc_external_mounts',127553568715344,NULL,NULL,NULL,NULL),('TABLE','cigrascloud','oc_external_applicable',127553566607120,NULL,NULL,NULL,NULL),('TABLE','cigrascloud','oc_group_user',127553568813328,NULL,NULL,NULL,NULL),('TABLE','cigrascloud','oc_share',127553568847776,NULL,NULL,NULL,NULL),('TABLE','cigrascloud','oc_storages',127553568977152,NULL,NULL,NULL,NULL),('TABLE','cigrascloud','oc_share_external',127553568861296,NULL,NULL,NULL,NULL),('TABLE','cigrascloud','oc_mounts',127553568802624,NULL,NULL,NULL,NULL),('TABLE','cigrascloud','oc_mimetypes',127553569050144,NULL,NULL,NULL,NULL),('TABLE','cigrascloud','oc_external_mounts',127553569041888,NULL,NULL,NULL,NULL),('TABLE','cigrascloud','oc_external_applicable',127553569101536,NULL,NULL,NULL,NULL),('TABLE','cigrascloud','oc_group_user',127553569288352,NULL,NULL,NULL,NULL),('TABLE','cigrascloud','oc_share',127553569322128,NULL,NULL,NULL,NULL),('TABLE','cigrascloud','oc_filecache',127553569363264,NULL,NULL,NULL,NULL),('TABLE','cigrascloud','oc_storages',127553569427776,NULL,NULL,NULL,NULL),('TABLE','cigrascloud','oc_share_external',127553569303632,NULL,NULL,NULL,NULL),('TABLE','cigrascloud','oc_mounts',127553568760688,NULL,NULL,NULL,NULL),('TABLE','cigrascloud','oc_mimetypes',127553569500768,NULL,NULL,NULL,NULL),('TABLE','cigrascloud','oc_external_mounts',127553569566672,NULL,NULL,NULL,NULL),('TABLE','cigrascloud','oc_external_applicable',127553569555360,NULL,NULL,NULL,NULL),('TABLE','cigrascloud','oc_group_user',127553569744784,NULL,NULL,NULL,NULL),('TABLE','cigrascloud','oc_share',127553569776192,NULL,NULL,NULL,NULL),('TABLE','cigrascloud','oc_filecache',127553569817328,NULL,NULL,NULL,NULL),('TABLE','cigrascloud','oc_storages',127553569881840,NULL,NULL,NULL,NULL),('TABLE','cigrascloud','oc_share_external',127553569763504,NULL,NULL,NULL,NULL),('TABLE','cigrascloud','oc_mounts',127553569724176,NULL,NULL,NULL,NULL),('TABLE','cigrascloud','oc_mimetypes',127553569954832,NULL,NULL,NULL,NULL),('TABLE','cigrascloud','oc_users',127553570025600,NULL,NULL,NULL,NULL),('TABLE','cigrascloud','oc_external_mounts',127553569261984,NULL,NULL,NULL,NULL),('TABLE','cigrascloud','oc_external_applicable',127553570169648,NULL,NULL,NULL,NULL),('TABLE','cigrascloud','oc_group_user',127553570202512,NULL,NULL,NULL,NULL),('TABLE','cigrascloud','oc_share',127553570249408,NULL,NULL,NULL,NULL),('TABLE','cigrascloud','oc_filecache',127553570285728,NULL,NULL,NULL,NULL),('TABLE','cigrascloud','oc_storages',127553570350240,NULL,NULL,NULL,NULL),('TABLE','cigrascloud','oc_share_external',127553570234560,NULL,NULL,NULL,NULL),('TABLE','cigrascloud','oc_mounts',127553570219392,NULL,NULL,NULL,NULL),('TABLE','cigrascloud','oc_mimetypes',127553570425680,NULL,NULL,NULL,NULL),('TABLE','cigrascloud','oc_users',127553570414976,NULL,NULL,NULL,NULL),('TABLE','cigrascloud','oc_external_mounts',127553570017424,NULL,NULL,NULL,NULL),('TABLE','cigrascloud','oc_external_applicable',127553570683136,NULL,NULL,NULL,NULL),('TABLE','cigrascloud','oc_group_user',127553570661440,NULL,NULL,NULL,NULL),('TABLE','cigrascloud','oc_share',127553570717440,NULL,NULL,NULL,NULL),('TABLE','cigrascloud','oc_filecache',127553570758576,NULL,NULL,NULL,NULL),('TABLE','cigrascloud','oc_storages',127553570823088,NULL,NULL,NULL,NULL),('TABLE','cigrascloud','oc_share_external',127553570700144,NULL,NULL,NULL,NULL),('TABLE','cigrascloud','oc_mounts',127553570646640,NULL,NULL,NULL,NULL),('TABLE','cigrascloud','oc_external_mounts',127553570966736,NULL,NULL,NULL,NULL),('TABLE','cigrascloud','oc_external_applicable',127553569710192,NULL,NULL,NULL,NULL),('TABLE','cigrascloud','oc_group_user',127553571152688,NULL,NULL,NULL,NULL),('TABLE','cigrascloud','oc_share',127553571188064,NULL,NULL,NULL,NULL),('TABLE','cigrascloud','oc_filecache',127553571229200,NULL,NULL,NULL,NULL),('TABLE','cigrascloud','oc_storages',127553571293712,NULL,NULL,NULL,NULL),('TABLE','cigrascloud','oc_share_external',127553571169568,NULL,NULL,NULL,NULL),('TABLE','cigrascloud','oc_mounts',127553571112624,NULL,NULL,NULL,NULL),('TABLE','cigrascloud','oc_notifications',127553482369040,NULL,NULL,NULL,NULL),('TABLE','cigrascloud','oc_external_mounts',127553348088992,NULL,NULL,NULL,NULL),('TABLE','cigrascloud','oc_external_applicable',127553348191552,NULL,NULL,NULL,NULL),('TABLE','cigrascloud','oc_group_user',127553348165952,NULL,NULL,NULL,NULL),('TABLE','cigrascloud','oc_share',127553348224752,NULL,NULL,NULL,NULL),('TABLE','cigrascloud','oc_filecache',127553348261072,NULL,NULL,NULL,NULL),('TABLE','cigrascloud','oc_storages',127553348325584,NULL,NULL,NULL,NULL),('TABLE','cigrascloud','oc_share_external',127553348209904,NULL,NULL,NULL,NULL),('TABLE','cigrascloud','oc_mounts',127553348182832,NULL,NULL,NULL,NULL),('TABLE','cigrascloud','oc_mimetypes',127553348401424,NULL,NULL,NULL,NULL),('TABLE','cigrascloud','oc_groups',127553571434528,NULL,NULL,NULL,NULL),('TABLE','cigrascloud','oc_properties',127553348661088,NULL,NULL,NULL,NULL),('TABLE','cigrascloud','oc_activity',127553483328176,NULL,NULL,NULL,NULL),('TABLE','cigrascloud','oc_properties',127553571592176,NULL,NULL,NULL,NULL),('TABLE','cigrascloud','oc_file_locks',127553349950704,NULL,NULL,NULL,NULL),('TABLE','cigrascloud','oc_file_locks',127553350033136,NULL,NULL,NULL,NULL),('TABLE','cigrascloud','oc_mimetypes',127553571573680,NULL,NULL,NULL,NULL),('TABLE','cigrascloud','oc_users',127553570634560,NULL,NULL,NULL,NULL),('TABLE','cigrascloud','oc_groups',127553483161600,NULL,NULL,NULL,NULL),('TABLE','cigrascloud','oc_notifications',127553483505936,NULL,NULL,NULL,NULL),('TABLE','cigrascloud','oc_users',127553571415648,NULL,NULL,NULL,NULL),('TABLE','cigrascloud','oc_mimetypes',127553571648736,NULL,NULL,NULL,NULL),('TABLE','cigrascloud','oc_groups',127553350046480,NULL,NULL,NULL,NULL),('TABLE','cigrascloud','oc_notifications',127553350059120,NULL,NULL,NULL,NULL),('TABLE','cigrascloud','oc_groups',127553483195488,NULL,NULL,NULL,NULL),('TABLE','cigrascloud','oc_groups',127553571633120,NULL,NULL,NULL,NULL),('TABLE','cigrascloud','oc_group_admin',127553571610064,NULL,NULL,NULL,NULL),('TABLE','cigrascloud','oc_persistent_locks',127553572841280,NULL,NULL,NULL,NULL),('TABLE','cigrascloud','oc_groups',127553572739712,NULL,NULL,NULL,NULL),('TABLE','cigrascloud','oc_notifications',127553572871552,NULL,NULL,NULL,NULL),('TABLE','cigrascloud','oc_users',127553482272496,NULL,NULL,NULL,NULL),('TABLE','cigrascloud','oc_notifications',127553348118864,NULL,NULL,NULL,NULL),('TABLE','cigrascloud','oc_groups',127553483690896,NULL,NULL,NULL,NULL),('TABLE','cigrascloud','oc_notifications',127553483644352,NULL,NULL,NULL,NULL),('TABLE','cigrascloud','oc_notifications',127553348447520,NULL,NULL,NULL,NULL),('TABLE','cigrascloud','oc_groups',127553483677536,NULL,NULL,NULL,NULL),('TABLE','cigrascloud','oc_groups',127553572892112,NULL,NULL,NULL,NULL),('TABLE','cigrascloud','oc_properties',127553483666832,NULL,NULL,NULL,NULL),('TABLE','cigrascloud','oc_groups',127553572879760,NULL,NULL,NULL,NULL),('TABLE','cigrascloud','oc_notifications',127553572999824,NULL,NULL,NULL,NULL),('TABLE','cigrascloud','oc_properties',127553348075264,NULL,NULL,NULL,NULL),('TABLE','cigrascloud','oc_properties',127553483880960,NULL,NULL,NULL,NULL),('TABLE','cigrascloud','oc_users',127553350240160,NULL,NULL,NULL,NULL),('TABLE','cigrascloud','oc_users',127553573011552,NULL,NULL,NULL,NULL),('TABLE','cigrascloud','oc_properties',127553573049552,NULL,NULL,NULL,NULL),('TABLE','cigrascloud','oc_notifications',127553350362320,NULL,NULL,NULL,NULL),('TABLE','cigrascloud','oc_users',127553483654480,NULL,NULL,NULL,NULL),('TABLE','cigrascloud','oc_users',127553573082048,NULL,NULL,NULL,NULL),('TABLE','cigrascloud','oc_users',127553483797264,NULL,NULL,NULL,NULL),('TABLE','cigrascloud','oc_users',127553350254960,NULL,NULL,NULL,NULL),('TABLE','cigrascloud','oc_properties',127553484222320,NULL,NULL,NULL,NULL),('TABLE','cigrascloud','oc_notifications',127553350621712,NULL,NULL,NULL,NULL),('TABLE','cigrascloud','oc_properties',127553350629472,NULL,NULL,NULL,NULL),('TABLE','cigrascloud','oc_notifications',127553572986752,NULL,NULL,NULL,NULL),('TABLE','cigrascloud','oc_properties',127553484197632,NULL,NULL,NULL,NULL),('TABLE','cigrascloud','oc_notifications',127553573065616,NULL,NULL,NULL,NULL),('TABLE','cigrascloud','oc_activity',127553350936560,NULL,NULL,NULL,NULL),('TABLE','cigrascloud','oc_comments',127552945553008,NULL,NULL,NULL,NULL),('TABLE','cigrascloud','oc_comments_read_markers',127552945577808,NULL,NULL,NULL,NULL),('TABLE','cigrascloud','oc_vcategory',127552945594784,NULL,NULL,NULL,NULL),('TABLE','cigrascloud','oc_vcategory_to_object',127552945534512,NULL,NULL,NULL,NULL),('TABLE','cigrascloud','oc_persistent_locks',127552945478032,NULL,NULL,NULL,NULL),('TABLE','cigrascloud','oc_files_trash',127553491765760,NULL,NULL,NULL,NULL),('TABLE','cigrascloud','oc_persistent_locks',127553573428464,NULL,NULL,NULL,NULL),('TABLE','cigrascloud','oc_activity',127552945611264,NULL,NULL,NULL,NULL),('TABLE','cigrascloud','oc_activity',127553079743040,NULL,NULL,NULL,NULL),('TABLE','cigrascloud','oc_notifications',127553079698848,NULL,NULL,NULL,NULL),('TABLE','cigrascloud','oc_notifications',127553350147744,NULL,NULL,NULL,NULL),('TABLE','cigrascloud','oc_properties',127553573538992,NULL,NULL,NULL,NULL),('TABLE','cigrascloud','oc_properties',127553080004544,NULL,NULL,NULL,NULL),('TABLE','cigrascloud','oc_notifications',127553484410160,NULL,NULL,NULL,NULL),('TABLE','cigrascloud','oc_notifications',127553573699264,NULL,NULL,NULL,NULL),('TABLE','cigrascloud','oc_properties',127553573516864,NULL,NULL,NULL,NULL),('TABLE','cigrascloud','oc_properties',127552945648048,NULL,NULL,NULL,NULL),('TABLE','cigrascloud','oc_properties',127553484654128,NULL,NULL,NULL,NULL),('TABLE','cigrascloud','oc_activity',127553351312816,NULL,NULL,NULL,NULL),('TABLE','cigrascloud','oc_persistent_locks',127553484578064,NULL,NULL,NULL,NULL),('TABLE','cigrascloud','oc_file_locks',127553484884896,NULL,NULL,NULL,NULL),('TABLE','cigrascloud','oc_file_locks',127553484902288,NULL,NULL,NULL,NULL),('TABLE','cigrascloud','oc_file_locks',127553574147648,NULL,NULL,NULL,NULL),('TABLE','cigrascloud','oc_file_locks',127553574161072,NULL,NULL,NULL,NULL),('TABLE','cigrascloud','oc_persistent_locks',127553573991472,NULL,NULL,NULL,NULL),('TABLE','cigrascloud','oc_activity',127553484929088,NULL,NULL,NULL,NULL),('TABLE','cigrascloud','oc_jobs',127553574872688,NULL,NULL,NULL,NULL),('TABLE','cigrascloud','oc_jobs',127553484393696,NULL,NULL,NULL,NULL),('TABLE','cigrascloud','oc_properties',127552945911792,NULL,NULL,NULL,NULL),('TABLE','cigrascloud','oc_comments',127553080329328,NULL,NULL,NULL,NULL),('TABLE','cigrascloud','oc_comments_read_markers',127553080348320,NULL,NULL,NULL,NULL),('TABLE','cigrascloud','oc_vcategory',127553080041232,NULL,NULL,NULL,NULL),('TABLE','cigrascloud','oc_vcategory_to_object',127553079631104,NULL,NULL,NULL,NULL),('TABLE','cigrascloud','oc_persistent_locks',127553079615200,NULL,NULL,NULL,NULL),('TABLE','cigrascloud','oc_group_admin',127553351391376,NULL,NULL,NULL,NULL),('TABLE','cigrascloud','oc_comments',127553573574448,NULL,NULL,NULL,NULL),('TABLE','cigrascloud','oc_comments_read_markers',127553575149360,NULL,NULL,NULL,NULL),('TABLE','cigrascloud','oc_vcategory',127553575168704,NULL,NULL,NULL,NULL),('TABLE','cigrascloud','oc_vcategory_to_object',127553573566192,NULL,NULL,NULL,NULL),('TABLE','cigrascloud','oc_persistent_locks',127553575193440,NULL,NULL,NULL,NULL),('TABLE','cigrascloud','oc_properties',127553574990400,NULL,NULL,NULL,NULL),('TABLE','cigrascloud','oc_file_locks',127552945880224,NULL,NULL,NULL,NULL),('TABLE','cigrascloud','oc_file_locks',127552946111152,NULL,NULL,NULL,NULL),('TABLE','cigrascloud','oc_persistent_locks',127552945874080,NULL,NULL,NULL,NULL),('TABLE','cigrascloud','oc_jobs',127552946124496,NULL,NULL,NULL,NULL),('TABLE','cigrascloud','oc_activity',127552946346336,NULL,NULL,NULL,NULL),('TABLE','cigrascloud','oc_jobs',127553080030608,NULL,NULL,NULL,NULL),('TABLE','cigrascloud','oc_activity',127553080383712,NULL,NULL,NULL,NULL),('TABLE','cigrascloud','oc_file_locks',127553351098688,NULL,NULL,NULL,NULL),('TABLE','cigrascloud','oc_file_locks',127553351522416,NULL,NULL,NULL,NULL),('TABLE','cigrascloud','oc_persistent_locks',127553351506320,NULL,NULL,NULL,NULL),('TABLE','cigrascloud','oc_jobs',127553351535760,NULL,NULL,NULL,NULL),('TABLE','cigrascloud','oc_file_locks',127552946154656,NULL,NULL,NULL,NULL),('TABLE','cigrascloud','oc_file_locks',127552946172048,NULL,NULL,NULL,NULL),('TABLE','cigrascloud','oc_activity',127552946683424,NULL,NULL,NULL,NULL),('TABLE','cigrascloud','oc_file_locks',127553485004912,NULL,NULL,NULL,NULL),('TABLE','cigrascloud','oc_file_locks',127553484953552,NULL,NULL,NULL,NULL),('TABLE','cigrascloud','oc_persistent_locks',127553485977248,NULL,NULL,NULL,NULL),('TABLE','cigrascloud','oc_jobs',127553484988864,NULL,NULL,NULL,NULL),('TABLE','cigrascloud','oc_activity',127553486121344,NULL,NULL,NULL,NULL),('TABLE','cigrascloud','oc_file_locks',127552946522496,NULL,NULL,NULL,NULL),('TABLE','cigrascloud','oc_file_locks',127552946539888,NULL,NULL,NULL,NULL),('TABLE','cigrascloud','oc_persistent_locks',127552946205232,NULL,NULL,NULL,NULL),('TABLE','cigrascloud','oc_jobs',127552946554832,NULL,NULL,NULL,NULL),('TABLE','cigrascloud','oc_file_locks',127553485878912,NULL,NULL,NULL,NULL),('TABLE','cigrascloud','oc_file_locks',127553486026032,NULL,NULL,NULL,NULL),('TABLE','cigrascloud','oc_persistent_locks',127553486041824,NULL,NULL,NULL,NULL),('TABLE','cigrascloud','oc_activity',127553486559440,NULL,NULL,NULL,NULL),('TABLE','cigrascloud','oc_filecache',127552477556384,NULL,NULL,NULL,NULL),('TABLE','cigrascloud','oc_comments',127552948962688,NULL,NULL,NULL,NULL),('TABLE','cigrascloud','oc_comments_read_markers',127552948981680,NULL,NULL,NULL,NULL),('TABLE','cigrascloud','oc_file_locks',127552949632816,NULL,NULL,NULL,NULL),('TABLE','cigrascloud','oc_jobs',127552949711392,NULL,NULL,NULL,NULL),('TABLE','cigrascloud','oc_persistent_locks',127552949794848,NULL,NULL,NULL,NULL),('TABLE','cigrascloud','oc_vcategory',127552950312720,NULL,NULL,NULL,NULL),('TABLE','cigrascloud','oc_vcategory_to_object',127552950329680,NULL,NULL,NULL,NULL),('TABLE','sys','sys_config',127553355483744,NULL,NULL,NULL,NULL),('TABLE','cigrascloud','oc_file_locks',127553354395232,NULL,NULL,NULL,NULL),('TABLE','cigrascloud','oc_file_locks',127552948587696,NULL,NULL,NULL,NULL),('TABLE','cigrascloud','oc_file_locks',127552949219312,NULL,NULL,NULL,NULL),('TABLE','cigrascloud','oc_activity',127552948738480,NULL,NULL,NULL,NULL),('TABLE','cigrascloud','oc_file_locks',127553354164320,NULL,NULL,NULL,NULL),('TABLE','cigrascloud','oc_file_locks',127553351764704,NULL,NULL,NULL,NULL),('TABLE','cigrascloud','oc_persistent_locks',127553357300768,NULL,NULL,NULL,NULL),('TABLE','cigrascloud','oc_jobs',127553355251504,NULL,NULL,NULL,NULL),('TABLE','cigrascloud','oc_activity',127553358013632,NULL,NULL,NULL,NULL),('TABLE','cigrascloud','oc_file_locks',127553483231568,NULL,NULL,NULL,NULL),('TABLE','cigrascloud','oc_file_locks',127553483258656,NULL,NULL,NULL,NULL),('TABLE','cigrascloud','oc_file_locks',127553580878608,NULL,NULL,NULL,NULL),('TABLE','cigrascloud','oc_file_locks',127553579237376,NULL,NULL,NULL,NULL),('TABLE','cigrascloud','oc_activity',127553488489920,NULL,NULL,NULL,NULL),('TABLE','cigrascloud','oc_file_locks',127553080365216,NULL,NULL,NULL,NULL),('TABLE','cigrascloud','oc_file_locks',127553081867968,NULL,NULL,NULL,NULL),('TABLE','cigrascloud','oc_jobs',127553357268352,NULL,NULL,NULL,NULL),('TABLE','cigrascloud','oc_jobs',127552950009760,NULL,NULL,NULL,NULL),('TABLE','sys','sys_config',127552959220160,NULL,NULL,NULL,NULL),('TABLE','cigrascloud','oc_preferences',127552073395840,NULL,NULL,NULL,NULL),('TABLE','cigrascloud','oc_preferences',127552479267936,NULL,NULL,NULL,NULL),('TABLE','cigrascloud','oc_account_terms',127552075451328,NULL,NULL,NULL,NULL),('TABLE','cigrascloud','oc_activity_mq',127552074677792,NULL,NULL,NULL,NULL),('TABLE','cigrascloud','oc_addressbookchanges',127552076462640,NULL,NULL,NULL,NULL),('TABLE','cigrascloud','oc_addressbooks',127552077917968,NULL,NULL,NULL,NULL),('TABLE','cigrascloud','oc_calendarchanges',127552080231056,NULL,NULL,NULL,NULL),('TABLE','cigrascloud','oc_calendarobjects',127552075139088,NULL,NULL,NULL,NULL),('TABLE','cigrascloud','oc_calendars',127552079917488,NULL,NULL,NULL,NULL),('TABLE','cigrascloud','oc_calendarsubscriptions',127552073889792,NULL,NULL,NULL,NULL),('TABLE','cigrascloud','oc_cards',127552078018640,NULL,NULL,NULL,NULL),('TABLE','cigrascloud','oc_cards_properties',127552077996720,NULL,NULL,NULL,NULL),('TABLE','cigrascloud','oc_credentials',127552074556288,NULL,NULL,NULL,NULL),('TABLE','cigrascloud','oc_dav_job_status',127552078221648,NULL,NULL,NULL,NULL),('TABLE','cigrascloud','oc_dav_properties',127552080343584,NULL,NULL,NULL,NULL),('TABLE','cigrascloud','oc_dav_shares',127552080528016,NULL,NULL,NULL,NULL),('TABLE','cigrascloud','oc_external_config',127552080549472,NULL,NULL,NULL,NULL),('TABLE','cigrascloud','oc_external_options',127552080360416,NULL,NULL,NULL,NULL),('TABLE','cigrascloud','oc_federated_reshares',127552080561376,NULL,NULL,NULL,NULL),('TABLE','cigrascloud','oc_files_trash',127552080567216,NULL,NULL,NULL,NULL),('TABLE','cigrascloud','oc_group_admin',127552080726192,NULL,NULL,NULL,NULL),('TABLE','cigrascloud','oc_migrations',127552080892272,NULL,NULL,NULL,NULL),('TABLE','cigrascloud','oc_privatedata',127552081091072,NULL,NULL,NULL,NULL),('TABLE','cigrascloud','oc_schedulingobjects',127552081122192,NULL,NULL,NULL,NULL),('TABLE','cigrascloud','oc_systemtag',127552081157312,NULL,NULL,NULL,NULL),('TABLE','cigrascloud','oc_systemtag_group',127552081350848,NULL,NULL,NULL,NULL),('TABLE','cigrascloud','oc_systemtag_object_mapping',127552081177296,NULL,NULL,NULL,NULL),('TABLE','cigrascloud','oc_trusted_servers',127552081422768,NULL,NULL,NULL,NULL),('TABLE','cigrascloud','oc_files_trash',127553093908864,NULL,NULL,NULL,NULL),('TABLE','cigrascloud','oc_group_admin',127552478699312,NULL,NULL,NULL,NULL),('TABLE','cigrascloud','oc_files_trash',127553087222096,NULL,NULL,NULL,NULL),('TABLE','cigrascloud','oc_account_terms',127552141292608,NULL,NULL,NULL,NULL),('TABLE','cigrascloud','oc_activity_mq',127552143554048,NULL,NULL,NULL,NULL),('TABLE','cigrascloud','oc_addressbookchanges',127552148117712,NULL,NULL,NULL,NULL),('TABLE','cigrascloud','oc_addressbooks',127552149296816,NULL,NULL,NULL,NULL),('TABLE','cigrascloud','oc_calendarchanges',127552145041376,NULL,NULL,NULL,NULL),('TABLE','cigrascloud','oc_calendarobjects',127552149536688,NULL,NULL,NULL,NULL),('TABLE','cigrascloud','oc_calendars',127552145960368,NULL,NULL,NULL,NULL),('TABLE','cigrascloud','oc_calendarsubscriptions',127552150370528,NULL,NULL,NULL,NULL),('TABLE','cigrascloud','oc_cards',127552144100816,NULL,NULL,NULL,NULL),('TABLE','cigrascloud','oc_cards_properties',127552142260464,NULL,NULL,NULL,NULL),('TABLE','cigrascloud','oc_credentials',127552151138816,NULL,NULL,NULL,NULL),('TABLE','cigrascloud','oc_dav_job_status',127552144106944,NULL,NULL,NULL,NULL),('TABLE','cigrascloud','oc_dav_properties',127552145278976,NULL,NULL,NULL,NULL),('TABLE','cigrascloud','oc_dav_shares',127552148629760,NULL,NULL,NULL,NULL),('TABLE','cigrascloud','oc_external_config',127552146059552,NULL,NULL,NULL,NULL),('TABLE','cigrascloud','oc_external_options',127552144402544,NULL,NULL,NULL,NULL),('TABLE','cigrascloud','oc_federated_reshares',127552140897104,NULL,NULL,NULL,NULL),('TABLE','cigrascloud','oc_migrations',127552143134000,NULL,NULL,NULL,NULL),('TABLE','cigrascloud','oc_privatedata',127552147573920,NULL,NULL,NULL,NULL),('TABLE','cigrascloud','oc_schedulingobjects',127552140903968,NULL,NULL,NULL,NULL),('TABLE','cigrascloud','oc_systemtag',127552145634496,NULL,NULL,NULL,NULL),('TABLE','sys','sys_config',127552948160080,NULL,NULL,NULL,NULL),('TABLE','cigrascloud','oc_systemtag_group',127552148784464,NULL,NULL,NULL,NULL),('TABLE','cigrascloud','oc_systemtag_object_mapping',127552149852336,NULL,NULL,NULL,NULL),('TABLE','cigrascloud','oc_trusted_servers',127552150416752,NULL,NULL,NULL,NULL),('TABLE','cigrascloud','oc_preferences',127552141513952,NULL,NULL,NULL,NULL),('TABLE','cigrascloud','oc_group_admin',127552958268432,NULL,NULL,NULL,NULL),('TABLE','cigrascloud','oc_account_terms',127552148921008,NULL,NULL,NULL,NULL),('TABLE','cigrascloud','oc_activity_mq',127552144587616,NULL,NULL,NULL,NULL),('TABLE','cigrascloud','oc_addressbookchanges',127552149880128,NULL,NULL,NULL,NULL),('TABLE','cigrascloud','oc_addressbooks',127552149021664,NULL,NULL,NULL,NULL),('TABLE','cigrascloud','oc_calendarchanges',127552145550128,NULL,NULL,NULL,NULL),('TABLE','cigrascloud','oc_calendarobjects',127552146302624,NULL,NULL,NULL,NULL),('TABLE','cigrascloud','oc_calendars',127552145074768,NULL,NULL,NULL,NULL),('TABLE','cigrascloud','oc_calendarsubscriptions',127552147984752,NULL,NULL,NULL,NULL),('TABLE','cigrascloud','oc_cards',127552143315600,NULL,NULL,NULL,NULL),('TABLE','cigrascloud','oc_cards_properties',127552147118144,NULL,NULL,NULL,NULL),('TABLE','cigrascloud','oc_credentials',127552144942368,NULL,NULL,NULL,NULL),('TABLE','cigrascloud','oc_dav_job_status',127552148088496,NULL,NULL,NULL,NULL),('TABLE','cigrascloud','oc_dav_properties',127552143019488,NULL,NULL,NULL,NULL),('TABLE','cigrascloud','oc_dav_shares',127552142000464,NULL,NULL,NULL,NULL),('TABLE','cigrascloud','oc_external_config',127552147959568,NULL,NULL,NULL,NULL),('TABLE','cigrascloud','oc_external_options',127552142182704,NULL,NULL,NULL,NULL),('TABLE','cigrascloud','oc_federated_reshares',127552150597776,NULL,NULL,NULL,NULL),('TABLE','cigrascloud','oc_files_trash',127552146571376,NULL,NULL,NULL,NULL),('TABLE','cigrascloud','oc_group_admin',127552143570912,NULL,NULL,NULL,NULL),('TABLE','cigrascloud','oc_migrations',127552148348976,NULL,NULL,NULL,NULL),('TABLE','sys','sys_config',127553583189200,NULL,NULL,NULL,NULL),('TABLE','cigrascloud','oc_file_locks',127553365495120,NULL,NULL,NULL,NULL),('TABLE','cigrascloud','oc_file_locks',127553364362368,NULL,NULL,NULL,NULL),('TABLE','cigrascloud','oc_activity',127553578353616,NULL,NULL,NULL,NULL),('TABLE','cigrascloud','oc_privatedata',127552148354816,NULL,NULL,NULL,NULL),('TABLE','cigrascloud','oc_schedulingobjects',127552146240016,NULL,NULL,NULL,NULL),('TABLE','cigrascloud','oc_systemtag',127552144702896,NULL,NULL,NULL,NULL),('TABLE','cigrascloud','oc_systemtag_group',127552144708736,NULL,NULL,NULL,NULL),('TABLE','cigrascloud','oc_systemtag_object_mapping',127552143876160,NULL,NULL,NULL,NULL),('TABLE','cigrascloud','oc_trusted_servers',127552143882000,NULL,NULL,NULL,NULL),('TABLE','cigrascloud','oc_account_terms',127553372961856,NULL,NULL,NULL,NULL),('TABLE','cigrascloud','oc_activity_mq',127553364830752,NULL,NULL,NULL,NULL),('TABLE','cigrascloud','oc_addressbookchanges',127553366529984,NULL,NULL,NULL,NULL),('TABLE','cigrascloud','oc_addressbooks',127553370272464,NULL,NULL,NULL,NULL),('TABLE','cigrascloud','oc_comments',127553493916032,NULL,NULL,NULL,NULL),('TABLE','cigrascloud','oc_comments_read_markers',127553494422576,NULL,NULL,NULL,NULL),('TABLE','cigrascloud','oc_calendarchanges',127553361641056,NULL,NULL,NULL,NULL),('TABLE','cigrascloud','oc_calendarobjects',127553365103264,NULL,NULL,NULL,NULL),('TABLE','cigrascloud','oc_calendars',127553362121552,NULL,NULL,NULL,NULL),('TABLE','cigrascloud','oc_calendarsubscriptions',127553363102576,NULL,NULL,NULL,NULL),('TABLE','cigrascloud','oc_cards',127553363896096,NULL,NULL,NULL,NULL),('TABLE','cigrascloud','oc_cards_properties',127553358252144,NULL,NULL,NULL,NULL),('TABLE','cigrascloud','oc_credentials',127553365438080,NULL,NULL,NULL,NULL),('TABLE','cigrascloud','oc_dav_job_status',127553370390384,NULL,NULL,NULL,NULL),('TABLE','cigrascloud','oc_dav_properties',127553365319248,NULL,NULL,NULL,NULL),('TABLE','cigrascloud','oc_dav_shares',127553370650848,NULL,NULL,NULL,NULL),('TABLE','cigrascloud','oc_external_config',127553356324080,NULL,NULL,NULL,NULL),('TABLE','cigrascloud','oc_external_options',127553359504880,NULL,NULL,NULL,NULL),('TABLE','cigrascloud','oc_federated_reshares',127553366854048,NULL,NULL,NULL,NULL),('TABLE','cigrascloud','oc_group_admin',127553373116208,NULL,NULL,NULL,NULL),('TABLE','cigrascloud','oc_migrations',127553368591088,NULL,NULL,NULL,NULL),('TABLE','cigrascloud','oc_privatedata',127553368761088,NULL,NULL,NULL,NULL),('TABLE','cigrascloud','oc_vcategory',127553493580576,NULL,NULL,NULL,NULL),('TABLE','cigrascloud','oc_vcategory_to_object',127553493704288,NULL,NULL,NULL,NULL),('TABLE','sys','sys_config',127552954392992,NULL,NULL,NULL,NULL),('TABLE','cigrascloud','oc_comments',127553356837968,NULL,NULL,NULL,NULL),('TABLE','cigrascloud','oc_comments_read_markers',127553363265200,NULL,NULL,NULL,NULL),('TABLE','cigrascloud','oc_vcategory',127553351879168,NULL,NULL,NULL,NULL),('TABLE','cigrascloud','oc_vcategory_to_object',127553363951296,NULL,NULL,NULL,NULL),('TABLE','sys','sys_config',127553083963792,NULL,NULL,NULL,NULL),('TABLE','cigrascloud','oc_schedulingobjects',127553363915264,NULL,NULL,NULL,NULL),('TABLE','cigrascloud','oc_systemtag',127553354379344,NULL,NULL,NULL,NULL),('TABLE','cigrascloud','oc_systemtag_group',127553353521664,NULL,NULL,NULL,NULL),('TABLE','cigrascloud','oc_systemtag_object_mapping',127553366123088,NULL,NULL,NULL,NULL),('TABLE','cigrascloud','oc_trusted_servers',127553370101824,NULL,NULL,NULL,NULL),('TABLE','cigrascloud','oc_account_terms',127552073714032,NULL,NULL,NULL,NULL),('TABLE','cigrascloud','oc_activity_mq',127552073463392,NULL,NULL,NULL,NULL),('TABLE','cigrascloud','oc_addressbookchanges',127552076180352,NULL,NULL,NULL,NULL),('TABLE','cigrascloud','oc_addressbooks',127552077155248,NULL,NULL,NULL,NULL),('TABLE','cigrascloud','oc_calendarchanges',127552074299712,NULL,NULL,NULL,NULL),('TABLE','cigrascloud','oc_calendarobjects',127552080609232,NULL,NULL,NULL,NULL),('TABLE','cigrascloud','oc_calendars',127552077947664,NULL,NULL,NULL,NULL),('TABLE','cigrascloud','oc_calendarsubscriptions',127552077756960,NULL,NULL,NULL,NULL),('TABLE','cigrascloud','oc_cards',127552074184064,NULL,NULL,NULL,NULL),('TABLE','cigrascloud','oc_cards_properties',127552077359952,NULL,NULL,NULL,NULL),('TABLE','cigrascloud','oc_credentials',127552076494768,NULL,NULL,NULL,NULL),('TABLE','cigrascloud','oc_dav_job_status',127552075643776,NULL,NULL,NULL,NULL),('TABLE','cigrascloud','oc_dav_properties',127552075234256,NULL,NULL,NULL,NULL),('TABLE','cigrascloud','oc_dav_shares',127552074104928,NULL,NULL,NULL,NULL),('TABLE','cigrascloud','oc_external_config',127552073565552,NULL,NULL,NULL,NULL),('TABLE','cigrascloud','oc_external_options',127552078660688,NULL,NULL,NULL,NULL),('TABLE','cigrascloud','oc_federated_reshares',127552073514608,NULL,NULL,NULL,NULL),('TABLE','cigrascloud','oc_files_trash',127552073651056,NULL,NULL,NULL,NULL),('TABLE','cigrascloud','oc_migrations',127552075789440,NULL,NULL,NULL,NULL),('TABLE','cigrascloud','oc_privatedata',127552073797456,NULL,NULL,NULL,NULL),('TABLE','cigrascloud','oc_schedulingobjects',127552078012224,NULL,NULL,NULL,NULL),('TABLE','sys','sys_config',127553359090896,NULL,NULL,NULL,NULL),('TABLE','cigrascloud','oc_systemtag',127552077162272,NULL,NULL,NULL,NULL),('TABLE','cigrascloud','oc_comments',127552956757664,NULL,NULL,NULL,NULL),('TABLE','cigrascloud','oc_comments_read_markers',127552960360064,NULL,NULL,NULL,NULL),('TABLE','cigrascloud','oc_vcategory',127552960818592,NULL,NULL,NULL,NULL),('TABLE','cigrascloud','oc_vcategory_to_object',127552960412544,NULL,NULL,NULL,NULL),('TABLE','cigrascloud','oc_persistent_locks',127553589428400,NULL,NULL,NULL,NULL),('TABLE','cigrascloud','oc_jobs',127553590466064,NULL,NULL,NULL,NULL),('TABLE','cigrascloud','oc_systemtag_group',127552080906352,NULL,NULL,NULL,NULL),('TABLE','cigrascloud','oc_systemtag_object_mapping',127552074836368,NULL,NULL,NULL,NULL),('TABLE','cigrascloud','oc_trusted_servers',127552076308496,NULL,NULL,NULL,NULL),('TABLE','cigrascloud','oc_jobs',127553491495584,NULL,NULL,NULL,NULL),('TABLE','cigrascloud','oc_account_terms',127553094384784,NULL,NULL,NULL,NULL),('TABLE','cigrascloud','oc_activity_mq',127553084098368,NULL,NULL,NULL,NULL),('TABLE','cigrascloud','oc_addressbookchanges',127553081424816,NULL,NULL,NULL,NULL),('TABLE','cigrascloud','oc_addressbooks',127553095214864,NULL,NULL,NULL,NULL),('TABLE','cigrascloud','oc_calendarchanges',127553093762512,NULL,NULL,NULL,NULL),('TABLE','cigrascloud','oc_calendarobjects',127553084257056,NULL,NULL,NULL,NULL),('TABLE','cigrascloud','oc_calendars',127553093651712,NULL,NULL,NULL,NULL),('TABLE','cigrascloud','oc_calendarsubscriptions',127553086482464,NULL,NULL,NULL,NULL),('TABLE','cigrascloud','oc_cards',127553090091312,NULL,NULL,NULL,NULL),('TABLE','cigrascloud','oc_cards_properties',127553087541088,NULL,NULL,NULL,NULL),('TABLE','cigrascloud','oc_credentials',127553092889744,NULL,NULL,NULL,NULL),('TABLE','cigrascloud','oc_dav_job_status',127553083370944,NULL,NULL,NULL,NULL),('TABLE','cigrascloud','oc_dav_properties',127553093982880,NULL,NULL,NULL,NULL),('TABLE','cigrascloud','oc_dav_shares',127553090807280,NULL,NULL,NULL,NULL),('TABLE','cigrascloud','oc_external_config',127553082213088,NULL,NULL,NULL,NULL),('TABLE','cigrascloud','oc_external_options',127553093387344,NULL,NULL,NULL,NULL),('TABLE','cigrascloud','oc_federated_reshares',127553095779840,NULL,NULL,NULL,NULL),('TABLE','cigrascloud','oc_group_admin',127553084700816,NULL,NULL,NULL,NULL),('TABLE','cigrascloud','oc_migrations',127553093634800,NULL,NULL,NULL,NULL),('TABLE','cigrascloud','oc_privatedata',127553084231504,NULL,NULL,NULL,NULL),('TABLE','cigrascloud','oc_schedulingobjects',127553082674064,NULL,NULL,NULL,NULL),('TABLE','sys','sys_config',127552958155648,NULL,NULL,NULL,NULL),('TABLE','cigrascloud','oc_systemtag',127553091060736,NULL,NULL,NULL,NULL),('TABLE','cigrascloud','oc_systemtag_group',127553084953536,NULL,NULL,NULL,NULL),('TABLE','cigrascloud','oc_systemtag_object_mapping',127553091396848,NULL,NULL,NULL,NULL),('TABLE','cigrascloud','oc_trusted_servers',127553095409648,NULL,NULL,NULL,NULL),('TABLE','cigrascloud','oc_account_terms',127553488086640,NULL,NULL,NULL,NULL),('TABLE','cigrascloud','oc_activity_mq',127553487413824,NULL,NULL,NULL,NULL),('TABLE','cigrascloud','oc_comments',127553498179568,NULL,NULL,NULL,NULL),('TABLE','cigrascloud','oc_comments_read_markers',127553497146032,NULL,NULL,NULL,NULL),('TABLE','cigrascloud','oc_vcategory',127553496829824,NULL,NULL,NULL,NULL),('TABLE','cigrascloud','oc_vcategory_to_object',127553497237872,NULL,NULL,NULL,NULL),('TABLE','cigrascloud','oc_comments',127552964447728,NULL,NULL,NULL,NULL),('TABLE','cigrascloud','oc_comments_read_markers',127552964491776,NULL,NULL,NULL,NULL),('TABLE','cigrascloud','oc_vcategory',127552965229312,NULL,NULL,NULL,NULL),('TABLE','cigrascloud','oc_vcategory_to_object',127552965248240,NULL,NULL,NULL,NULL),('TABLE','sys','sys_config',127553088491728,NULL,NULL,NULL,NULL),('TABLE','cigrascloud','oc_addressbookchanges',127553491365120,NULL,NULL,NULL,NULL),('TABLE','cigrascloud','oc_addressbooks',127553489495008,NULL,NULL,NULL,NULL),('TABLE','cigrascloud','oc_calendarchanges',127553503191872,NULL,NULL,NULL,NULL),('TABLE','cigrascloud','oc_calendarobjects',127553497569984,NULL,NULL,NULL,NULL),('TABLE','cigrascloud','oc_calendars',127553495103520,NULL,NULL,NULL,NULL),('TABLE','cigrascloud','oc_calendarsubscriptions',127553495375760,NULL,NULL,NULL,NULL),('TABLE','cigrascloud','oc_cards',127553495887008,NULL,NULL,NULL,NULL),('TABLE','cigrascloud','oc_cards_properties',127553492834256,NULL,NULL,NULL,NULL),('TABLE','cigrascloud','oc_credentials',127553498014944,NULL,NULL,NULL,NULL),('TABLE','cigrascloud','oc_dav_job_status',127553503661696,NULL,NULL,NULL,NULL),('TABLE','cigrascloud','oc_dav_properties',127553493944928,NULL,NULL,NULL,NULL),('TABLE','cigrascloud','oc_dav_shares',127553506115568,NULL,NULL,NULL,NULL),('TABLE','cigrascloud','oc_external_config',127553503876688,NULL,NULL,NULL,NULL),('TABLE','cigrascloud','oc_external_options',127553496520912,NULL,NULL,NULL,NULL),('TABLE','cigrascloud','oc_federated_reshares',127553504100976,NULL,NULL,NULL,NULL),('TABLE','cigrascloud','oc_files_trash',127553489649184,NULL,NULL,NULL,NULL),('TABLE','cigrascloud','oc_migrations',127553487293120,NULL,NULL,NULL,NULL),('TABLE','cigrascloud','oc_files_trash',127552964897808,NULL,NULL,NULL,NULL),('TABLE','cigrascloud','oc_group_admin',127552962981680,NULL,NULL,NULL,NULL),('TABLE','cigrascloud','oc_privatedata',127553502470576,NULL,NULL,NULL,NULL),('TABLE','cigrascloud','oc_schedulingobjects',127553492407952,NULL,NULL,NULL,NULL),('TABLE','cigrascloud','oc_systemtag',127553499312816,NULL,NULL,NULL,NULL),('TABLE','cigrascloud','oc_systemtag_group',127553495309312,NULL,NULL,NULL,NULL),('TABLE','cigrascloud','oc_systemtag_object_mapping',127553493875920,NULL,NULL,NULL,NULL),('TABLE','cigrascloud','oc_trusted_servers',127553497102064,NULL,NULL,NULL,NULL),('TABLE','cigrascloud','oc_group_admin',127552078292896,NULL,NULL,NULL,NULL),('TABLE','sys','sys_config',127553493442144,NULL,NULL,NULL,NULL),('TABLE','cigrascloud','oc_comments',127553086956272,NULL,NULL,NULL,NULL),('TABLE','cigrascloud','oc_comments_read_markers',127553090951360,NULL,NULL,NULL,NULL),('TABLE','cigrascloud','oc_vcategory',127553085437920,NULL,NULL,NULL,NULL),('TABLE','cigrascloud','oc_vcategory_to_object',127553085983776,NULL,NULL,NULL,NULL),('TABLE','cigrascloud','oc_jobs',127552277582512,NULL,NULL,NULL,NULL),('TABLE','cigrascloud','oc_activity',127552279180688,NULL,NULL,NULL,NULL),('TABLE','cigrascloud','oc_account_terms',127553496963568,NULL,NULL,NULL,NULL),('TABLE','cigrascloud','oc_activity_mq',127553504512992,NULL,NULL,NULL,NULL),('TABLE','cigrascloud','oc_addressbookchanges',127553491560592,NULL,NULL,NULL,NULL),('TABLE','cigrascloud','oc_addressbooks',127553496429856,NULL,NULL,NULL,NULL),('TABLE','cigrascloud','oc_calendarchanges',127553492615296,NULL,NULL,NULL,NULL),('TABLE','cigrascloud','oc_calendarobjects',127553491509632,NULL,NULL,NULL,NULL),('TABLE','cigrascloud','oc_calendars',127553493019280,NULL,NULL,NULL,NULL),('TABLE','cigrascloud','oc_calendarsubscriptions',127553492106800,NULL,NULL,NULL,NULL),('TABLE','cigrascloud','oc_cards',127553501418416,NULL,NULL,NULL,NULL),('TABLE','cigrascloud','oc_cards_properties',127553490497664,NULL,NULL,NULL,NULL),('TABLE','cigrascloud','oc_credentials',127553491004704,NULL,NULL,NULL,NULL),('TABLE','cigrascloud','oc_dav_job_status',127553501219008,NULL,NULL,NULL,NULL),('TABLE','cigrascloud','oc_dav_properties',127553491418240,NULL,NULL,NULL,NULL),('TABLE','cigrascloud','oc_dav_shares',127553501868000,NULL,NULL,NULL,NULL),('TABLE','cigrascloud','oc_external_config',127553496376800,NULL,NULL,NULL,NULL),('TABLE','cigrascloud','oc_external_options',127553497049696,NULL,NULL,NULL,NULL),('TABLE','cigrascloud','oc_federated_reshares',127553491471216,NULL,NULL,NULL,NULL),('TABLE','cigrascloud','oc_files_trash',127553503297072,NULL,NULL,NULL,NULL),('TABLE','cigrascloud','oc_migrations',127553494761696,NULL,NULL,NULL,NULL),('TABLE','cigrascloud','oc_privatedata',127553496366048,NULL,NULL,NULL,NULL),('TABLE','sys','sys_config',127553594626192,NULL,NULL,NULL,NULL),('TABLE','cigrascloud','oc_schedulingobjects',127553501225888,NULL,NULL,NULL,NULL),('TABLE','cigrascloud','oc_systemtag',127553499037696,NULL,NULL,NULL,NULL),('TABLE','cigrascloud','oc_systemtag_group',127553501148992,NULL,NULL,NULL,NULL),('TABLE','cigrascloud','oc_comments',127553093816864,NULL,NULL,NULL,NULL),('TABLE','cigrascloud','oc_comments_read_markers',127553085855104,NULL,NULL,NULL,NULL),('TABLE','cigrascloud','oc_vcategory',127553093895184,NULL,NULL,NULL,NULL),('TABLE','cigrascloud','oc_vcategory_to_object',127553090637888,NULL,NULL,NULL,NULL),('TABLE','cigrascloud','oc_filecache',127553093780864,NULL,NULL,NULL,NULL),('TABLE','cigrascloud','oc_systemtag_object_mapping',127553506078416,NULL,NULL,NULL,NULL),('TABLE','cigrascloud','oc_comments',127553091633104,NULL,NULL,NULL,NULL),('TABLE','cigrascloud','oc_comments_read_markers',127553088276368,NULL,NULL,NULL,NULL),('TABLE','cigrascloud','oc_vcategory',127553087911568,NULL,NULL,NULL,NULL),('TABLE','cigrascloud','oc_vcategory_to_object',127553092395904,NULL,NULL,NULL,NULL),('TABLE','cigrascloud','oc_trusted_servers',127553491577376,NULL,NULL,NULL,NULL),('TABLE','cigrascloud','oc_account_terms',127552275023408,NULL,NULL,NULL,NULL),('TABLE','cigrascloud','oc_activity_mq',127552278474256,NULL,NULL,NULL,NULL),('TABLE','cigrascloud','oc_addressbookchanges',127552276325072,NULL,NULL,NULL,NULL),('TABLE','cigrascloud','oc_files_trash',127552962950144,NULL,NULL,NULL,NULL),('TABLE','cigrascloud','oc_addressbooks',127552277086480,NULL,NULL,NULL,NULL),('TABLE','cigrascloud','oc_calendarchanges',127552277072864,NULL,NULL,NULL,NULL),('TABLE','cigrascloud','oc_calendarobjects',127552275528576,NULL,NULL,NULL,NULL),('TABLE','cigrascloud','oc_calendars',127552278188224,NULL,NULL,NULL,NULL),('TABLE','cigrascloud','oc_calendarsubscriptions',127552279144336,NULL,NULL,NULL,NULL),('TABLE','cigrascloud','oc_cards',127552277809824,NULL,NULL,NULL,NULL),('TABLE','cigrascloud','oc_cards_properties',127552276892976,NULL,NULL,NULL,NULL),('TABLE','cigrascloud','oc_credentials',127552274620816,NULL,NULL,NULL,NULL),('TABLE','cigrascloud','oc_dav_job_status',127552277994416,NULL,NULL,NULL,NULL),('TABLE','cigrascloud','oc_dav_properties',127552278741968,NULL,NULL,NULL,NULL),('TABLE','cigrascloud','oc_comments',127553089151808,NULL,NULL,NULL,NULL),('TABLE','cigrascloud','oc_comments_read_markers',127553092183360,NULL,NULL,NULL,NULL),('TABLE','cigrascloud','oc_dav_shares',127552279002928,NULL,NULL,NULL,NULL),('TABLE','cigrascloud','oc_external_config',127552278176976,NULL,NULL,NULL,NULL),('TABLE','cigrascloud','oc_external_options',127552275920208,NULL,NULL,NULL,NULL),('TABLE','cigrascloud','oc_federated_reshares',127552275481552,NULL,NULL,NULL,NULL),('TABLE','cigrascloud','oc_files_trash',127552279043344,NULL,NULL,NULL,NULL),('TABLE','cigrascloud','oc_migrations',127552276912448,NULL,NULL,NULL,NULL),('TABLE','cigrascloud','oc_privatedata',127552275122896,NULL,NULL,NULL,NULL),('TABLE','cigrascloud','oc_schedulingobjects',127552279150656,NULL,NULL,NULL,NULL),('TABLE','cigrascloud','oc_systemtag',127552279665024,NULL,NULL,NULL,NULL),('TABLE','cigrascloud','oc_systemtag_group',127552277150688,NULL,NULL,NULL,NULL),('TABLE','cigrascloud','oc_systemtag_object_mapping',127552277043616,NULL,NULL,NULL,NULL),('TABLE','cigrascloud','oc_trusted_servers',127552276012592,NULL,NULL,NULL,NULL),('TABLE','cigrascloud','oc_vcategory',127553092540656,NULL,NULL,NULL,NULL),('TABLE','cigrascloud','oc_vcategory_to_object',127553092143024,NULL,NULL,NULL,NULL),('TABLE','sys','sys_config',127552274771632,NULL,NULL,NULL,NULL),('TABLE','cigrascloud','oc_comments',127553594656608,NULL,NULL,NULL,NULL),('TABLE','cigrascloud','oc_comments_read_markers',127553594662448,NULL,NULL,NULL,NULL),('TABLE','cigrascloud','oc_vcategory',127553596734544,NULL,NULL,NULL,NULL),('TABLE','cigrascloud','oc_vcategory_to_object',127553597494256,NULL,NULL,NULL,NULL),('TABLE','sys','sys_config',127552074073200,NULL,NULL,NULL,NULL),('TABLE','cigrascloud','oc_account_terms',127552141318144,NULL,NULL,NULL,NULL),('TABLE','sys','sys_config',127552143186576,NULL,NULL,NULL,NULL),('TABLE','cigrascloud','oc_group_admin',127553093728272,NULL,NULL,NULL,NULL),('TABLE','cigrascloud','oc_comments',127552274442608,NULL,NULL,NULL,NULL),('TABLE','cigrascloud','oc_comments_read_markers',127552276740768,NULL,NULL,NULL,NULL),('TABLE','cigrascloud','oc_vcategory',127552276746720,NULL,NULL,NULL,NULL),('TABLE','cigrascloud','oc_vcategory_to_object',127552274946704,NULL,NULL,NULL,NULL),('TABLE','sys','sys_config',127552142962864,NULL,NULL,NULL,NULL),('TABLE','cigrascloud','oc_group_admin',127553493126976,NULL,NULL,NULL,NULL),('TABLE','cigrascloud','oc_activity_mq',127553082046064,NULL,NULL,NULL,NULL),('TABLE','cigrascloud','oc_addressbookchanges',127553088803248,NULL,NULL,NULL,NULL),('TABLE','cigrascloud','oc_addressbooks',127553087836912,NULL,NULL,NULL,NULL),('TABLE','cigrascloud','oc_calendarchanges',127553090198096,NULL,NULL,NULL,NULL),('TABLE','cigrascloud','oc_calendarobjects',127553082305760,NULL,NULL,NULL,NULL),('TABLE','cigrascloud','oc_calendars',127553086931360,NULL,NULL,NULL,NULL),('TABLE','cigrascloud','oc_calendarsubscriptions',127553093773120,NULL,NULL,NULL,NULL),('TABLE','cigrascloud','oc_cards',127553083488256,NULL,NULL,NULL,NULL),('TABLE','cigrascloud','oc_cards_properties',127553083808160,NULL,NULL,NULL,NULL),('TABLE','cigrascloud','oc_credentials',127553086157872,NULL,NULL,NULL,NULL),('TABLE','cigrascloud','oc_dav_job_status',127553081431632,NULL,NULL,NULL,NULL),('TABLE','cigrascloud','oc_dav_properties',127553083710928,NULL,NULL,NULL,NULL),('TABLE','cigrascloud','oc_dav_shares',127553083638528,NULL,NULL,NULL,NULL),('TABLE','cigrascloud','oc_external_config',127553082595792,NULL,NULL,NULL,NULL),('TABLE','cigrascloud','oc_external_options',127553082907424,NULL,NULL,NULL,NULL),('TABLE','cigrascloud','oc_federated_reshares',127553081851056,NULL,NULL,NULL,NULL),('TABLE','cigrascloud','oc_migrations',127553085411360,NULL,NULL,NULL,NULL),('TABLE','cigrascloud','oc_privatedata',127553087786896,NULL,NULL,NULL,NULL),('TABLE','cigrascloud','oc_schedulingobjects',127553083356448,NULL,NULL,NULL,NULL),('TABLE','cigrascloud','oc_systemtag',127553091994128,NULL,NULL,NULL,NULL),('TABLE','cigrascloud','oc_systemtag_group',127553084456256,NULL,NULL,NULL,NULL),('TABLE','cigrascloud','oc_systemtag_object_mapping',127553081985600,NULL,NULL,NULL,NULL),('TABLE','cigrascloud','oc_trusted_servers',127553083069136,NULL,NULL,NULL,NULL),('TABLE','cigrascloud','oc_comments',127552078073984,NULL,NULL,NULL,NULL),('TABLE','cigrascloud','oc_comments_read_markers',127552075262432,NULL,NULL,NULL,NULL),('TABLE','cigrascloud','oc_jobs',127552073877024,NULL,NULL,NULL,NULL),('TABLE','cigrascloud','oc_persistent_locks',127552077244864,NULL,NULL,NULL,NULL),('TABLE','cigrascloud','oc_vcategory',127552078824928,NULL,NULL,NULL,NULL),('TABLE','cigrascloud','oc_vcategory_to_object',127552079485200,NULL,NULL,NULL,NULL),('TABLE','cigrascloud','oc_jobs',127552077733728,NULL,NULL,NULL,NULL),('TABLE','cigrascloud','oc_preferences',127552278280544,NULL,NULL,NULL,NULL),('TABLE','sys','sys_config',127553081505712,NULL,NULL,NULL,NULL),('TABLE','cigrascloud','oc_filecache',127552075925328,NULL,NULL,NULL,NULL),('TABLE','cigrascloud','oc_account_terms',127552077292000,NULL,NULL,NULL,NULL),('TABLE','cigrascloud','oc_activity_mq',127552075445440,NULL,NULL,NULL,NULL),('TABLE','cigrascloud','oc_addressbookchanges',127552074922544,NULL,NULL,NULL,NULL),('TABLE','cigrascloud','oc_addressbooks',127552077376256,NULL,NULL,NULL,NULL),('TABLE','cigrascloud','oc_calendarchanges',127552073233920,NULL,NULL,NULL,NULL),('TABLE','cigrascloud','oc_calendarobjects',127552074222800,NULL,NULL,NULL,NULL),('TABLE','cigrascloud','oc_calendars',127552076192480,NULL,NULL,NULL,NULL),('TABLE','cigrascloud','oc_calendarsubscriptions',127552077857488,NULL,NULL,NULL,NULL),('TABLE','cigrascloud','oc_cards',127552073764720,NULL,NULL,NULL,NULL),('TABLE','cigrascloud','oc_cards_properties',127552073261312,NULL,NULL,NULL,NULL),('TABLE','cigrascloud','oc_credentials',127552080169264,NULL,NULL,NULL,NULL),('TABLE','cigrascloud','oc_dav_job_status',127552078147040,NULL,NULL,NULL,NULL),('TABLE','cigrascloud','oc_dav_properties',127552080006416,NULL,NULL,NULL,NULL),('TABLE','cigrascloud','oc_dav_shares',127552079613008,NULL,NULL,NULL,NULL),('TABLE','cigrascloud','oc_external_config',127552079052784,NULL,NULL,NULL,NULL),('TABLE','cigrascloud','oc_external_options',127552080074336,NULL,NULL,NULL,NULL),('TABLE','cigrascloud','oc_federated_reshares',127552080286880,NULL,NULL,NULL,NULL),('TABLE','cigrascloud','oc_files_trash',127552080089328,NULL,NULL,NULL,NULL),('TABLE','cigrascloud','oc_migrations',127552078633952,NULL,NULL,NULL,NULL),('TABLE','cigrascloud','oc_privatedata',127552073365088,NULL,NULL,NULL,NULL),('TABLE','cigrascloud','oc_schedulingobjects',127552078702288,NULL,NULL,NULL,NULL),('TABLE','cigrascloud','oc_systemtag',127552074969664,NULL,NULL,NULL,NULL),('TABLE','cigrascloud','oc_systemtag_group',127552075564032,NULL,NULL,NULL,NULL),('TABLE','cigrascloud','oc_systemtag_object_mapping',127552078066160,NULL,NULL,NULL,NULL),('TABLE','cigrascloud','oc_trusted_servers',127552073149488,NULL,NULL,NULL,NULL);

--
-- Table structure for table `table_io_waits_summary_by_index_usage`
--

CREATE TABLE `table_io_waits_summary_by_index_usage` (
  `OBJECT_TYPE` varchar(64) DEFAULT NULL,
  `OBJECT_SCHEMA` varchar(64) DEFAULT NULL,
  `OBJECT_NAME` varchar(64) DEFAULT NULL,
  `INDEX_NAME` varchar(64) DEFAULT NULL,
  `COUNT_STAR` bigint unsigned NOT NULL,
  `SUM_TIMER_WAIT` bigint unsigned NOT NULL,
  `MIN_TIMER_WAIT` bigint unsigned NOT NULL,
  `AVG_TIMER_WAIT` bigint unsigned NOT NULL,
  `MAX_TIMER_WAIT` bigint unsigned NOT NULL,
  `COUNT_READ` bigint unsigned NOT NULL,
  `SUM_TIMER_READ` bigint unsigned NOT NULL,
  `MIN_TIMER_READ` bigint unsigned NOT NULL,
  `AVG_TIMER_READ` bigint unsigned NOT NULL,
  `MAX_TIMER_READ` bigint unsigned NOT NULL,
  `COUNT_WRITE` bigint unsigned NOT NULL,
  `SUM_TIMER_WRITE` bigint unsigned NOT NULL,
  `MIN_TIMER_WRITE` bigint unsigned NOT NULL,
  `AVG_TIMER_WRITE` bigint unsigned NOT NULL,
  `MAX_TIMER_WRITE` bigint unsigned NOT NULL,
  `COUNT_FETCH` bigint unsigned NOT NULL,
  `SUM_TIMER_FETCH` bigint unsigned NOT NULL,
  `MIN_TIMER_FETCH` bigint unsigned NOT NULL,
  `AVG_TIMER_FETCH` bigint unsigned NOT NULL,
  `MAX_TIMER_FETCH` bigint unsigned NOT NULL,
  `COUNT_INSERT` bigint unsigned NOT NULL,
  `SUM_TIMER_INSERT` bigint unsigned NOT NULL,
  `MIN_TIMER_INSERT` bigint unsigned NOT NULL,
  `AVG_TIMER_INSERT` bigint unsigned NOT NULL,
  `MAX_TIMER_INSERT` bigint unsigned NOT NULL,
  `COUNT_UPDATE` bigint unsigned NOT NULL,
  `SUM_TIMER_UPDATE` bigint unsigned NOT NULL,
  `MIN_TIMER_UPDATE` bigint unsigned NOT NULL,
  `AVG_TIMER_UPDATE` bigint unsigned NOT NULL,
  `MAX_TIMER_UPDATE` bigint unsigned NOT NULL,
  `COUNT_DELETE` bigint unsigned NOT NULL,
  `SUM_TIMER_DELETE` bigint unsigned NOT NULL,
  `MIN_TIMER_DELETE` bigint unsigned NOT NULL,
  `AVG_TIMER_DELETE` bigint unsigned NOT NULL,
  `MAX_TIMER_DELETE` bigint unsigned NOT NULL,
  UNIQUE KEY `OBJECT` (`OBJECT_TYPE`,`OBJECT_SCHEMA`,`OBJECT_NAME`,`INDEX_NAME`)
) ENGINE=PERFORMANCE_SCHEMA DEFAULT CHARSET=utf8mb4 COLLATE=utf8mb4_0900_ai_ci;

--
-- Dumping data for table `table_io_waits_summary_by_index_usage`
--

INSERT INTO `table_io_waits_summary_by_index_usage` VALUES ('TABLE','mysql','schemata','PRIMARY',0,0,0,0,0,0,0,0,0,0,0,0,0,0,0,0,0,0,0,0,0,0,0,0,0,0,0,0,0,0,0,0,0,0,0),('TABLE','mysql','schemata','catalog_id',0,0,0,0,0,0,0,0,0,0,0,0,0,0,0,0,0,0,0,0,0,0,0,0,0,0,0,0,0,0,0,0,0,0,0),('TABLE','mysql','schemata','default_collation_id',0,0,0,0,0,0,0,0,0,0,0,0,0,0,0,0,0,0,0,0,0,0,0,0,0,0,0,0,0,0,0,0,0,0,0),('TABLE','mysql','tablespace_files','tablespace_id',0,0,0,0,0,0,0,0,0,0,0,0,0,0,0,0,0,0,0,0,0,0,0,0,0,0,0,0,0,0,0,0,0,0,0),('TABLE','mysql','tablespace_files','file_name',0,0,0,0,0,0,0,0,0,0,0,0,0,0,0,0,0,0,0,0,0,0,0,0,0,0,0,0,0,0,0,0,0,0,0),('TABLE','mysql','tablespaces','PRIMARY',0,0,0,0,0,0,0,0,0,0,0,0,0,0,0,0,0,0,0,0,0,0,0,0,0,0,0,0,0,0,0,0,0,0,0),('TABLE','mysql','tablespaces','name',0,0,0,0,0,0,0,0,0,0,0,0,0,0,0,0,0,0,0,0,0,0,0,0,0,0,0,0,0,0,0,0,0,0,0),('TABLE','mysql','check_constraints','PRIMARY',0,0,0,0,0,0,0,0,0,0,0,0,0,0,0,0,0,0,0,0,0,0,0,0,0,0,0,0,0,0,0,0,0,0,0),('TABLE','mysql','check_constraints','schema_id',0,0,0,0,0,0,0,0,0,0,0,0,0,0,0,0,0,0,0,0,0,0,0,0,0,0,0,0,0,0,0,0,0,0,0),('TABLE','mysql','check_constraints','table_id',0,0,0,0,0,0,0,0,0,0,0,0,0,0,0,0,0,0,0,0,0,0,0,0,0,0,0,0,0,0,0,0,0,0,0),('TABLE','mysql','column_type_elements','PRIMARY',0,0,0,0,0,0,0,0,0,0,0,0,0,0,0,0,0,0,0,0,0,0,0,0,0,0,0,0,0,0,0,0,0,0,0),('TABLE','mysql','columns','PRIMARY',0,0,0,0,0,0,0,0,0,0,0,0,0,0,0,0,0,0,0,0,0,0,0,0,0,0,0,0,0,0,0,0,0,0,0),('TABLE','mysql','columns','table_id',0,0,0,0,0,0,0,0,0,0,0,0,0,0,0,0,0,0,0,0,0,0,0,0,0,0,0,0,0,0,0,0,0,0,0),('TABLE','mysql','columns','table_id_2',0,0,0,0,0,0,0,0,0,0,0,0,0,0,0,0,0,0,0,0,0,0,0,0,0,0,0,0,0,0,0,0,0,0,0),('TABLE','mysql','columns','collation_id',0,0,0,0,0,0,0,0,0,0,0,0,0,0,0,0,0,0,0,0,0,0,0,0,0,0,0,0,0,0,0,0,0,0,0),('TABLE','mysql','columns','srs_id',0,0,0,0,0,0,0,0,0,0,0,0,0,0,0,0,0,0,0,0,0,0,0,0,0,0,0,0,0,0,0,0,0,0,0),('TABLE','mysql','foreign_key_column_usage','PRIMARY',0,0,0,0,0,0,0,0,0,0,0,0,0,0,0,0,0,0,0,0,0,0,0,0,0,0,0,0,0,0,0,0,0,0,0),('TABLE','mysql','foreign_key_column_usage','foreign_key_id',0,0,0,0,0,0,0,0,0,0,0,0,0,0,0,0,0,0,0,0,0,0,0,0,0,0,0,0,0,0,0,0,0,0,0),('TABLE','mysql','foreign_key_column_usage','column_id',0,0,0,0,0,0,0,0,0,0,0,0,0,0,0,0,0,0,0,0,0,0,0,0,0,0,0,0,0,0,0,0,0,0,0),('TABLE','mysql','foreign_keys','PRIMARY',0,0,0,0,0,0,0,0,0,0,0,0,0,0,0,0,0,0,0,0,0,0,0,0,0,0,0,0,0,0,0,0,0,0,0),('TABLE','mysql','foreign_keys','schema_id',0,0,0,0,0,0,0,0,0,0,0,0,0,0,0,0,0,0,0,0,0,0,0,0,0,0,0,0,0,0,0,0,0,0,0),('TABLE','mysql','foreign_keys','table_id',0,0,0,0,0,0,0,0,0,0,0,0,0,0,0,0,0,0,0,0,0,0,0,0,0,0,0,0,0,0,0,0,0,0,0),('TABLE','mysql','foreign_keys','referenced_table_catalog',0,0,0,0,0,0,0,0,0,0,0,0,0,0,0,0,0,0,0,0,0,0,0,0,0,0,0,0,0,0,0,0,0,0,0),('TABLE','mysql','index_column_usage','index_id',0,0,0,0,0,0,0,0,0,0,0,0,0,0,0,0,0,0,0,0,0,0,0,0,0,0,0,0,0,0,0,0,0,0,0),('TABLE','mysql','index_column_usage','index_id_2',0,0,0,0,0,0,0,0,0,0,0,0,0,0,0,0,0,0,0,0,0,0,0,0,0,0,0,0,0,0,0,0,0,0,0),('TABLE','mysql','index_column_usage','column_id',0,0,0,0,0,0,0,0,0,0,0,0,0,0,0,0,0,0,0,0,0,0,0,0,0,0,0,0,0,0,0,0,0,0,0),('TABLE','mysql','index_partitions','PRIMARY',0,0,0,0,0,0,0,0,0,0,0,0,0,0,0,0,0,0,0,0,0,0,0,0,0,0,0,0,0,0,0,0,0,0,0),('TABLE','mysql','index_partitions','index_id',0,0,0,0,0,0,0,0,0,0,0,0,0,0,0,0,0,0,0,0,0,0,0,0,0,0,0,0,0,0,0,0,0,0,0),('TABLE','mysql','index_partitions','tablespace_id',0,0,0,0,0,0,0,0,0,0,0,0,0,0,0,0,0,0,0,0,0,0,0,0,0,0,0,0,0,0,0,0,0,0,0),('TABLE','mysql','indexes','PRIMARY',0,0,0,0,0,0,0,0,0,0,0,0,0,0,0,0,0,0,0,0,0,0,0,0,0,0,0,0,0,0,0,0,0,0,0),('TABLE','mysql','indexes','table_id',0,0,0,0,0,0,0,0,0,0,0,0,0,0,0,0,0,0,0,0,0,0,0,0,0,0,0,0,0,0,0,0,0,0,0),('TABLE','mysql','indexes','tablespace_id',0,0,0,0,0,0,0,0,0,0,0,0,0,0,0,0,0,0,0,0,0,0,0,0,0,0,0,0,0,0,0,0,0,0,0),('TABLE','mysql','table_partition_values','PRIMARY',0,0,0,0,0,0,0,0,0,0,0,0,0,0,0,0,0,0,0,0,0,0,0,0,0,0,0,0,0,0,0,0,0,0,0),('TABLE','mysql','table_partitions','PRIMARY',0,0,0,0,0,0,0,0,0,0,0,0,0,0,0,0,0,0,0,0,0,0,0,0,0,0,0,0,0,0,0,0,0,0,0),('TABLE','mysql','table_partitions','table_id',0,0,0,0,0,0,0,0,0,0,0,0,0,0,0,0,0,0,0,0,0,0,0,0,0,0,0,0,0,0,0,0,0,0,0),('TABLE','mysql','table_partitions','table_id_2',0,0,0,0,0,0,0,0,0,0,0,0,0,0,0,0,0,0,0,0,0,0,0,0,0,0,0,0,0,0,0,0,0,0,0),('TABLE','mysql','table_partitions','engine',0,0,0,0,0,0,0,0,0,0,0,0,0,0,0,0,0,0,0,0,0,0,0,0,0,0,0,0,0,0,0,0,0,0,0),('TABLE','mysql','table_partitions','engine_2',0,0,0,0,0,0,0,0,0,0,0,0,0,0,0,0,0,0,0,0,0,0,0,0,0,0,0,0,0,0,0,0,0,0,0),('TABLE','mysql','table_partitions','tablespace_id',0,0,0,0,0,0,0,0,0,0,0,0,0,0,0,0,0,0,0,0,0,0,0,0,0,0,0,0,0,0,0,0,0,0,0),('TABLE','mysql','table_partitions','parent_partition_id',0,0,0,0,0,0,0,0,0,0,0,0,0,0,0,0,0,0,0,0,0,0,0,0,0,0,0,0,0,0,0,0,0,0,0),('TABLE','mysql','tables','PRIMARY',0,0,0,0,0,0,0,0,0,0,0,0,0,0,0,0,0,0,0,0,0,0,0,0,0,0,0,0,0,0,0,0,0,0,0),('TABLE','mysql','tables','schema_id',0,0,0,0,0,0,0,0,0,0,0,0,0,0,0,0,0,0,0,0,0,0,0,0,0,0,0,0,0,0,0,0,0,0,0),('TABLE','mysql','tables','engine',0,0,0,0,0,0,0,0,0,0,0,0,0,0,0,0,0,0,0,0,0,0,0,0,0,0,0,0,0,0,0,0,0,0,0),('TABLE','mysql','tables','engine_2',0,0,0,0,0,0,0,0,0,0,0,0,0,0,0,0,0,0,0,0,0,0,0,0,0,0,0,0,0,0,0,0,0,0,0),('TABLE','mysql','tables','collation_id',0,0,0,0,0,0,0,0,0,0,0,0,0,0,0,0,0,0,0,0,0,0,0,0,0,0,0,0,0,0,0,0,0,0,0),('TABLE','mysql','tables','tablespace_id',0,0,0,0,0,0,0,0,0,0,0,0,0,0,0,0,0,0,0,0,0,0,0,0,0,0,0,0,0,0,0,0,0,0,0),('TABLE','mysql','tables','type',0,0,0,0,0,0,0,0,0,0,0,0,0,0,0,0,0,0,0,0,0,0,0,0,0,0,0,0,0,0,0,0,0,0,0),('TABLE','mysql','tables','view_client_collation_id',0,0,0,0,0,0,0,0,0,0,0,0,0,0,0,0,0,0,0,0,0,0,0,0,0,0,0,0,0,0,0,0,0,0,0),('TABLE','mysql','tables','view_connection_collation_id',0,0,0,0,0,0,0,0,0,0,0,0,0,0,0,0,0,0,0,0,0,0,0,0,0,0,0,0,0,0,0,0,0,0,0),('TABLE','mysql','tables','type_2',0,0,0,0,0,0,0,0,0,0,0,0,0,0,0,0,0,0,0,0,0,0,0,0,0,0,0,0,0,0,0,0,0,0,0),('TABLE','mysql','triggers','PRIMARY',0,0,0,0,0,0,0,0,0,0,0,0,0,0,0,0,0,0,0,0,0,0,0,0,0,0,0,0,0,0,0,0,0,0,0),('TABLE','mysql','triggers','schema_id',0,0,0,0,0,0,0,0,0,0,0,0,0,0,0,0,0,0,0,0,0,0,0,0,0,0,0,0,0,0,0,0,0,0,0),('TABLE','mysql','triggers','table_id',0,0,0,0,0,0,0,0,0,0,0,0,0,0,0,0,0,0,0,0,0,0,0,0,0,0,0,0,0,0,0,0,0,0,0),('TABLE','mysql','triggers','client_collation_id',0,0,0,0,0,0,0,0,0,0,0,0,0,0,0,0,0,0,0,0,0,0,0,0,0,0,0,0,0,0,0,0,0,0,0),('TABLE','mysql','triggers','connection_collation_id',0,0,0,0,0,0,0,0,0,0,0,0,0,0,0,0,0,0,0,0,0,0,0,0,0,0,0,0,0,0,0,0,0,0,0),('TABLE','mysql','triggers','schema_collation_id',0,0,0,0,0,0,0,0,0,0,0,0,0,0,0,0,0,0,0,0,0,0,0,0,0,0,0,0,0,0,0,0,0,0,0),('TABLE','mysql','triggers','definer',0,0,0,0,0,0,0,0,0,0,0,0,0,0,0,0,0,0,0,0,0,0,0,0,0,0,0,0,0,0,0,0,0,0,0),('TABLE','mysql','view_routine_usage','PRIMARY',0,0,0,0,0,0,0,0,0,0,0,0,0,0,0,0,0,0,0,0,0,0,0,0,0,0,0,0,0,0,0,0,0,0,0),('TABLE','mysql','view_routine_usage','routine_catalog',0,0,0,0,0,0,0,0,0,0,0,0,0,0,0,0,0,0,0,0,0,0,0,0,0,0,0,0,0,0,0,0,0,0,0),('TABLE','mysql','view_table_usage','PRIMARY',0,0,0,0,0,0,0,0,0,0,0,0,0,0,0,0,0,0,0,0,0,0,0,0,0,0,0,0,0,0,0,0,0,0,0),('TABLE','mysql','view_table_usage','table_catalog',0,0,0,0,0,0,0,0,0,0,0,0,0,0,0,0,0,0,0,0,0,0,0,0,0,0,0,0,0,0,0,0,0,0,0),('TABLE','mysql','collations','PRIMARY',0,0,0,0,0,0,0,0,0,0,0,0,0,0,0,0,0,0,0,0,0,0,0,0,0,0,0,0,0,0,0,0,0,0,0),('TABLE','mysql','collations','name',0,0,0,0,0,0,0,0,0,0,0,0,0,0,0,0,0,0,0,0,0,0,0,0,0,0,0,0,0,0,0,0,0,0,0),('TABLE','mysql','collations','character_set_id',0,0,0,0,0,0,0,0,0,0,0,0,0,0,0,0,0,0,0,0,0,0,0,0,0,0,0,0,0,0,0,0,0,0,0),('TABLE','mysql','character_sets','PRIMARY',0,0,0,0,0,0,0,0,0,0,0,0,0,0,0,0,0,0,0,0,0,0,0,0,0,0,0,0,0,0,0,0,0,0,0),('TABLE','mysql','character_sets','name',0,0,0,0,0,0,0,0,0,0,0,0,0,0,0,0,0,0,0,0,0,0,0,0,0,0,0,0,0,0,0,0,0,0,0),('TABLE','mysql','character_sets','default_collation_id',0,0,0,0,0,0,0,0,0,0,0,0,0,0,0,0,0,0,0,0,0,0,0,0,0,0,0,0,0,0,0,0,0,0,0),('TABLE','mysql','plugin','PRIMARY',0,0,0,0,0,0,0,0,0,0,0,0,0,0,0,0,0,0,0,0,0,0,0,0,0,0,0,0,0,0,0,0,0,0,0),('TABLE','mysql','server_cost','PRIMARY',0,0,0,0,0,0,0,0,0,0,0,0,0,0,0,0,0,0,0,0,0,0,0,0,0,0,0,0,0,0,0,0,0,0,0),('TABLE','mysql','engine_cost','PRIMARY',0,0,0,0,0,0,0,0,0,0,0,0,0,0,0,0,0,0,0,0,0,0,0,0,0,0,0,0,0,0,0,0,0,0,0),('TABLE','mysql','resource_groups','PRIMARY',0,0,0,0,0,0,0,0,0,0,0,0,0,0,0,0,0,0,0,0,0,0,0,0,0,0,0,0,0,0,0,0,0,0,0),('TABLE','mysql','resource_groups','resource_group_name',0,0,0,0,0,0,0,0,0,0,0,0,0,0,0,0,0,0,0,0,0,0,0,0,0,0,0,0,0,0,0,0,0,0,0),('TABLE','mysql','gtid_executed','PRIMARY',0,0,0,0,0,0,0,0,0,0,0,0,0,0,0,0,0,0,0,0,0,0,0,0,0,0,0,0,0,0,0,0,0,0,0),('TABLE','mysql','index_stats','schema_name',0,0,0,0,0,0,0,0,0,0,0,0,0,0,0,0,0,0,0,0,0,0,0,0,0,0,0,0,0,0,0,0,0,0,0),('TABLE','mysql','table_stats','PRIMARY',0,0,0,0,0,0,0,0,0,0,0,0,0,0,0,0,0,0,0,0,0,0,0,0,0,0,0,0,0,0,0,0,0,0,0),('TABLE','mysql','component','PRIMARY',0,0,0,0,0,0,0,0,0,0,0,0,0,0,0,0,0,0,0,0,0,0,0,0,0,0,0,0,0,0,0,0,0,0,0),('TABLE','mysql','user','PRIMARY',0,0,0,0,0,0,0,0,0,0,0,0,0,0,0,0,0,0,0,0,0,0,0,0,0,0,0,0,0,0,0,0,0,0,0),('TABLE','mysql','db','PRIMARY',0,0,0,0,0,0,0,0,0,0,0,0,0,0,0,0,0,0,0,0,0,0,0,0,0,0,0,0,0,0,0,0,0,0,0),('TABLE','mysql','db','User',0,0,0,0,0,0,0,0,0,0,0,0,0,0,0,0,0,0,0,0,0,0,0,0,0,0,0,0,0,0,0,0,0,0,0),('TABLE','mysql','tables_priv','PRIMARY',0,0,0,0,0,0,0,0,0,0,0,0,0,0,0,0,0,0,0,0,0,0,0,0,0,0,0,0,0,0,0,0,0,0,0),('TABLE','mysql','tables_priv','Grantor',0,0,0,0,0,0,0,0,0,0,0,0,0,0,0,0,0,0,0,0,0,0,0,0,0,0,0,0,0,0,0,0,0,0,0),('TABLE','mysql','columns_priv','PRIMARY',0,0,0,0,0,0,0,0,0,0,0,0,0,0,0,0,0,0,0,0,0,0,0,0,0,0,0,0,0,0,0,0,0,0,0),('TABLE','mysql','procs_priv','PRIMARY',0,0,0,0,0,0,0,0,0,0,0,0,0,0,0,0,0,0,0,0,0,0,0,0,0,0,0,0,0,0,0,0,0,0,0),('TABLE','mysql','procs_priv','Grantor',0,0,0,0,0,0,0,0,0,0,0,0,0,0,0,0,0,0,0,0,0,0,0,0,0,0,0,0,0,0,0,0,0,0,0),('TABLE','mysql','proxies_priv','PRIMARY',0,0,0,0,0,0,0,0,0,0,0,0,0,0,0,0,0,0,0,0,0,0,0,0,0,0,0,0,0,0,0,0,0,0,0),('TABLE','mysql','proxies_priv','Grantor',0,0,0,0,0,0,0,0,0,0,0,0,0,0,0,0,0,0,0,0,0,0,0,0,0,0,0,0,0,0,0,0,0,0,0),('TABLE','mysql','role_edges','PRIMARY',0,0,0,0,0,0,0,0,0,0,0,0,0,0,0,0,0,0,0,0,0,0,0,0,0,0,0,0,0,0,0,0,0,0,0),('TABLE','mysql','default_roles','PRIMARY',0,0,0,0,0,0,0,0,0,0,0,0,0,0,0,0,0,0,0,0,0,0,0,0,0,0,0,0,0,0,0,0,0,0,0),('TABLE','mysql','global_grants','PRIMARY',0,0,0,0,0,0,0,0,0,0,0,0,0,0,0,0,0,0,0,0,0,0,0,0,0,0,0,0,0,0,0,0,0,0,0),('TABLE','mysql','password_history','PRIMARY',0,0,0,0,0,0,0,0,0,0,0,0,0,0,0,0,0,0,0,0,0,0,0,0,0,0,0,0,0,0,0,0,0,0,0),('TABLE','mysql','time_zone_leap_second','PRIMARY',0,0,0,0,0,0,0,0,0,0,0,0,0,0,0,0,0,0,0,0,0,0,0,0,0,0,0,0,0,0,0,0,0,0,0),('TABLE','mysql','time_zone_name','PRIMARY',0,0,0,0,0,0,0,0,0,0,0,0,0,0,0,0,0,0,0,0,0,0,0,0,0,0,0,0,0,0,0,0,0,0,0),('TABLE','mysql','time_zone','PRIMARY',0,0,0,0,0,0,0,0,0,0,0,0,0,0,0,0,0,0,0,0,0,0,0,0,0,0,0,0,0,0,0,0,0,0,0),('TABLE','mysql','time_zone_transition_type','PRIMARY',0,0,0,0,0,0,0,0,0,0,0,0,0,0,0,0,0,0,0,0,0,0,0,0,0,0,0,0,0,0,0,0,0,0,0),('TABLE','mysql','time_zone_transition','PRIMARY',0,0,0,0,0,0,0,0,0,0,0,0,0,0,0,0,0,0,0,0,0,0,0,0,0,0,0,0,0,0,0,0,0,0,0),('TABLE','mysql','servers','PRIMARY',0,0,0,0,0,0,0,0,0,0,0,0,0,0,0,0,0,0,0,0,0,0,0,0,0,0,0,0,0,0,0,0,0,0,0),('TABLE','mysql','func','PRIMARY',0,0,0,0,0,0,0,0,0,0,0,0,0,0,0,0,0,0,0,0,0,0,0,0,0,0,0,0,0,0,0,0,0,0,0),('TABLE','mysql','slave_master_info','PRIMARY',0,0,0,0,0,0,0,0,0,0,0,0,0,0,0,0,0,0,0,0,0,0,0,0,0,0,0,0,0,0,0,0,0,0,0),('TABLE','mysql','slave_relay_log_info','PRIMARY',0,0,0,0,0,0,0,0,0,0,0,0,0,0,0,0,0,0,0,0,0,0,0,0,0,0,0,0,0,0,0,0,0,0,0),('TABLE','mysql','slave_worker_info','PRIMARY',0,0,0,0,0,0,0,0,0,0,0,0,0,0,0,0,0,0,0,0,0,0,0,0,0,0,0,0,0,0,0,0,0,0,0),('TABLE','mysql','events','PRIMARY',0,0,0,0,0,0,0,0,0,0,0,0,0,0,0,0,0,0,0,0,0,0,0,0,0,0,0,0,0,0,0,0,0,0,0),('TABLE','mysql','events','schema_id',0,0,0,0,0,0,0,0,0,0,0,0,0,0,0,0,0,0,0,0,0,0,0,0,0,0,0,0,0,0,0,0,0,0,0),('TABLE','mysql','events','client_collation_id',0,0,0,0,0,0,0,0,0,0,0,0,0,0,0,0,0,0,0,0,0,0,0,0,0,0,0,0,0,0,0,0,0,0,0),('TABLE','mysql','events','connection_collation_id',0,0,0,0,0,0,0,0,0,0,0,0,0,0,0,0,0,0,0,0,0,0,0,0,0,0,0,0,0,0,0,0,0,0,0),('TABLE','mysql','events','schema_collation_id',0,0,0,0,0,0,0,0,0,0,0,0,0,0,0,0,0,0,0,0,0,0,0,0,0,0,0,0,0,0,0,0,0,0,0),('TABLE','mysql','events','definer',0,0,0,0,0,0,0,0,0,0,0,0,0,0,0,0,0,0,0,0,0,0,0,0,0,0,0,0,0,0,0,0,0,0,0),('TABLE','mysql','column_statistics','PRIMARY',0,0,0,0,0,0,0,0,0,0,0,0,0,0,0,0,0,0,0,0,0,0,0,0,0,0,0,0,0,0,0,0,0,0,0),('TABLE','mysql','column_statistics','catalog_id',0,0,0,0,0,0,0,0,0,0,0,0,0,0,0,0,0,0,0,0,0,0,0,0,0,0,0,0,0,0,0,0,0,0,0),('TABLE','mysql','column_statistics','catalog_id_2',0,0,0,0,0,0,0,0,0,0,0,0,0,0,0,0,0,0,0,0,0,0,0,0,0,0,0,0,0,0,0,0,0,0,0),('TABLE','cigrascloud','oc_appconfig','PRIMARY',0,0,0,0,0,0,0,0,0,0,0,0,0,0,0,0,0,0,0,0,0,0,0,0,0,0,0,0,0,0,0,0,0,0,0),('TABLE','cigrascloud','oc_appconfig','appconfig_config_key_index',0,0,0,0,0,0,0,0,0,0,0,0,0,0,0,0,0,0,0,0,0,0,0,0,0,0,0,0,0,0,0,0,0,0,0),('TABLE','cigrascloud','oc_appconfig','appconfig_appid_key',0,0,0,0,0,0,0,0,0,0,0,0,0,0,0,0,0,0,0,0,0,0,0,0,0,0,0,0,0,0,0,0,0,0,0),('TABLE','cigrascloud','oc_appconfig',NULL,140716310,293768589122073,69733584,2087352,19012569849,140716310,293768589122073,69733584,2087352,19012569849,0,0,0,0,0,140716310,293768589122073,69733584,2087352,19012569849,0,0,0,0,0,0,0,0,0,0,0,0,0,0,0),('TABLE','cigrascloud','oc_authtoken','PRIMARY',59104,41388547981662,12745440,700266051,361549731438,29552,7738659594063,12745440,261865845,361549731438,29552,33649888387599,15576912,1138666734,343576538865,29552,7738659594063,12745440,261865845,361549731438,0,0,0,0,0,29552,33649888387599,15576912,1138666734,343576538865,0,0,0,0,0),('TABLE','cigrascloud','oc_authtoken','authtoken_token_index',5531014,172723439936682,7217010,31227759,267383620728,5530369,172415751709167,7217010,31175766,267383620728,645,307688227515,42422472,477035775,162152942175,5530369,172415751709167,7217010,31175766,267383620728,0,0,0,0,0,0,0,0,0,0,645,307688227515,42422472,477035775,162152942175),('TABLE','cigrascloud','oc_authtoken','authtoken_last_activity_index',0,0,0,0,0,0,0,0,0,0,0,0,0,0,0,0,0,0,0,0,0,0,0,0,0,0,0,0,0,0,0,0,0,0,0),('TABLE','cigrascloud','oc_authtoken',NULL,341523,7054899280911,68935086,20656962,262940173020,340448,3054729252258,22017175677,8972370,162692474490,1075,4000170028653,68935086,3721087971,262940173020,340448,3054729252258,22017175677,8972370,162692474490,1075,4000170028653,68935086,3721087971,262940173020,0,0,0,0,0,0,0,0,0,0),('TABLE','cigrascloud','oc_preferences','PRIMARY',7111801,54226749487644,5347170,7624845,9695821590,7111801,54226749487644,5347170,7624845,9695821590,0,0,0,0,0,7111801,54226749487644,5347170,7624845,9695821590,0,0,0,0,0,0,0,0,0,0,0,0,0,0,0),('TABLE','cigrascloud','oc_preferences',NULL,7260,11903651865,41824314,1639449,216130131,7257,11741426550,110820456,1617507,216130131,3,162225315,41824314,54075105,66015369,7257,11741426550,110820456,1617507,216130131,3,162225315,41824314,54075105,66015369,0,0,0,0,0,0,0,0,0,0),('TABLE','cigrascloud','oc_groups','PRIMARY',812075,13123323947241,6113232,16159806,11784506328,812075,13123323947241,6113232,16159806,11784506328,0,0,0,0,0,812075,13123323947241,6113232,16159806,11784506328,0,0,0,0,0,0,0,0,0,0,0,0,0,0,0),('TABLE','cigrascloud','oc_users','PRIMARY',8,12474997218,15214392,1559374533,7153557075,4,89493786,15214392,22373208,25616808,4,12385503432,34855821,3096375858,7153557075,4,89493786,15214392,22373208,25616808,0,0,0,0,0,4,12385503432,34855821,3096375858,7153557075,0,0,0,0,0),('TABLE','cigrascloud','oc_users',NULL,4357668,8268323454018,20897370,1897029,8756652474,4357668,8268323454018,20897370,1897029,8756652474,0,0,0,0,0,4357668,8268323454018,20897370,1897029,8756652474,0,0,0,0,0,0,0,0,0,0,0,0,0,0,0),('TABLE','cigrascloud','oc_accounts','PRIMARY',2277,805618416069,14414940,353806641,116376981777,1150,638777453022,14414940,555458391,116376981777,1127,166840963047,21113928,148039812,23553369441,1150,638777453022,14414940,555458391,116376981777,0,0,0,0,0,1127,166840963047,21113928,148039812,23553369441,0,0,0,0,0),('TABLE','cigrascloud','oc_accounts','UNIQ_907AA303A76ED395',0,0,0,0,0,0,0,0,0,0,0,0,0,0,0,0,0,0,0,0,0,0,0,0,0,0,0,0,0,0,0,0,0,0,0),('TABLE','cigrascloud','oc_accounts','lower_user_id_index',2422896,72751342135644,8980002,30026196,336398884227,2422896,72751342135644,8980002,30026196,336398884227,0,0,0,0,0,2422896,72751342135644,8980002,30026196,336398884227,0,0,0,0,0,0,0,0,0,0,0,0,0,0,0),('TABLE','cigrascloud','oc_accounts','display_name_index',0,0,0,0,0,0,0,0,0,0,0,0,0,0,0,0,0,0,0,0,0,0,0,0,0,0,0,0,0,0,0,0,0,0,0),('TABLE','cigrascloud','oc_accounts','email_index',0,0,0,0,0,0,0,0,0,0,0,0,0,0,0,0,0,0,0,0,0,0,0,0,0,0,0,0,0,0,0,0,0,0,0),('TABLE','cigrascloud','oc_accounts',NULL,1325520,4735833854697,38337444,3572730,118945601019,1325520,4735833854697,38337444,3572730,118945601019,0,0,0,0,0,1325520,4735833854697,38337444,3572730,118945601019,0,0,0,0,0,0,0,0,0,0,0,0,0,0,0),('TABLE','cigrascloud','oc_external_mounts','PRIMARY',0,0,0,0,0,0,0,0,0,0,0,0,0,0,0,0,0,0,0,0,0,0,0,0,0,0,0,0,0,0,0,0,0,0,0),('TABLE','cigrascloud','oc_external_mounts',NULL,6530428,51268897096074,2753244,7850466,5924100546,6530428,51268897096074,2753244,7850466,5924100546,0,0,0,0,0,6530428,51268897096074,2753244,7850466,5924100546,0,0,0,0,0,0,0,0,0,0,0,0,0,0,0),('TABLE','cigrascloud','oc_external_applicable','PRIMARY',0,0,0,0,0,0,0,0,0,0,0,0,0,0,0,0,0,0,0,0,0,0,0,0,0,0,0,0,0,0,0,0,0,0,0),('TABLE','cigrascloud','oc_external_applicable','applicable_type_value_mount',0,0,0,0,0,0,0,0,0,0,0,0,0,0,0,0,0,0,0,0,0,0,0,0,0,0,0,0,0,0,0,0,0,0,0),('TABLE','cigrascloud','oc_external_applicable','applicable_mount',0,0,0,0,0,0,0,0,0,0,0,0,0,0,0,0,0,0,0,0,0,0,0,0,0,0,0,0,0,0,0,0,0,0,0),('TABLE','cigrascloud','oc_external_applicable','applicable_type_value',0,0,0,0,0,0,0,0,0,0,0,0,0,0,0,0,0,0,0,0,0,0,0,0,0,0,0,0,0,0,0,0,0,0,0),('TABLE','cigrascloud','oc_group_user','PRIMARY',821886,12032299950345,5578038,14639607,569379636,821886,12032299950345,5578038,14639607,569379636,0,0,0,0,0,821886,12032299950345,5578038,14639607,569379636,0,0,0,0,0,0,0,0,0,0,0,0,0,0,0),('TABLE','cigrascloud','oc_group_user','gu_uid_index',2469862,31465788654627,7531830,12739716,598812921,2469862,31465788654627,7531830,12739716,598812921,0,0,0,0,0,2469862,31465788654627,7531830,12739716,598812921,0,0,0,0,0,0,0,0,0,0,0,0,0,0,0),('TABLE','cigrascloud','oc_share','PRIMARY',15421440,50629422206565,70586460,3282714,980076636,15421440,50629422206565,70586460,3282714,980076636,0,0,0,0,0,15421440,50629422206565,70586460,3282714,980076636,0,0,0,0,0,0,0,0,0,0,0,0,0,0,0),('TABLE','cigrascloud','oc_share','item_share_type_index',1968,16549137216,10100952,8409033,42445368,1968,16549137216,10100952,8409033,42445368,0,0,0,0,0,1968,16549137216,10100952,8409033,42445368,0,0,0,0,0,0,0,0,0,0,0,0,0,0,0),('TABLE','cigrascloud','oc_share','file_source_index',145758,759368564757,7843788,5209317,110124510615,145758,759368564757,7843788,5209317,110124510615,0,0,0,0,0,145758,759368564757,7843788,5209317,110124510615,0,0,0,0,0,0,0,0,0,0,0,0,0,0,0),('TABLE','cigrascloud','oc_share','token_index',0,0,0,0,0,0,0,0,0,0,0,0,0,0,0,0,0,0,0,0,0,0,0,0,0,0,0,0,0,0,0,0,0,0,0),('TABLE','cigrascloud','oc_share','share_with_index',7330033,96830445174111,1232091,13210038,124543648215,7330033,96830445174111,1232091,13210038,124543648215,0,0,0,0,0,7330033,96830445174111,1232091,13210038,124543648215,0,0,0,0,0,0,0,0,0,0,0,0,0,0,0),('TABLE','cigrascloud','oc_share','item_source_index',21889,334446747894,6349824,15278787,15376609206,21889,334446747894,6349824,15278787,15376609206,0,0,0,0,0,21889,334446747894,6349824,15278787,15376609206,0,0,0,0,0,0,0,0,0,0,0,0,0,0,0),('TABLE','cigrascloud','oc_share','item_source_type_index',0,0,0,0,0,0,0,0,0,0,0,0,0,0,0,0,0,0,0,0,0,0,0,0,0,0,0,0,0,0,0,0,0,0,0),('TABLE','cigrascloud','oc_share',NULL,4825329,21649523608242,1292670,4486185,557566254,4825329,21649523608242,1292670,4486185,557566254,0,0,0,0,0,4825329,21649523608242,1292670,4486185,557566254,0,0,0,0,0,0,0,0,0,0,0,0,0,0,0),('TABLE','cigrascloud','oc_filecache','PRIMARY',7492540,67521012001083,977850,9011484,216727808661,7489289,63743117294430,977850,8511111,124841473659,3251,3777894706653,16889616,1162071216,216727808661,7489289,63743117294430,977850,8511111,124841473659,0,0,0,0,0,3231,3554680306167,16889616,1100179512,216727808661,20,223214400486,98634060,11160719595,138555765054),('TABLE','cigrascloud','oc_filecache','fs_storage_path_hash',10041108,245323992309057,934920,24431940,230297220846,10034138,240814199029761,934920,23999301,230297220846,6970,4509793279296,4970340,647029035,154617690654,10034138,240814199029761,934920,23999301,230297220846,0,0,0,0,0,6970,4509793279296,4970340,647029035,154617690654,0,0,0,0,0),('TABLE','cigrascloud','oc_filecache','fs_parent_name_hash',645275,9265565164455,1853145,14358654,110458310445,645224,9254865863178,1853145,14343390,110458310445,51,10699301277,43801002,209789847,7339325679,645224,9254865863178,1853145,14343390,110458310445,0,0,0,0,0,0,0,0,0,0,51,10699301277,43801002,209789847,7339325679),('TABLE','cigrascloud','oc_filecache','fs_storage_mimetype',13502,89757298926,1139076,6647472,39826256400,13502,89757298926,1139076,6647472,39826256400,0,0,0,0,0,13502,89757298926,1139076,6647472,39826256400,0,0,0,0,0,0,0,0,0,0,0,0,0,0,0),('TABLE','cigrascloud','oc_filecache','fs_storage_mimepart',0,0,0,0,0,0,0,0,0,0,0,0,0,0,0,0,0,0,0,0,0,0,0,0,0,0,0,0,0,0,0,0,0,0,0),('TABLE','cigrascloud','oc_filecache','fs_storage_size',103553,526377755916,889128,5082912,108868268628,103553,526377755916,889128,5082912,108868268628,0,0,0,0,0,103553,526377755916,889128,5082912,108868268628,0,0,0,0,0,0,0,0,0,0,0,0,0,0,0),('TABLE','cigrascloud','oc_filecache','fs_parent_storage_size',28227,120877205841,14808465,4282029,24295609107,28227,120877205841,14808465,4282029,24295609107,0,0,0,0,0,28227,120877205841,14808465,4282029,24295609107,0,0,0,0,0,0,0,0,0,0,0,0,0,0,0),('TABLE','cigrascloud','oc_filecache',NULL,5384534,20644093150083,113482593,3833649,576754201962,5383761,18887224506885,187913382030,3507858,576754201962,773,1756868643198,113482593,2272792428,115101103131,5383761,18887224506885,187913382030,3507858,576754201962,773,1756868643198,113482593,2272792428,115101103131,0,0,0,0,0,0,0,0,0,0),('TABLE','cigrascloud','oc_storages','PRIMARY',2415252,7253792199810,693558,3003192,10382754060,2415252,7253792199810,693558,3003192,10382754060,0,0,0,0,0,2415252,7253792199810,693558,3003192,10382754060,0,0,0,0,0,0,0,0,0,0,0,0,0,0,0),('TABLE','cigrascloud','oc_storages','storages_id_index',3396406,74248525174437,7910568,21860433,575593515,3396406,74248525174437,7910568,21860433,575593515,0,0,0,0,0,3396406,74248525174437,7910568,21860433,575593515,0,0,0,0,0,0,0,0,0,0,0,0,0,0,0),('TABLE','cigrascloud','oc_storages',NULL,4860,4503224871,37234620,926334,85889097,4860,4503224871,37234620,926334,85889097,0,0,0,0,0,4860,4503224871,37234620,926334,85889097,0,0,0,0,0,0,0,0,0,0,0,0,0,0,0),('TABLE','cigrascloud','oc_share_external','PRIMARY',0,0,0,0,0,0,0,0,0,0,0,0,0,0,0,0,0,0,0,0,0,0,0,0,0,0,0,0,0,0,0,0,0,0,0),('TABLE','cigrascloud','oc_share_external','sh_external_mp',1632539,14373879776559,3222612,8804466,545452362,1632539,14373879776559,3222612,8804466,545452362,0,0,0,0,0,1632539,14373879776559,3222612,8804466,545452362,0,0,0,0,0,0,0,0,0,0,0,0,0,0,0),('TABLE','cigrascloud','oc_share_external','sh_external_user',0,0,0,0,0,0,0,0,0,0,0,0,0,0,0,0,0,0,0,0,0,0,0,0,0,0,0,0,0,0,0,0,0,0,0),('TABLE','cigrascloud','oc_share_external',NULL,0,0,0,0,0,0,0,0,0,0,0,0,0,0,0,0,0,0,0,0,0,0,0,0,0,0,0,0,0,0,0,0,0,0,0),('TABLE','cigrascloud','oc_mounts','PRIMARY',0,0,0,0,0,0,0,0,0,0,0,0,0,0,0,0,0,0,0,0,0,0,0,0,0,0,0,0,0,0,0,0,0,0,0),('TABLE','cigrascloud','oc_mounts','mounts_user_root_index',6533429,66470735693412,14663934,10173933,48490737687,6533429,66470735693412,14663934,10173933,48490737687,0,0,0,0,0,6533429,66470735693412,14663934,10173933,48490737687,0,0,0,0,0,0,0,0,0,0,0,0,0,0,0),('TABLE','cigrascloud','oc_mounts','mounts_user_index',0,0,0,0,0,0,0,0,0,0,0,0,0,0,0,0,0,0,0,0,0,0,0,0,0,0,0,0,0,0,0,0,0,0,0),('TABLE','cigrascloud','oc_mounts','mounts_storage_index',0,0,0,0,0,0,0,0,0,0,0,0,0,0,0,0,0,0,0,0,0,0,0,0,0,0,0,0,0,0,0,0,0,0,0),('TABLE','cigrascloud','oc_mounts','mounts_root_index',0,0,0,0,0,0,0,0,0,0,0,0,0,0,0,0,0,0,0,0,0,0,0,0,0,0,0,0,0,0,0,0,0,0,0),('TABLE','cigrascloud','oc_mounts',NULL,8473,44285124087,90610920,5226489,33123708072,8472,11161416015,90610920,1316997,256358880,1,33123708072,33123708072,33123708072,33123708072,8472,11161416015,90610920,1316997,256358880,1,33123708072,33123708072,33123708072,33123708072,0,0,0,0,0,0,0,0,0,0),('TABLE','cigrascloud','oc_mimetypes','PRIMARY',1118517,15809123493396,4823424,14133987,9957789513,1118517,15809123493396,4823424,14133987,9957789513,0,0,0,0,0,1118517,15809123493396,4823424,14133987,9957789513,0,0,0,0,0,0,0,0,0,0,0,0,0,0,0),('TABLE','cigrascloud','oc_mimetypes','mimetype_id_index',5744,20464537338,10554102,3562713,100587375,5744,20464537338,10554102,3562713,100587375,0,0,0,0,0,5744,20464537338,10554102,3562713,100587375,0,0,0,0,0,0,0,0,0,0,0,0,0,0,0),('TABLE','cigrascloud','oc_mimetypes',NULL,1,19342780254,19342780254,19342780254,19342780254,0,0,0,0,0,1,19342780254,19342780254,19342780254,19342780254,0,0,0,0,0,1,19342780254,19342780254,19342780254,19342780254,0,0,0,0,0,0,0,0,0,0),('TABLE','cigrascloud','oc_notifications','PRIMARY',0,0,0,0,0,0,0,0,0,0,0,0,0,0,0,0,0,0,0,0,0,0,0,0,0,0,0,0,0,0,0,0,0,0,0),('TABLE','cigrascloud','oc_notifications','IDX_16B80748C96E70CF',0,0,0,0,0,0,0,0,0,0,0,0,0,0,0,0,0,0,0,0,0,0,0,0,0,0,0,0,0,0,0,0,0,0,0),('TABLE','cigrascloud','oc_notifications','IDX_16B807488D93D649',175921,2105738428167,4911192,11969361,5578684335,175921,2105738428167,4911192,11969361,5578684335,0,0,0,0,0,175921,2105738428167,4911192,11969361,5578684335,0,0,0,0,0,0,0,0,0,0,0,0,0,0,0),('TABLE','cigrascloud','oc_notifications','IDX_16B80748A5D6E63E',0,0,0,0,0,0,0,0,0,0,0,0,0,0,0,0,0,0,0,0,0,0,0,0,0,0,0,0,0,0,0,0,0,0,0),('TABLE','cigrascloud','oc_notifications','IDX_16B8074811CB6B3A232D562B',0,0,0,0,0,0,0,0,0,0,0,0,0,0,0,0,0,0,0,0,0,0,0,0,0,0,0,0,0,0,0,0,0,0,0),('TABLE','cigrascloud','oc_notifications',NULL,81,1787961519,13906458,22073175,98604486,81,1787961519,13906458,22073175,98604486,0,0,0,0,0,81,1787961519,13906458,22073175,98604486,0,0,0,0,0,0,0,0,0,0,0,0,0,0,0),('TABLE','cigrascloud','oc_properties','PRIMARY',0,0,0,0,0,0,0,0,0,0,0,0,0,0,0,0,0,0,0,0,0,0,0,0,0,0,0,0,0,0,0,0,0,0,0),('TABLE','cigrascloud','oc_properties','fileid_index',299492,1548517615182,3235491,5170203,68175702,299492,1548517615182,3235491,5170203,68175702,0,0,0,0,0,299492,1548517615182,3235491,5170203,68175702,0,0,0,0,0,0,0,0,0,0,0,0,0,0,0),('TABLE','cigrascloud','oc_properties',NULL,0,0,0,0,0,0,0,0,0,0,0,0,0,0,0,0,0,0,0,0,0,0,0,0,0,0,0,0,0,0,0,0,0,0,0),('TABLE','cigrascloud','oc_activity','PRIMARY',2,61718076,17332749,30859038,44385327,2,61718076,17332749,30859038,44385327,0,0,0,0,0,2,61718076,17332749,30859038,44385327,0,0,0,0,0,0,0,0,0,0,0,0,0,0,0),('TABLE','cigrascloud','oc_activity','activity_time',3845,42547710258,32181282,11065446,8116618167,3845,42547710258,32181282,11065446,8116618167,0,0,0,0,0,3845,42547710258,32181282,11065446,8116618167,0,0,0,0,0,0,0,0,0,0,0,0,0,0,0),('TABLE','cigrascloud','oc_activity','activity_user_time',12619,478444769559,18478026,37914345,190007673426,12619,478444769559,18478026,37914345,190007673426,0,0,0,0,0,12619,478444769559,18478026,37914345,190007673426,0,0,0,0,0,0,0,0,0,0,0,0,0,0,0),('TABLE','cigrascloud','oc_activity','activity_filter_by',1,19923813,19923813,19923813,19923813,1,19923813,19923813,19923813,19923813,0,0,0,0,0,1,19923813,19923813,19923813,19923813,0,0,0,0,0,0,0,0,0,0,0,0,0,0,0),('TABLE','cigrascloud','oc_activity','activity_filter_app',60,757475523,18451314,12624282,392622993,60,757475523,18451314,12624282,392622993,0,0,0,0,0,60,757475523,18451314,12624282,392622993,0,0,0,0,0,0,0,0,0,0,0,0,0,0,0),('TABLE','cigrascloud','oc_activity','activity_object',314,10875179763,75518163,34634016,8315559126,314,10875179763,75518163,34634016,8315559126,0,0,0,0,0,314,10875179763,75518163,34634016,8315559126,0,0,0,0,0,0,0,0,0,0,0,0,0,0,0),('TABLE','cigrascloud','oc_activity',NULL,3200897,29389903867710,2941659,9181296,707809240278,3195029,23552024930640,2941659,7371081,707809240278,5868,5837878937070,58938120,994866498,270063375246,3195029,23552024930640,2941659,7371081,707809240278,5868,5837878937070,58938120,994866498,270063375246,0,0,0,0,0,0,0,0,0,0),('TABLE','cigrascloud','oc_file_locks','PRIMARY',0,0,0,0,0,0,0,0,0,0,0,0,0,0,0,0,0,0,0,0,0,0,0,0,0,0,0,0,0,0,0,0,0,0,0),('TABLE','cigrascloud','oc_file_locks','lock_key_index',48777,105744658714965,3134844,2167920162,393432269769,28794,63063866021733,4388400,2190173643,326232216891,19983,42680792693232,3134844,2135854791,393432269769,28794,63063866021733,4388400,2190173643,326232216891,0,0,0,0,0,19983,42680792693232,3134844,2135854791,393432269769,0,0,0,0,0),('TABLE','cigrascloud','oc_file_locks','lock_ttl_index',0,0,0,0,0,0,0,0,0,0,0,0,0,0,0,0,0,0,0,0,0,0,0,0,0,0,0,0,0,0,0,0,0,0,0),('TABLE','cigrascloud','oc_file_locks',NULL,987110,1957541033016,73377864,1982889,284222150982,986837,1100277901359,7422522588,1114749,124186505436,273,857263131657,73377864,3140157780,284222150982,986837,1100277901359,7422522588,1114749,124186505436,273,857263131657,73377864,3140157780,284222150982,0,0,0,0,0,0,0,0,0,0),('TABLE','cigrascloud','oc_group_admin','PRIMARY',0,0,0,0,0,0,0,0,0,0,0,0,0,0,0,0,0,0,0,0,0,0,0,0,0,0,0,0,0,0,0,0,0,0,0),('TABLE','cigrascloud','oc_group_admin','group_admin_uid',1086,3921030630,6103692,3610413,44631459,1086,3921030630,6103692,3610413,44631459,0,0,0,0,0,1086,3921030630,6103692,3610413,44631459,0,0,0,0,0,0,0,0,0,0,0,0,0,0,0),('TABLE','cigrascloud','oc_comments','PRIMARY',0,0,0,0,0,0,0,0,0,0,0,0,0,0,0,0,0,0,0,0,0,0,0,0,0,0,0,0,0,0,0,0,0,0,0),('TABLE','cigrascloud','oc_comments','comments_parent_id_index',0,0,0,0,0,0,0,0,0,0,0,0,0,0,0,0,0,0,0,0,0,0,0,0,0,0,0,0,0,0,0,0,0,0,0),('TABLE','cigrascloud','oc_comments','comments_topmost_parent_id_idx',0,0,0,0,0,0,0,0,0,0,0,0,0,0,0,0,0,0,0,0,0,0,0,0,0,0,0,0,0,0,0,0,0,0,0),('TABLE','cigrascloud','oc_comments','comments_object_index',1674,8341060500,114480,4982265,1898782452,1674,8341060500,114480,4982265,1898782452,0,0,0,0,0,1674,8341060500,114480,4982265,1898782452,0,0,0,0,0,0,0,0,0,0,0,0,0,0,0),('TABLE','cigrascloud','oc_comments','comments_actor_index',0,0,0,0,0,0,0,0,0,0,0,0,0,0,0,0,0,0,0,0,0,0,0,0,0,0,0,0,0,0,0,0,0,0,0),('TABLE','cigrascloud','oc_comments',NULL,405,2894209425,19491651,7145937,128120769,405,2894209425,19491651,7145937,128120769,0,0,0,0,0,405,2894209425,19491651,7145937,128120769,0,0,0,0,0,0,0,0,0,0,0,0,0,0,0),('TABLE','cigrascloud','oc_comments_read_markers','comments_marker_index',0,0,0,0,0,0,0,0,0,0,0,0,0,0,0,0,0,0,0,0,0,0,0,0,0,0,0,0,0,0,0,0,0,0,0),('TABLE','cigrascloud','oc_comments_read_markers','comments_marker_object_index',0,0,0,0,0,0,0,0,0,0,0,0,0,0,0,0,0,0,0,0,0,0,0,0,0,0,0,0,0,0,0,0,0,0,0),('TABLE','cigrascloud','oc_comments_read_markers',NULL,0,0,0,0,0,0,0,0,0,0,0,0,0,0,0,0,0,0,0,0,0,0,0,0,0,0,0,0,0,0,0,0,0,0,0),('TABLE','cigrascloud','oc_vcategory','PRIMARY',0,0,0,0,0,0,0,0,0,0,0,0,0,0,0,0,0,0,0,0,0,0,0,0,0,0,0,0,0,0,0,0,0,0,0),('TABLE','cigrascloud','oc_vcategory','uid_index',652,13953667167,1098531,21401082,6339919572,652,13953667167,1098531,21401082,6339919572,0,0,0,0,0,652,13953667167,1098531,21401082,6339919572,0,0,0,0,0,0,0,0,0,0,0,0,0,0,0),('TABLE','cigrascloud','oc_vcategory','type_index',0,0,0,0,0,0,0,0,0,0,0,0,0,0,0,0,0,0,0,0,0,0,0,0,0,0,0,0,0,0,0,0,0,0,0),('TABLE','cigrascloud','oc_vcategory','category_index',0,0,0,0,0,0,0,0,0,0,0,0,0,0,0,0,0,0,0,0,0,0,0,0,0,0,0,0,0,0,0,0,0,0,0),('TABLE','cigrascloud','oc_vcategory',NULL,81,1068230529,8342730,13187619,23369184,81,1068230529,8342730,13187619,23369184,0,0,0,0,0,81,1068230529,8342730,13187619,23369184,0,0,0,0,0,0,0,0,0,0,0,0,0,0,0),('TABLE','cigrascloud','oc_vcategory_to_object','PRIMARY',104,4281987024,12785031,41172732,3480617007,104,4281987024,12785031,41172732,3480617007,0,0,0,0,0,104,4281987024,12785031,41172732,3480617007,0,0,0,0,0,0,0,0,0,0,0,0,0,0,0),('TABLE','cigrascloud','oc_vcategory_to_object','vcategory_objectd_index',171,1269760644,8851689,7425459,22504860,171,1269760644,8851689,7425459,22504860,0,0,0,0,0,171,1269760644,8851689,7425459,22504860,0,0,0,0,0,0,0,0,0,0,0,0,0,0,0),('TABLE','cigrascloud','oc_persistent_locks','PRIMARY',0,0,0,0,0,0,0,0,0,0,0,0,0,0,0,0,0,0,0,0,0,0,0,0,0,0,0,0,0,0,0,0,0,0,0),('TABLE','cigrascloud','oc_persistent_locks','UNIQ_F0C3D55BB3BC57DA',0,0,0,0,0,0,0,0,0,0,0,0,0,0,0,0,0,0,0,0,0,0,0,0,0,0,0,0,0,0,0,0,0,0,0),('TABLE','cigrascloud','oc_persistent_locks','IDX_F0C3D55B93CB796C',0,0,0,0,0,0,0,0,0,0,0,0,0,0,0,0,0,0,0,0,0,0,0,0,0,0,0,0,0,0,0,0,0,0,0),('TABLE','cigrascloud','oc_persistent_locks','IDX_F0C3D55BC901C6FF',0,0,0,0,0,0,0,0,0,0,0,0,0,0,0,0,0,0,0,0,0,0,0,0,0,0,0,0,0,0,0,0,0,0,0),('TABLE','cigrascloud','oc_persistent_locks',NULL,5165,59874238701,5567544,11592054,13593880377,5165,59874238701,5567544,11592054,13593880377,0,0,0,0,0,5165,59874238701,5567544,11592054,13593880377,0,0,0,0,0,0,0,0,0,0,0,0,0,0,0),('TABLE','cigrascloud','oc_jobs','PRIMARY',0,0,0,0,0,0,0,0,0,0,0,0,0,0,0,0,0,0,0,0,0,0,0,0,0,0,0,0,0,0,0,0,0,0,0),('TABLE','cigrascloud','oc_jobs','job_class_index',0,0,0,0,0,0,0,0,0,0,0,0,0,0,0,0,0,0,0,0,0,0,0,0,0,0,0,0,0,0,0,0,0,0,0),('TABLE','cigrascloud','oc_jobs',NULL,1007537,2343201246522,64572921,2325375,125950379886,1007437,2258971083018,154655802,2241900,125950379886,100,84230163504,64572921,842301387,41125294350,1007437,2258971083018,154655802,2241900,125950379886,100,84230163504,64572921,842301387,41125294350,0,0,0,0,0,0,0,0,0,0),('TABLE','cigrascloud','oc_files_trash','PRIMARY',0,0,0,0,0,0,0,0,0,0,0,0,0,0,0,0,0,0,0,0,0,0,0,0,0,0,0,0,0,0,0,0,0,0,0),('TABLE','cigrascloud','oc_files_trash','id_index',0,0,0,0,0,0,0,0,0,0,0,0,0,0,0,0,0,0,0,0,0,0,0,0,0,0,0,0,0,0,0,0,0,0,0),('TABLE','cigrascloud','oc_files_trash','timestamp_index',0,0,0,0,0,0,0,0,0,0,0,0,0,0,0,0,0,0,0,0,0,0,0,0,0,0,0,0,0,0,0,0,0,0,0),('TABLE','cigrascloud','oc_files_trash','user_index',0,0,0,0,0,0,0,0,0,0,0,0,0,0,0,0,0,0,0,0,0,0,0,0,0,0,0,0,0,0,0,0,0,0,0),('TABLE','cigrascloud','oc_files_trash',NULL,97732,253456222905,82095993,2592972,58476511359,97699,141250480200,1197000972,1445310,9307318446,33,112205742705,82095993,3400173819,58476511359,97699,141250480200,1197000972,1445310,9307318446,33,112205742705,82095993,3400173819,58476511359,0,0,0,0,0,0,0,0,0,0),('TABLE','mysql','catalogs','PRIMARY',0,0,0,0,0,0,0,0,0,0,0,0,0,0,0,0,0,0,0,0,0,0,0,0,0,0,0,0,0,0,0,0,0,0,0),('TABLE','mysql','catalogs','name',0,0,0,0,0,0,0,0,0,0,0,0,0,0,0,0,0,0,0,0,0,0,0,0,0,0,0,0,0,0,0,0,0,0,0),('TABLE','performance_schema','session_variables','PRIMARY',0,0,0,0,0,0,0,0,0,0,0,0,0,0,0,0,0,0,0,0,0,0,0,0,0,0,0,0,0,0,0,0,0,0,0),('TABLE','cigrascloud','oc_account_terms','PRIMARY',0,0,0,0,0,0,0,0,0,0,0,0,0,0,0,0,0,0,0,0,0,0,0,0,0,0,0,0,0,0,0,0,0,0,0),('TABLE','cigrascloud','oc_account_terms','account_id_index',0,0,0,0,0,0,0,0,0,0,0,0,0,0,0,0,0,0,0,0,0,0,0,0,0,0,0,0,0,0,0,0,0,0,0),('TABLE','cigrascloud','oc_account_terms','term_index',0,0,0,0,0,0,0,0,0,0,0,0,0,0,0,0,0,0,0,0,0,0,0,0,0,0,0,0,0,0,0,0,0,0,0),('TABLE','cigrascloud','oc_account_terms',NULL,0,0,0,0,0,0,0,0,0,0,0,0,0,0,0,0,0,0,0,0,0,0,0,0,0,0,0,0,0,0,0,0,0,0,0),('TABLE','cigrascloud','oc_activity_mq','PRIMARY',0,0,0,0,0,0,0,0,0,0,0,0,0,0,0,0,0,0,0,0,0,0,0,0,0,0,0,0,0,0,0,0,0,0,0),('TABLE','cigrascloud','oc_activity_mq','amp_user',0,0,0,0,0,0,0,0,0,0,0,0,0,0,0,0,0,0,0,0,0,0,0,0,0,0,0,0,0,0,0,0,0,0,0),('TABLE','cigrascloud','oc_activity_mq','amp_latest_send_time',0,0,0,0,0,0,0,0,0,0,0,0,0,0,0,0,0,0,0,0,0,0,0,0,0,0,0,0,0,0,0,0,0,0,0),('TABLE','cigrascloud','oc_activity_mq','amp_timestamp_time',0,0,0,0,0,0,0,0,0,0,0,0,0,0,0,0,0,0,0,0,0,0,0,0,0,0,0,0,0,0,0,0,0,0,0),('TABLE','cigrascloud','oc_activity_mq',NULL,5670,44514604971,90891396,7850466,16400977677,5670,44514604971,90891396,7850466,16400977677,0,0,0,0,0,5670,44514604971,90891396,7850466,16400977677,0,0,0,0,0,0,0,0,0,0,0,0,0,0,0),('TABLE','cigrascloud','oc_addressbookchanges','PRIMARY',0,0,0,0,0,0,0,0,0,0,0,0,0,0,0,0,0,0,0,0,0,0,0,0,0,0,0,0,0,0,0,0,0,0,0),('TABLE','cigrascloud','oc_addressbookchanges','addressbookid_synctoken',0,0,0,0,0,0,0,0,0,0,0,0,0,0,0,0,0,0,0,0,0,0,0,0,0,0,0,0,0,0,0,0,0,0,0),('TABLE','cigrascloud','oc_addressbookchanges',NULL,118908,162072161748,1406172627,1362789,21373720326,118908,162072161748,1406172627,1362789,21373720326,0,0,0,0,0,118908,162072161748,1406172627,1362789,21373720326,0,0,0,0,0,0,0,0,0,0,0,0,0,0,0),('TABLE','cigrascloud','oc_addressbooks','PRIMARY',0,0,0,0,0,0,0,0,0,0,0,0,0,0,0,0,0,0,0,0,0,0,0,0,0,0,0,0,0,0,0,0,0,0,0),('TABLE','cigrascloud','oc_addressbooks','addressbook_index',0,0,0,0,0,0,0,0,0,0,0,0,0,0,0,0,0,0,0,0,0,0,0,0,0,0,0,0,0,0,0,0,0,0,0),('TABLE','cigrascloud','oc_addressbooks',NULL,2106,7506634860,39808512,3564144,2212738605,2106,7506634860,39808512,3564144,2212738605,0,0,0,0,0,2106,7506634860,39808512,3564144,2212738605,0,0,0,0,0,0,0,0,0,0,0,0,0,0,0),('TABLE','cigrascloud','oc_calendarchanges','PRIMARY',0,0,0,0,0,0,0,0,0,0,0,0,0,0,0,0,0,0,0,0,0,0,0,0,0,0,0,0,0,0,0,0,0,0,0),('TABLE','cigrascloud','oc_calendarchanges','calendarid_synctoken',0,0,0,0,0,0,0,0,0,0,0,0,0,0,0,0,0,0,0,0,0,0,0,0,0,0,0,0,0,0,0,0,0,0,0),('TABLE','cigrascloud','oc_calendarchanges',NULL,1458,11471580495,21918627,7867638,7595330148,1458,11471580495,21918627,7867638,7595330148,0,0,0,0,0,1458,11471580495,21918627,7867638,7595330148,0,0,0,0,0,0,0,0,0,0,0,0,0,0,0),('TABLE','cigrascloud','oc_calendarobjects','PRIMARY',0,0,0,0,0,0,0,0,0,0,0,0,0,0,0,0,0,0,0,0,0,0,0,0,0,0,0,0,0,0,0,0,0,0,0),('TABLE','cigrascloud','oc_calendarobjects','calobjects_index',0,0,0,0,0,0,0,0,0,0,0,0,0,0,0,0,0,0,0,0,0,0,0,0,0,0,0,0,0,0,0,0,0,0,0),('TABLE','cigrascloud','oc_calendarobjects',NULL,0,0,0,0,0,0,0,0,0,0,0,0,0,0,0,0,0,0,0,0,0,0,0,0,0,0,0,0,0,0,0,0,0,0,0),('TABLE','cigrascloud','oc_calendars','PRIMARY',0,0,0,0,0,0,0,0,0,0,0,0,0,0,0,0,0,0,0,0,0,0,0,0,0,0,0,0,0,0,0,0,0,0,0),('TABLE','cigrascloud','oc_calendars','calendars_index',0,0,0,0,0,0,0,0,0,0,0,0,0,0,0,0,0,0,0,0,0,0,0,0,0,0,0,0,0,0,0,0,0,0,0),('TABLE','cigrascloud','oc_calendars',NULL,2106,23029939692,50173722,10935225,12150206964,2106,23029939692,50173722,10935225,12150206964,0,0,0,0,0,2106,23029939692,50173722,10935225,12150206964,0,0,0,0,0,0,0,0,0,0,0,0,0,0,0),('TABLE','cigrascloud','oc_calendarsubscriptions','PRIMARY',0,0,0,0,0,0,0,0,0,0,0,0,0,0,0,0,0,0,0,0,0,0,0,0,0,0,0,0,0,0,0,0,0,0,0),('TABLE','cigrascloud','oc_calendarsubscriptions','calsub_index',0,0,0,0,0,0,0,0,0,0,0,0,0,0,0,0,0,0,0,0,0,0,0,0,0,0,0,0,0,0,0,0,0,0,0),('TABLE','cigrascloud','oc_calendarsubscriptions',NULL,0,0,0,0,0,0,0,0,0,0,0,0,0,0,0,0,0,0,0,0,0,0,0,0,0,0,0,0,0,0,0,0,0,0,0),('TABLE','cigrascloud','oc_cards','PRIMARY',0,0,0,0,0,0,0,0,0,0,0,0,0,0,0,0,0,0,0,0,0,0,0,0,0,0,0,0,0,0,0,0,0,0,0),('TABLE','cigrascloud','oc_cards','addressbookid_uri_index',0,0,0,0,0,0,0,0,0,0,0,0,0,0,0,0,0,0,0,0,0,0,0,0,0,0,0,0,0,0,0,0,0,0,0),('TABLE','cigrascloud','oc_cards',NULL,2268,16872626214,46487466,7439292,10189589571,2268,16872626214,46487466,7439292,10189589571,0,0,0,0,0,2268,16872626214,46487466,7439292,10189589571,0,0,0,0,0,0,0,0,0,0,0,0,0,0,0),('TABLE','cigrascloud','oc_cards_properties','PRIMARY',0,0,0,0,0,0,0,0,0,0,0,0,0,0,0,0,0,0,0,0,0,0,0,0,0,0,0,0,0,0,0,0,0,0,0),('TABLE','cigrascloud','oc_cards_properties','card_value_index',0,0,0,0,0,0,0,0,0,0,0,0,0,0,0,0,0,0,0,0,0,0,0,0,0,0,0,0,0,0,0,0,0,0,0),('TABLE','cigrascloud','oc_cards_properties','card_name_index',0,0,0,0,0,0,0,0,0,0,0,0,0,0,0,0,0,0,0,0,0,0,0,0,0,0,0,0,0,0,0,0,0,0,0),('TABLE','cigrascloud','oc_cards_properties','card_contactid_index',0,0,0,0,0,0,0,0,0,0,0,0,0,0,0,0,0,0,0,0,0,0,0,0,0,0,0,0,0,0,0,0,0,0,0),('TABLE','cigrascloud','oc_cards_properties','card_bookid_name_index',0,0,0,0,0,0,0,0,0,0,0,0,0,0,0,0,0,0,0,0,0,0,0,0,0,0,0,0,0,0,0,0,0,0,0),('TABLE','cigrascloud','oc_cards_properties',NULL,11340,27679816305,115533216,2440809,11362830696,11340,27679816305,115533216,2440809,11362830696,0,0,0,0,0,11340,27679816305,115533216,2440809,11362830696,0,0,0,0,0,0,0,0,0,0,0,0,0,0,0),('TABLE','cigrascloud','oc_credentials','PRIMARY',0,0,0,0,0,0,0,0,0,0,0,0,0,0,0,0,0,0,0,0,0,0,0,0,0,0,0,0,0,0,0,0,0,0,0),('TABLE','cigrascloud','oc_credentials','credentials_user',0,0,0,0,0,0,0,0,0,0,0,0,0,0,0,0,0,0,0,0,0,0,0,0,0,0,0,0,0,0,0,0,0,0,0),('TABLE','cigrascloud','oc_credentials',NULL,0,0,0,0,0,0,0,0,0,0,0,0,0,0,0,0,0,0,0,0,0,0,0,0,0,0,0,0,0,0,0,0,0,0,0),('TABLE','cigrascloud','oc_dav_job_status','PRIMARY',0,0,0,0,0,0,0,0,0,0,0,0,0,0,0,0,0,0,0,0,0,0,0,0,0,0,0,0,0,0,0,0,0,0,0),('TABLE','cigrascloud','oc_dav_job_status','UNIQ_18BBA548D17F50A6',0,0,0,0,0,0,0,0,0,0,0,0,0,0,0,0,0,0,0,0,0,0,0,0,0,0,0,0,0,0,0,0,0,0,0),('TABLE','cigrascloud','oc_dav_job_status',NULL,0,0,0,0,0,0,0,0,0,0,0,0,0,0,0,0,0,0,0,0,0,0,0,0,0,0,0,0,0,0,0,0,0,0,0),('TABLE','cigrascloud','oc_dav_properties','PRIMARY',0,0,0,0,0,0,0,0,0,0,0,0,0,0,0,0,0,0,0,0,0,0,0,0,0,0,0,0,0,0,0,0,0,0,0),('TABLE','cigrascloud','oc_dav_properties','propertypath_index',7,67564665,8357517,9652095,12030417,7,67564665,8357517,9652095,12030417,0,0,0,0,0,7,67564665,8357517,9652095,12030417,0,0,0,0,0,0,0,0,0,0,0,0,0,0,0),('TABLE','cigrascloud','oc_dav_properties',NULL,0,0,0,0,0,0,0,0,0,0,0,0,0,0,0,0,0,0,0,0,0,0,0,0,0,0,0,0,0,0,0,0,0,0,0),('TABLE','cigrascloud','oc_dav_shares','PRIMARY',0,0,0,0,0,0,0,0,0,0,0,0,0,0,0,0,0,0,0,0,0,0,0,0,0,0,0,0,0,0,0,0,0,0,0),('TABLE','cigrascloud','oc_dav_shares','dav_shares_index',0,0,0,0,0,0,0,0,0,0,0,0,0,0,0,0,0,0,0,0,0,0,0,0,0,0,0,0,0,0,0,0,0,0,0),('TABLE','cigrascloud','oc_dav_shares',NULL,0,0,0,0,0,0,0,0,0,0,0,0,0,0,0,0,0,0,0,0,0,0,0,0,0,0,0,0,0,0,0,0,0,0,0),('TABLE','cigrascloud','oc_external_config','PRIMARY',0,0,0,0,0,0,0,0,0,0,0,0,0,0,0,0,0,0,0,0,0,0,0,0,0,0,0,0,0,0,0,0,0,0,0),('TABLE','cigrascloud','oc_external_config','config_mount_key',0,0,0,0,0,0,0,0,0,0,0,0,0,0,0,0,0,0,0,0,0,0,0,0,0,0,0,0,0,0,0,0,0,0,0),('TABLE','cigrascloud','oc_external_config','config_mount',0,0,0,0,0,0,0,0,0,0,0,0,0,0,0,0,0,0,0,0,0,0,0,0,0,0,0,0,0,0,0,0,0,0,0),('TABLE','cigrascloud','oc_external_config',NULL,0,0,0,0,0,0,0,0,0,0,0,0,0,0,0,0,0,0,0,0,0,0,0,0,0,0,0,0,0,0,0,0,0,0,0),('TABLE','cigrascloud','oc_external_options','PRIMARY',0,0,0,0,0,0,0,0,0,0,0,0,0,0,0,0,0,0,0,0,0,0,0,0,0,0,0,0,0,0,0,0,0,0,0),('TABLE','cigrascloud','oc_external_options','option_mount_key',0,0,0,0,0,0,0,0,0,0,0,0,0,0,0,0,0,0,0,0,0,0,0,0,0,0,0,0,0,0,0,0,0,0,0),('TABLE','cigrascloud','oc_external_options','option_mount',0,0,0,0,0,0,0,0,0,0,0,0,0,0,0,0,0,0,0,0,0,0,0,0,0,0,0,0,0,0,0,0,0,0,0),('TABLE','cigrascloud','oc_external_options',NULL,0,0,0,0,0,0,0,0,0,0,0,0,0,0,0,0,0,0,0,0,0,0,0,0,0,0,0,0,0,0,0,0,0,0,0),('TABLE','cigrascloud','oc_federated_reshares','share_id_index',0,0,0,0,0,0,0,0,0,0,0,0,0,0,0,0,0,0,0,0,0,0,0,0,0,0,0,0,0,0,0,0,0,0,0),('TABLE','cigrascloud','oc_federated_reshares',NULL,0,0,0,0,0,0,0,0,0,0,0,0,0,0,0,0,0,0,0,0,0,0,0,0,0,0,0,0,0,0,0,0,0,0,0),('TABLE','cigrascloud','oc_migrations','PRIMARY',6075,16607843037,52414668,2733687,10402573410,6075,16607843037,52414668,2733687,10402573410,0,0,0,0,0,6075,16607843037,52414668,2733687,10402573410,0,0,0,0,0,0,0,0,0,0,0,0,0,0,0),('TABLE','cigrascloud','oc_privatedata','PRIMARY',0,0,0,0,0,0,0,0,0,0,0,0,0,0,0,0,0,0,0,0,0,0,0,0,0,0,0,0,0,0,0,0,0,0,0),('TABLE','cigrascloud','oc_privatedata',NULL,0,0,0,0,0,0,0,0,0,0,0,0,0,0,0,0,0,0,0,0,0,0,0,0,0,0,0,0,0,0,0,0,0,0,0),('TABLE','cigrascloud','oc_schedulingobjects','PRIMARY',0,0,0,0,0,0,0,0,0,0,0,0,0,0,0,0,0,0,0,0,0,0,0,0,0,0,0,0,0,0,0,0,0,0,0),('TABLE','cigrascloud','oc_schedulingobjects',NULL,0,0,0,0,0,0,0,0,0,0,0,0,0,0,0,0,0,0,0,0,0,0,0,0,0,0,0,0,0,0,0,0,0,0,0),('TABLE','cigrascloud','oc_systemtag','PRIMARY',0,0,0,0,0,0,0,0,0,0,0,0,0,0,0,0,0,0,0,0,0,0,0,0,0,0,0,0,0,0,0,0,0,0,0),('TABLE','cigrascloud','oc_systemtag','tag_ident',0,0,0,0,0,0,0,0,0,0,0,0,0,0,0,0,0,0,0,0,0,0,0,0,0,0,0,0,0,0,0,0,0,0,0),('TABLE','cigrascloud','oc_systemtag_group','PRIMARY',0,0,0,0,0,0,0,0,0,0,0,0,0,0,0,0,0,0,0,0,0,0,0,0,0,0,0,0,0,0,0,0,0,0,0),('TABLE','cigrascloud','oc_systemtag_object_mapping','mapping',7,141964263,5475960,20280609,10615158,7,141964263,5475960,20280609,10615158,0,0,0,0,0,7,141964263,5475960,20280609,10615158,0,0,0,0,0,0,0,0,0,0,0,0,0,0,0),('TABLE','cigrascloud','oc_trusted_servers','PRIMARY',0,0,0,0,0,0,0,0,0,0,0,0,0,0,0,0,0,0,0,0,0,0,0,0,0,0,0,0,0,0,0,0,0,0,0),('TABLE','cigrascloud','oc_trusted_servers','url_hash',0,0,0,0,0,0,0,0,0,0,0,0,0,0,0,0,0,0,0,0,0,0,0,0,0,0,0,0,0,0,0,0,0,0,0),('TABLE','cigrascloud','oc_trusted_servers',NULL,0,0,0,0,0,0,0,0,0,0,0,0,0,0,0,0,0,0,0,0,0,0,0,0,0,0,0,0,0,0,0,0,0,0,0),('TABLE','mysql','help_category','PRIMARY',0,0,0,0,0,0,0,0,0,0,0,0,0,0,0,0,0,0,0,0,0,0,0,0,0,0,0,0,0,0,0,0,0,0,0),('TABLE','mysql','help_category','name',0,0,0,0,0,0,0,0,0,0,0,0,0,0,0,0,0,0,0,0,0,0,0,0,0,0,0,0,0,0,0,0,0,0,0),('TABLE','mysql','help_keyword','PRIMARY',0,0,0,0,0,0,0,0,0,0,0,0,0,0,0,0,0,0,0,0,0,0,0,0,0,0,0,0,0,0,0,0,0,0,0),('TABLE','mysql','help_keyword','name',0,0,0,0,0,0,0,0,0,0,0,0,0,0,0,0,0,0,0,0,0,0,0,0,0,0,0,0,0,0,0,0,0,0,0),('TABLE','mysql','help_relation','PRIMARY',0,0,0,0,0,0,0,0,0,0,0,0,0,0,0,0,0,0,0,0,0,0,0,0,0,0,0,0,0,0,0,0,0,0,0),('TABLE','mysql','help_topic','PRIMARY',0,0,0,0,0,0,0,0,0,0,0,0,0,0,0,0,0,0,0,0,0,0,0,0,0,0,0,0,0,0,0,0,0,0,0),('TABLE','mysql','help_topic','name',0,0,0,0,0,0,0,0,0,0,0,0,0,0,0,0,0,0,0,0,0,0,0,0,0,0,0,0,0,0,0,0,0,0,0),('TABLE','mysql','innodb_index_stats','PRIMARY',0,0,0,0,0,0,0,0,0,0,0,0,0,0,0,0,0,0,0,0,0,0,0,0,0,0,0,0,0,0,0,0,0,0,0),('TABLE','mysql','innodb_table_stats','PRIMARY',0,0,0,0,0,0,0,0,0,0,0,0,0,0,0,0,0,0,0,0,0,0,0,0,0,0,0,0,0,0,0,0,0,0,0),('TABLE','mysql','replication_asynchronous_connection_failover','PRIMARY',0,0,0,0,0,0,0,0,0,0,0,0,0,0,0,0,0,0,0,0,0,0,0,0,0,0,0,0,0,0,0,0,0,0,0),('TABLE','mysql','replication_asynchronous_connection_failover','Channel_name',0,0,0,0,0,0,0,0,0,0,0,0,0,0,0,0,0,0,0,0,0,0,0,0,0,0,0,0,0,0,0,0,0,0,0),('TABLE','mysql','replication_asynchronous_connection_failover_managed','PRIMARY',0,0,0,0,0,0,0,0,0,0,0,0,0,0,0,0,0,0,0,0,0,0,0,0,0,0,0,0,0,0,0,0,0,0,0),('TABLE','mysql','replication_group_configuration_version','PRIMARY',0,0,0,0,0,0,0,0,0,0,0,0,0,0,0,0,0,0,0,0,0,0,0,0,0,0,0,0,0,0,0,0,0,0,0),('TABLE','mysql','replication_group_member_actions','PRIMARY',0,0,0,0,0,0,0,0,0,0,0,0,0,0,0,0,0,0,0,0,0,0,0,0,0,0,0,0,0,0,0,0,0,0,0),('TABLE','mysql','replication_group_member_actions','event',0,0,0,0,0,0,0,0,0,0,0,0,0,0,0,0,0,0,0,0,0,0,0,0,0,0,0,0,0,0,0,0,0,0,0),('TABLE','performance_schema','accounts','ACCOUNT',0,0,0,0,0,0,0,0,0,0,0,0,0,0,0,0,0,0,0,0,0,0,0,0,0,0,0,0,0,0,0,0,0,0,0),('TABLE','performance_schema','cond_instances','PRIMARY',0,0,0,0,0,0,0,0,0,0,0,0,0,0,0,0,0,0,0,0,0,0,0,0,0,0,0,0,0,0,0,0,0,0,0),('TABLE','performance_schema','cond_instances','NAME',0,0,0,0,0,0,0,0,0,0,0,0,0,0,0,0,0,0,0,0,0,0,0,0,0,0,0,0,0,0,0,0,0,0,0),('TABLE','performance_schema','data_lock_waits','PRIMARY',0,0,0,0,0,0,0,0,0,0,0,0,0,0,0,0,0,0,0,0,0,0,0,0,0,0,0,0,0,0,0,0,0,0,0),('TABLE','performance_schema','data_lock_waits','REQUESTING_ENGINE_LOCK_ID',0,0,0,0,0,0,0,0,0,0,0,0,0,0,0,0,0,0,0,0,0,0,0,0,0,0,0,0,0,0,0,0,0,0,0),('TABLE','performance_schema','data_lock_waits','BLOCKING_ENGINE_LOCK_ID',0,0,0,0,0,0,0,0,0,0,0,0,0,0,0,0,0,0,0,0,0,0,0,0,0,0,0,0,0,0,0,0,0,0,0),('TABLE','performance_schema','data_lock_waits','REQUESTING_ENGINE_TRANSACTION_ID',0,0,0,0,0,0,0,0,0,0,0,0,0,0,0,0,0,0,0,0,0,0,0,0,0,0,0,0,0,0,0,0,0,0,0),('TABLE','performance_schema','data_lock_waits','BLOCKING_ENGINE_TRANSACTION_ID',0,0,0,0,0,0,0,0,0,0,0,0,0,0,0,0,0,0,0,0,0,0,0,0,0,0,0,0,0,0,0,0,0,0,0),('TABLE','performance_schema','data_lock_waits','REQUESTING_THREAD_ID',0,0,0,0,0,0,0,0,0,0,0,0,0,0,0,0,0,0,0,0,0,0,0,0,0,0,0,0,0,0,0,0,0,0,0),('TABLE','performance_schema','data_lock_waits','BLOCKING_THREAD_ID',0,0,0,0,0,0,0,0,0,0,0,0,0,0,0,0,0,0,0,0,0,0,0,0,0,0,0,0,0,0,0,0,0,0,0),('TABLE','performance_schema','data_locks','PRIMARY',0,0,0,0,0,0,0,0,0,0,0,0,0,0,0,0,0,0,0,0,0,0,0,0,0,0,0,0,0,0,0,0,0,0,0),('TABLE','performance_schema','data_locks','ENGINE_TRANSACTION_ID',0,0,0,0,0,0,0,0,0,0,0,0,0,0,0,0,0,0,0,0,0,0,0,0,0,0,0,0,0,0,0,0,0,0,0),('TABLE','performance_schema','data_locks','THREAD_ID',0,0,0,0,0,0,0,0,0,0,0,0,0,0,0,0,0,0,0,0,0,0,0,0,0,0,0,0,0,0,0,0,0,0,0),('TABLE','performance_schema','data_locks','OBJECT_SCHEMA',0,0,0,0,0,0,0,0,0,0,0,0,0,0,0,0,0,0,0,0,0,0,0,0,0,0,0,0,0,0,0,0,0,0,0),('TABLE','performance_schema','error_log','PRIMARY',0,0,0,0,0,0,0,0,0,0,0,0,0,0,0,0,0,0,0,0,0,0,0,0,0,0,0,0,0,0,0,0,0,0,0),('TABLE','performance_schema','error_log','THREAD_ID',0,0,0,0,0,0,0,0,0,0,0,0,0,0,0,0,0,0,0,0,0,0,0,0,0,0,0,0,0,0,0,0,0,0,0),('TABLE','performance_schema','error_log','PRIO',0,0,0,0,0,0,0,0,0,0,0,0,0,0,0,0,0,0,0,0,0,0,0,0,0,0,0,0,0,0,0,0,0,0,0),('TABLE','performance_schema','error_log','ERROR_CODE',0,0,0,0,0,0,0,0,0,0,0,0,0,0,0,0,0,0,0,0,0,0,0,0,0,0,0,0,0,0,0,0,0,0,0),('TABLE','performance_schema','error_log','SUBSYSTEM',0,0,0,0,0,0,0,0,0,0,0,0,0,0,0,0,0,0,0,0,0,0,0,0,0,0,0,0,0,0,0,0,0,0,0),('TABLE','performance_schema','events_errors_summary_by_account_by_error','ACCOUNT',0,0,0,0,0,0,0,0,0,0,0,0,0,0,0,0,0,0,0,0,0,0,0,0,0,0,0,0,0,0,0,0,0,0,0),('TABLE','performance_schema','events_errors_summary_by_host_by_error','HOST',0,0,0,0,0,0,0,0,0,0,0,0,0,0,0,0,0,0,0,0,0,0,0,0,0,0,0,0,0,0,0,0,0,0,0),('TABLE','performance_schema','events_errors_summary_by_thread_by_error','THREAD_ID',0,0,0,0,0,0,0,0,0,0,0,0,0,0,0,0,0,0,0,0,0,0,0,0,0,0,0,0,0,0,0,0,0,0,0),('TABLE','performance_schema','events_errors_summary_by_user_by_error','USER',0,0,0,0,0,0,0,0,0,0,0,0,0,0,0,0,0,0,0,0,0,0,0,0,0,0,0,0,0,0,0,0,0,0,0),('TABLE','performance_schema','events_errors_summary_global_by_error','ERROR_NUMBER',0,0,0,0,0,0,0,0,0,0,0,0,0,0,0,0,0,0,0,0,0,0,0,0,0,0,0,0,0,0,0,0,0,0,0),('TABLE','performance_schema','events_stages_current','PRIMARY',0,0,0,0,0,0,0,0,0,0,0,0,0,0,0,0,0,0,0,0,0,0,0,0,0,0,0,0,0,0,0,0,0,0,0),('TABLE','performance_schema','events_stages_history','PRIMARY',0,0,0,0,0,0,0,0,0,0,0,0,0,0,0,0,0,0,0,0,0,0,0,0,0,0,0,0,0,0,0,0,0,0,0),('TABLE','performance_schema','events_stages_summary_by_account_by_event_name','ACCOUNT',0,0,0,0,0,0,0,0,0,0,0,0,0,0,0,0,0,0,0,0,0,0,0,0,0,0,0,0,0,0,0,0,0,0,0),('TABLE','performance_schema','events_stages_summary_by_host_by_event_name','HOST',0,0,0,0,0,0,0,0,0,0,0,0,0,0,0,0,0,0,0,0,0,0,0,0,0,0,0,0,0,0,0,0,0,0,0),('TABLE','performance_schema','events_stages_summary_by_thread_by_event_name','PRIMARY',0,0,0,0,0,0,0,0,0,0,0,0,0,0,0,0,0,0,0,0,0,0,0,0,0,0,0,0,0,0,0,0,0,0,0),('TABLE','performance_schema','events_stages_summary_by_user_by_event_name','USER',0,0,0,0,0,0,0,0,0,0,0,0,0,0,0,0,0,0,0,0,0,0,0,0,0,0,0,0,0,0,0,0,0,0,0),('TABLE','performance_schema','events_stages_summary_global_by_event_name','PRIMARY',0,0,0,0,0,0,0,0,0,0,0,0,0,0,0,0,0,0,0,0,0,0,0,0,0,0,0,0,0,0,0,0,0,0,0),('TABLE','performance_schema','events_statements_current','PRIMARY',0,0,0,0,0,0,0,0,0,0,0,0,0,0,0,0,0,0,0,0,0,0,0,0,0,0,0,0,0,0,0,0,0,0,0),('TABLE','performance_schema','events_statements_histogram_by_digest','SCHEMA_NAME',0,0,0,0,0,0,0,0,0,0,0,0,0,0,0,0,0,0,0,0,0,0,0,0,0,0,0,0,0,0,0,0,0,0,0),('TABLE','performance_schema','events_statements_histogram_global','PRIMARY',0,0,0,0,0,0,0,0,0,0,0,0,0,0,0,0,0,0,0,0,0,0,0,0,0,0,0,0,0,0,0,0,0,0,0),('TABLE','performance_schema','events_statements_history','PRIMARY',0,0,0,0,0,0,0,0,0,0,0,0,0,0,0,0,0,0,0,0,0,0,0,0,0,0,0,0,0,0,0,0,0,0,0),('TABLE','performance_schema','events_statements_summary_by_account_by_event_name','ACCOUNT',0,0,0,0,0,0,0,0,0,0,0,0,0,0,0,0,0,0,0,0,0,0,0,0,0,0,0,0,0,0,0,0,0,0,0),('TABLE','performance_schema','events_statements_summary_by_digest','SCHEMA_NAME',0,0,0,0,0,0,0,0,0,0,0,0,0,0,0,0,0,0,0,0,0,0,0,0,0,0,0,0,0,0,0,0,0,0,0),('TABLE','performance_schema','events_statements_summary_by_host_by_event_name','HOST',0,0,0,0,0,0,0,0,0,0,0,0,0,0,0,0,0,0,0,0,0,0,0,0,0,0,0,0,0,0,0,0,0,0,0),('TABLE','performance_schema','events_statements_summary_by_program','PRIMARY',0,0,0,0,0,0,0,0,0,0,0,0,0,0,0,0,0,0,0,0,0,0,0,0,0,0,0,0,0,0,0,0,0,0,0),('TABLE','performance_schema','events_statements_summary_by_thread_by_event_name','PRIMARY',0,0,0,0,0,0,0,0,0,0,0,0,0,0,0,0,0,0,0,0,0,0,0,0,0,0,0,0,0,0,0,0,0,0,0),('TABLE','performance_schema','events_statements_summary_by_user_by_event_name','USER',0,0,0,0,0,0,0,0,0,0,0,0,0,0,0,0,0,0,0,0,0,0,0,0,0,0,0,0,0,0,0,0,0,0,0),('TABLE','performance_schema','events_statements_summary_global_by_event_name','PRIMARY',0,0,0,0,0,0,0,0,0,0,0,0,0,0,0,0,0,0,0,0,0,0,0,0,0,0,0,0,0,0,0,0,0,0,0),('TABLE','performance_schema','events_transactions_current','PRIMARY',0,0,0,0,0,0,0,0,0,0,0,0,0,0,0,0,0,0,0,0,0,0,0,0,0,0,0,0,0,0,0,0,0,0,0),('TABLE','performance_schema','events_transactions_history','PRIMARY',0,0,0,0,0,0,0,0,0,0,0,0,0,0,0,0,0,0,0,0,0,0,0,0,0,0,0,0,0,0,0,0,0,0,0),('TABLE','performance_schema','events_transactions_summary_by_account_by_event_name','ACCOUNT',0,0,0,0,0,0,0,0,0,0,0,0,0,0,0,0,0,0,0,0,0,0,0,0,0,0,0,0,0,0,0,0,0,0,0),('TABLE','performance_schema','events_transactions_summary_by_host_by_event_name','HOST',0,0,0,0,0,0,0,0,0,0,0,0,0,0,0,0,0,0,0,0,0,0,0,0,0,0,0,0,0,0,0,0,0,0,0),('TABLE','performance_schema','events_transactions_summary_by_thread_by_event_name','PRIMARY',0,0,0,0,0,0,0,0,0,0,0,0,0,0,0,0,0,0,0,0,0,0,0,0,0,0,0,0,0,0,0,0,0,0,0),('TABLE','performance_schema','events_transactions_summary_by_user_by_event_name','USER',0,0,0,0,0,0,0,0,0,0,0,0,0,0,0,0,0,0,0,0,0,0,0,0,0,0,0,0,0,0,0,0,0,0,0),('TABLE','performance_schema','events_transactions_summary_global_by_event_name','PRIMARY',0,0,0,0,0,0,0,0,0,0,0,0,0,0,0,0,0,0,0,0,0,0,0,0,0,0,0,0,0,0,0,0,0,0,0),('TABLE','performance_schema','events_waits_current','PRIMARY',0,0,0,0,0,0,0,0,0,0,0,0,0,0,0,0,0,0,0,0,0,0,0,0,0,0,0,0,0,0,0,0,0,0,0),('TABLE','performance_schema','events_waits_history','PRIMARY',0,0,0,0,0,0,0,0,0,0,0,0,0,0,0,0,0,0,0,0,0,0,0,0,0,0,0,0,0,0,0,0,0,0,0),('TABLE','performance_schema','events_waits_summary_by_account_by_event_name','ACCOUNT',0,0,0,0,0,0,0,0,0,0,0,0,0,0,0,0,0,0,0,0,0,0,0,0,0,0,0,0,0,0,0,0,0,0,0),('TABLE','performance_schema','events_waits_summary_by_host_by_event_name','HOST',0,0,0,0,0,0,0,0,0,0,0,0,0,0,0,0,0,0,0,0,0,0,0,0,0,0,0,0,0,0,0,0,0,0,0),('TABLE','performance_schema','events_waits_summary_by_instance','PRIMARY',0,0,0,0,0,0,0,0,0,0,0,0,0,0,0,0,0,0,0,0,0,0,0,0,0,0,0,0,0,0,0,0,0,0,0),('TABLE','performance_schema','events_waits_summary_by_instance','EVENT_NAME',0,0,0,0,0,0,0,0,0,0,0,0,0,0,0,0,0,0,0,0,0,0,0,0,0,0,0,0,0,0,0,0,0,0,0),('TABLE','performance_schema','events_waits_summary_by_thread_by_event_name','PRIMARY',0,0,0,0,0,0,0,0,0,0,0,0,0,0,0,0,0,0,0,0,0,0,0,0,0,0,0,0,0,0,0,0,0,0,0),('TABLE','performance_schema','events_waits_summary_by_user_by_event_name','USER',0,0,0,0,0,0,0,0,0,0,0,0,0,0,0,0,0,0,0,0,0,0,0,0,0,0,0,0,0,0,0,0,0,0,0),('TABLE','performance_schema','events_waits_summary_global_by_event_name','PRIMARY',0,0,0,0,0,0,0,0,0,0,0,0,0,0,0,0,0,0,0,0,0,0,0,0,0,0,0,0,0,0,0,0,0,0,0),('TABLE','performance_schema','file_instances','PRIMARY',0,0,0,0,0,0,0,0,0,0,0,0,0,0,0,0,0,0,0,0,0,0,0,0,0,0,0,0,0,0,0,0,0,0,0),('TABLE','performance_schema','file_instances','EVENT_NAME',0,0,0,0,0,0,0,0,0,0,0,0,0,0,0,0,0,0,0,0,0,0,0,0,0,0,0,0,0,0,0,0,0,0,0),('TABLE','performance_schema','file_summary_by_event_name','PRIMARY',0,0,0,0,0,0,0,0,0,0,0,0,0,0,0,0,0,0,0,0,0,0,0,0,0,0,0,0,0,0,0,0,0,0,0),('TABLE','performance_schema','file_summary_by_instance','PRIMARY',0,0,0,0,0,0,0,0,0,0,0,0,0,0,0,0,0,0,0,0,0,0,0,0,0,0,0,0,0,0,0,0,0,0,0),('TABLE','performance_schema','file_summary_by_instance','FILE_NAME',0,0,0,0,0,0,0,0,0,0,0,0,0,0,0,0,0,0,0,0,0,0,0,0,0,0,0,0,0,0,0,0,0,0,0),('TABLE','performance_schema','file_summary_by_instance','EVENT_NAME',0,0,0,0,0,0,0,0,0,0,0,0,0,0,0,0,0,0,0,0,0,0,0,0,0,0,0,0,0,0,0,0,0,0,0),('TABLE','performance_schema','global_status','PRIMARY',0,0,0,0,0,0,0,0,0,0,0,0,0,0,0,0,0,0,0,0,0,0,0,0,0,0,0,0,0,0,0,0,0,0,0),('TABLE','performance_schema','global_variables','PRIMARY',0,0,0,0,0,0,0,0,0,0,0,0,0,0,0,0,0,0,0,0,0,0,0,0,0,0,0,0,0,0,0,0,0,0,0),('TABLE','performance_schema','host_cache','PRIMARY',0,0,0,0,0,0,0,0,0,0,0,0,0,0,0,0,0,0,0,0,0,0,0,0,0,0,0,0,0,0,0,0,0,0,0),('TABLE','performance_schema','host_cache','HOST',0,0,0,0,0,0,0,0,0,0,0,0,0,0,0,0,0,0,0,0,0,0,0,0,0,0,0,0,0,0,0,0,0,0,0),('TABLE','performance_schema','hosts','HOST',0,0,0,0,0,0,0,0,0,0,0,0,0,0,0,0,0,0,0,0,0,0,0,0,0,0,0,0,0,0,0,0,0,0,0),('TABLE','performance_schema','memory_summary_by_account_by_event_name','ACCOUNT',0,0,0,0,0,0,0,0,0,0,0,0,0,0,0,0,0,0,0,0,0,0,0,0,0,0,0,0,0,0,0,0,0,0,0),('TABLE','performance_schema','memory_summary_by_host_by_event_name','HOST',0,0,0,0,0,0,0,0,0,0,0,0,0,0,0,0,0,0,0,0,0,0,0,0,0,0,0,0,0,0,0,0,0,0,0),('TABLE','performance_schema','memory_summary_by_thread_by_event_name','PRIMARY',0,0,0,0,0,0,0,0,0,0,0,0,0,0,0,0,0,0,0,0,0,0,0,0,0,0,0,0,0,0,0,0,0,0,0),('TABLE','performance_schema','memory_summary_by_user_by_event_name','USER',0,0,0,0,0,0,0,0,0,0,0,0,0,0,0,0,0,0,0,0,0,0,0,0,0,0,0,0,0,0,0,0,0,0,0),('TABLE','performance_schema','memory_summary_global_by_event_name','PRIMARY',0,0,0,0,0,0,0,0,0,0,0,0,0,0,0,0,0,0,0,0,0,0,0,0,0,0,0,0,0,0,0,0,0,0,0),('TABLE','performance_schema','metadata_locks','PRIMARY',0,0,0,0,0,0,0,0,0,0,0,0,0,0,0,0,0,0,0,0,0,0,0,0,0,0,0,0,0,0,0,0,0,0,0),('TABLE','performance_schema','metadata_locks','OBJECT_TYPE',0,0,0,0,0,0,0,0,0,0,0,0,0,0,0,0,0,0,0,0,0,0,0,0,0,0,0,0,0,0,0,0,0,0,0),('TABLE','performance_schema','metadata_locks','OWNER_THREAD_ID',0,0,0,0,0,0,0,0,0,0,0,0,0,0,0,0,0,0,0,0,0,0,0,0,0,0,0,0,0,0,0,0,0,0,0),('TABLE','performance_schema','mutex_instances','PRIMARY',0,0,0,0,0,0,0,0,0,0,0,0,0,0,0,0,0,0,0,0,0,0,0,0,0,0,0,0,0,0,0,0,0,0,0),('TABLE','performance_schema','mutex_instances','NAME',0,0,0,0,0,0,0,0,0,0,0,0,0,0,0,0,0,0,0,0,0,0,0,0,0,0,0,0,0,0,0,0,0,0,0),('TABLE','performance_schema','mutex_instances','LOCKED_BY_THREAD_ID',0,0,0,0,0,0,0,0,0,0,0,0,0,0,0,0,0,0,0,0,0,0,0,0,0,0,0,0,0,0,0,0,0,0,0),('TABLE','performance_schema','objects_summary_global_by_type','OBJECT',0,0,0,0,0,0,0,0,0,0,0,0,0,0,0,0,0,0,0,0,0,0,0,0,0,0,0,0,0,0,0,0,0,0,0),('TABLE','performance_schema','persisted_variables','PRIMARY',0,0,0,0,0,0,0,0,0,0,0,0,0,0,0,0,0,0,0,0,0,0,0,0,0,0,0,0,0,0,0,0,0,0,0),('TABLE','performance_schema','prepared_statements_instances','PRIMARY',0,0,0,0,0,0,0,0,0,0,0,0,0,0,0,0,0,0,0,0,0,0,0,0,0,0,0,0,0,0,0,0,0,0,0),('TABLE','performance_schema','prepared_statements_instances','OWNER_THREAD_ID',0,0,0,0,0,0,0,0,0,0,0,0,0,0,0,0,0,0,0,0,0,0,0,0,0,0,0,0,0,0,0,0,0,0,0),('TABLE','performance_schema','prepared_statements_instances','STATEMENT_ID',0,0,0,0,0,0,0,0,0,0,0,0,0,0,0,0,0,0,0,0,0,0,0,0,0,0,0,0,0,0,0,0,0,0,0),('TABLE','performance_schema','prepared_statements_instances','STATEMENT_NAME',0,0,0,0,0,0,0,0,0,0,0,0,0,0,0,0,0,0,0,0,0,0,0,0,0,0,0,0,0,0,0,0,0,0,0),('TABLE','performance_schema','prepared_statements_instances','OWNER_OBJECT_TYPE',0,0,0,0,0,0,0,0,0,0,0,0,0,0,0,0,0,0,0,0,0,0,0,0,0,0,0,0,0,0,0,0,0,0,0),('TABLE','performance_schema','processlist','PRIMARY',0,0,0,0,0,0,0,0,0,0,0,0,0,0,0,0,0,0,0,0,0,0,0,0,0,0,0,0,0,0,0,0,0,0,0),('TABLE','performance_schema','replication_applier_configuration','PRIMARY',0,0,0,0,0,0,0,0,0,0,0,0,0,0,0,0,0,0,0,0,0,0,0,0,0,0,0,0,0,0,0,0,0,0,0),('TABLE','performance_schema','replication_applier_status','PRIMARY',0,0,0,0,0,0,0,0,0,0,0,0,0,0,0,0,0,0,0,0,0,0,0,0,0,0,0,0,0,0,0,0,0,0,0),('TABLE','performance_schema','replication_applier_status_by_coordinator','PRIMARY',0,0,0,0,0,0,0,0,0,0,0,0,0,0,0,0,0,0,0,0,0,0,0,0,0,0,0,0,0,0,0,0,0,0,0),('TABLE','performance_schema','replication_applier_status_by_coordinator','THREAD_ID',0,0,0,0,0,0,0,0,0,0,0,0,0,0,0,0,0,0,0,0,0,0,0,0,0,0,0,0,0,0,0,0,0,0,0),('TABLE','performance_schema','replication_applier_status_by_worker','PRIMARY',0,0,0,0,0,0,0,0,0,0,0,0,0,0,0,0,0,0,0,0,0,0,0,0,0,0,0,0,0,0,0,0,0,0,0),('TABLE','performance_schema','replication_applier_status_by_worker','THREAD_ID',0,0,0,0,0,0,0,0,0,0,0,0,0,0,0,0,0,0,0,0,0,0,0,0,0,0,0,0,0,0,0,0,0,0,0),('TABLE','performance_schema','replication_connection_configuration','PRIMARY',0,0,0,0,0,0,0,0,0,0,0,0,0,0,0,0,0,0,0,0,0,0,0,0,0,0,0,0,0,0,0,0,0,0,0),('TABLE','performance_schema','replication_connection_status','PRIMARY',0,0,0,0,0,0,0,0,0,0,0,0,0,0,0,0,0,0,0,0,0,0,0,0,0,0,0,0,0,0,0,0,0,0,0),('TABLE','performance_schema','replication_connection_status','THREAD_ID',0,0,0,0,0,0,0,0,0,0,0,0,0,0,0,0,0,0,0,0,0,0,0,0,0,0,0,0,0,0,0,0,0,0,0),('TABLE','performance_schema','rwlock_instances','PRIMARY',0,0,0,0,0,0,0,0,0,0,0,0,0,0,0,0,0,0,0,0,0,0,0,0,0,0,0,0,0,0,0,0,0,0,0),('TABLE','performance_schema','rwlock_instances','NAME',0,0,0,0,0,0,0,0,0,0,0,0,0,0,0,0,0,0,0,0,0,0,0,0,0,0,0,0,0,0,0,0,0,0,0),('TABLE','performance_schema','rwlock_instances','WRITE_LOCKED_BY_THREAD_ID',0,0,0,0,0,0,0,0,0,0,0,0,0,0,0,0,0,0,0,0,0,0,0,0,0,0,0,0,0,0,0,0,0,0,0),('TABLE','performance_schema','session_account_connect_attrs','PRIMARY',0,0,0,0,0,0,0,0,0,0,0,0,0,0,0,0,0,0,0,0,0,0,0,0,0,0,0,0,0,0,0,0,0,0,0),('TABLE','performance_schema','session_connect_attrs','PRIMARY',0,0,0,0,0,0,0,0,0,0,0,0,0,0,0,0,0,0,0,0,0,0,0,0,0,0,0,0,0,0,0,0,0,0,0),('TABLE','performance_schema','session_status','PRIMARY',0,0,0,0,0,0,0,0,0,0,0,0,0,0,0,0,0,0,0,0,0,0,0,0,0,0,0,0,0,0,0,0,0,0,0),('TABLE','performance_schema','setup_actors','PRIMARY',0,0,0,0,0,0,0,0,0,0,0,0,0,0,0,0,0,0,0,0,0,0,0,0,0,0,0,0,0,0,0,0,0,0,0),('TABLE','performance_schema','setup_consumers','PRIMARY',0,0,0,0,0,0,0,0,0,0,0,0,0,0,0,0,0,0,0,0,0,0,0,0,0,0,0,0,0,0,0,0,0,0,0),('TABLE','performance_schema','setup_instruments','PRIMARY',0,0,0,0,0,0,0,0,0,0,0,0,0,0,0,0,0,0,0,0,0,0,0,0,0,0,0,0,0,0,0,0,0,0,0),('TABLE','performance_schema','setup_objects','OBJECT',0,0,0,0,0,0,0,0,0,0,0,0,0,0,0,0,0,0,0,0,0,0,0,0,0,0,0,0,0,0,0,0,0,0,0),('TABLE','performance_schema','setup_threads','PRIMARY',0,0,0,0,0,0,0,0,0,0,0,0,0,0,0,0,0,0,0,0,0,0,0,0,0,0,0,0,0,0,0,0,0,0,0),('TABLE','performance_schema','socket_instances','PRIMARY',0,0,0,0,0,0,0,0,0,0,0,0,0,0,0,0,0,0,0,0,0,0,0,0,0,0,0,0,0,0,0,0,0,0,0),('TABLE','performance_schema','socket_instances','THREAD_ID',0,0,0,0,0,0,0,0,0,0,0,0,0,0,0,0,0,0,0,0,0,0,0,0,0,0,0,0,0,0,0,0,0,0,0),('TABLE','performance_schema','socket_instances','SOCKET_ID',0,0,0,0,0,0,0,0,0,0,0,0,0,0,0,0,0,0,0,0,0,0,0,0,0,0,0,0,0,0,0,0,0,0,0),('TABLE','performance_schema','socket_instances','IP',0,0,0,0,0,0,0,0,0,0,0,0,0,0,0,0,0,0,0,0,0,0,0,0,0,0,0,0,0,0,0,0,0,0,0),('TABLE','performance_schema','socket_summary_by_event_name','PRIMARY',0,0,0,0,0,0,0,0,0,0,0,0,0,0,0,0,0,0,0,0,0,0,0,0,0,0,0,0,0,0,0,0,0,0,0),('TABLE','performance_schema','socket_summary_by_instance','PRIMARY',0,0,0,0,0,0,0,0,0,0,0,0,0,0,0,0,0,0,0,0,0,0,0,0,0,0,0,0,0,0,0,0,0,0,0),('TABLE','performance_schema','socket_summary_by_instance','EVENT_NAME',0,0,0,0,0,0,0,0,0,0,0,0,0,0,0,0,0,0,0,0,0,0,0,0,0,0,0,0,0,0,0,0,0,0,0),('TABLE','performance_schema','status_by_account','ACCOUNT',0,0,0,0,0,0,0,0,0,0,0,0,0,0,0,0,0,0,0,0,0,0,0,0,0,0,0,0,0,0,0,0,0,0,0),('TABLE','performance_schema','status_by_host','HOST',0,0,0,0,0,0,0,0,0,0,0,0,0,0,0,0,0,0,0,0,0,0,0,0,0,0,0,0,0,0,0,0,0,0,0),('TABLE','performance_schema','status_by_thread','PRIMARY',0,0,0,0,0,0,0,0,0,0,0,0,0,0,0,0,0,0,0,0,0,0,0,0,0,0,0,0,0,0,0,0,0,0,0),('TABLE','performance_schema','status_by_user','USER',0,0,0,0,0,0,0,0,0,0,0,0,0,0,0,0,0,0,0,0,0,0,0,0,0,0,0,0,0,0,0,0,0,0,0),('TABLE','performance_schema','table_handles','PRIMARY',0,0,0,0,0,0,0,0,0,0,0,0,0,0,0,0,0,0,0,0,0,0,0,0,0,0,0,0,0,0,0,0,0,0,0),('TABLE','performance_schema','table_handles','OBJECT_TYPE',0,0,0,0,0,0,0,0,0,0,0,0,0,0,0,0,0,0,0,0,0,0,0,0,0,0,0,0,0,0,0,0,0,0,0),('TABLE','performance_schema','table_handles','OWNER_THREAD_ID',0,0,0,0,0,0,0,0,0,0,0,0,0,0,0,0,0,0,0,0,0,0,0,0,0,0,0,0,0,0,0,0,0,0,0),('TABLE','performance_schema','table_io_waits_summary_by_index_usage','OBJECT',0,0,0,0,0,0,0,0,0,0,0,0,0,0,0,0,0,0,0,0,0,0,0,0,0,0,0,0,0,0,0,0,0,0,0),('TABLE','performance_schema','table_io_waits_summary_by_table','OBJECT',0,0,0,0,0,0,0,0,0,0,0,0,0,0,0,0,0,0,0,0,0,0,0,0,0,0,0,0,0,0,0,0,0,0,0),('TABLE','performance_schema','table_lock_waits_summary_by_table','OBJECT',0,0,0,0,0,0,0,0,0,0,0,0,0,0,0,0,0,0,0,0,0,0,0,0,0,0,0,0,0,0,0,0,0,0,0),('TABLE','performance_schema','threads','PRIMARY',0,0,0,0,0,0,0,0,0,0,0,0,0,0,0,0,0,0,0,0,0,0,0,0,0,0,0,0,0,0,0,0,0,0,0),('TABLE','performance_schema','threads','PROCESSLIST_ID',0,0,0,0,0,0,0,0,0,0,0,0,0,0,0,0,0,0,0,0,0,0,0,0,0,0,0,0,0,0,0,0,0,0,0),('TABLE','performance_schema','threads','THREAD_OS_ID',0,0,0,0,0,0,0,0,0,0,0,0,0,0,0,0,0,0,0,0,0,0,0,0,0,0,0,0,0,0,0,0,0,0,0),('TABLE','performance_schema','threads','NAME',0,0,0,0,0,0,0,0,0,0,0,0,0,0,0,0,0,0,0,0,0,0,0,0,0,0,0,0,0,0,0,0,0,0,0),('TABLE','performance_schema','threads','PROCESSLIST_ACCOUNT',0,0,0,0,0,0,0,0,0,0,0,0,0,0,0,0,0,0,0,0,0,0,0,0,0,0,0,0,0,0,0,0,0,0,0),('TABLE','performance_schema','threads','PROCESSLIST_HOST',0,0,0,0,0,0,0,0,0,0,0,0,0,0,0,0,0,0,0,0,0,0,0,0,0,0,0,0,0,0,0,0,0,0,0),('TABLE','performance_schema','threads','RESOURCE_GROUP',0,0,0,0,0,0,0,0,0,0,0,0,0,0,0,0,0,0,0,0,0,0,0,0,0,0,0,0,0,0,0,0,0,0,0),('TABLE','performance_schema','user_defined_functions','PRIMARY',0,0,0,0,0,0,0,0,0,0,0,0,0,0,0,0,0,0,0,0,0,0,0,0,0,0,0,0,0,0,0,0,0,0,0),('TABLE','performance_schema','user_variables_by_thread','PRIMARY',0,0,0,0,0,0,0,0,0,0,0,0,0,0,0,0,0,0,0,0,0,0,0,0,0,0,0,0,0,0,0,0,0,0,0),('TABLE','performance_schema','users','USER',0,0,0,0,0,0,0,0,0,0,0,0,0,0,0,0,0,0,0,0,0,0,0,0,0,0,0,0,0,0,0,0,0,0,0),('TABLE','performance_schema','variables_by_thread','PRIMARY',0,0,0,0,0,0,0,0,0,0,0,0,0,0,0,0,0,0,0,0,0,0,0,0,0,0,0,0,0,0,0,0,0,0,0),('TABLE','mysql','parameter_type_elements','PRIMARY',0,0,0,0,0,0,0,0,0,0,0,0,0,0,0,0,0,0,0,0,0,0,0,0,0,0,0,0,0,0,0,0,0,0,0),('TABLE','mysql','parameters','PRIMARY',0,0,0,0,0,0,0,0,0,0,0,0,0,0,0,0,0,0,0,0,0,0,0,0,0,0,0,0,0,0,0,0,0,0,0),('TABLE','mysql','parameters','routine_id',0,0,0,0,0,0,0,0,0,0,0,0,0,0,0,0,0,0,0,0,0,0,0,0,0,0,0,0,0,0,0,0,0,0,0),('TABLE','mysql','parameters','collation_id',0,0,0,0,0,0,0,0,0,0,0,0,0,0,0,0,0,0,0,0,0,0,0,0,0,0,0,0,0,0,0,0,0,0,0),('TABLE','mysql','routines','PRIMARY',0,0,0,0,0,0,0,0,0,0,0,0,0,0,0,0,0,0,0,0,0,0,0,0,0,0,0,0,0,0,0,0,0,0,0),('TABLE','mysql','routines','schema_id',0,0,0,0,0,0,0,0,0,0,0,0,0,0,0,0,0,0,0,0,0,0,0,0,0,0,0,0,0,0,0,0,0,0,0),('TABLE','mysql','routines','result_collation_id',0,0,0,0,0,0,0,0,0,0,0,0,0,0,0,0,0,0,0,0,0,0,0,0,0,0,0,0,0,0,0,0,0,0,0),('TABLE','mysql','routines','client_collation_id',0,0,0,0,0,0,0,0,0,0,0,0,0,0,0,0,0,0,0,0,0,0,0,0,0,0,0,0,0,0,0,0,0,0,0),('TABLE','mysql','routines','connection_collation_id',0,0,0,0,0,0,0,0,0,0,0,0,0,0,0,0,0,0,0,0,0,0,0,0,0,0,0,0,0,0,0,0,0,0,0),('TABLE','mysql','routines','schema_collation_id',0,0,0,0,0,0,0,0,0,0,0,0,0,0,0,0,0,0,0,0,0,0,0,0,0,0,0,0,0,0,0,0,0,0,0),('TABLE','mysql','routines','definer',0,0,0,0,0,0,0,0,0,0,0,0,0,0,0,0,0,0,0,0,0,0,0,0,0,0,0,0,0,0,0,0,0,0,0),('TABLE','sys','sys_config','PRIMARY',0,0,0,0,0,0,0,0,0,0,0,0,0,0,0,0,0,0,0,0,0,0,0,0,0,0,0,0,0,0,0,0,0,0,0),('TABLE','sys','sys_config',NULL,480,11986559712,14330034,24971904,9000593613,480,11986559712,14330034,24971904,9000593613,0,0,0,0,0,480,11986559712,14330034,24971904,9000593613,0,0,0,0,0,0,0,0,0,0,0,0,0,0,0);

--
-- Table structure for table `table_io_waits_summary_by_table`
--

CREATE TABLE `table_io_waits_summary_by_table` (
  `OBJECT_TYPE` varchar(64) DEFAULT NULL,
  `OBJECT_SCHEMA` varchar(64) DEFAULT NULL,
  `OBJECT_NAME` varchar(64) DEFAULT NULL,
  `COUNT_STAR` bigint unsigned NOT NULL,
  `SUM_TIMER_WAIT` bigint unsigned NOT NULL,
  `MIN_TIMER_WAIT` bigint unsigned NOT NULL,
  `AVG_TIMER_WAIT` bigint unsigned NOT NULL,
  `MAX_TIMER_WAIT` bigint unsigned NOT NULL,
  `COUNT_READ` bigint unsigned NOT NULL,
  `SUM_TIMER_READ` bigint unsigned NOT NULL,
  `MIN_TIMER_READ` bigint unsigned NOT NULL,
  `AVG_TIMER_READ` bigint unsigned NOT NULL,
  `MAX_TIMER_READ` bigint unsigned NOT NULL,
  `COUNT_WRITE` bigint unsigned NOT NULL,
  `SUM_TIMER_WRITE` bigint unsigned NOT NULL,
  `MIN_TIMER_WRITE` bigint unsigned NOT NULL,
  `AVG_TIMER_WRITE` bigint unsigned NOT NULL,
  `MAX_TIMER_WRITE` bigint unsigned NOT NULL,
  `COUNT_FETCH` bigint unsigned NOT NULL,
  `SUM_TIMER_FETCH` bigint unsigned NOT NULL,
  `MIN_TIMER_FETCH` bigint unsigned NOT NULL,
  `AVG_TIMER_FETCH` bigint unsigned NOT NULL,
  `MAX_TIMER_FETCH` bigint unsigned NOT NULL,
  `COUNT_INSERT` bigint unsigned NOT NULL,
  `SUM_TIMER_INSERT` bigint unsigned NOT NULL,
  `MIN_TIMER_INSERT` bigint unsigned NOT NULL,
  `AVG_TIMER_INSERT` bigint unsigned NOT NULL,
  `MAX_TIMER_INSERT` bigint unsigned NOT NULL,
  `COUNT_UPDATE` bigint unsigned NOT NULL,
  `SUM_TIMER_UPDATE` bigint unsigned NOT NULL,
  `MIN_TIMER_UPDATE` bigint unsigned NOT NULL,
  `AVG_TIMER_UPDATE` bigint unsigned NOT NULL,
  `MAX_TIMER_UPDATE` bigint unsigned NOT NULL,
  `COUNT_DELETE` bigint unsigned NOT NULL,
  `SUM_TIMER_DELETE` bigint unsigned NOT NULL,
  `MIN_TIMER_DELETE` bigint unsigned NOT NULL,
  `AVG_TIMER_DELETE` bigint unsigned NOT NULL,
  `MAX_TIMER_DELETE` bigint unsigned NOT NULL,
  UNIQUE KEY `OBJECT` (`OBJECT_TYPE`,`OBJECT_SCHEMA`,`OBJECT_NAME`)
) ENGINE=PERFORMANCE_SCHEMA DEFAULT CHARSET=utf8mb4 COLLATE=utf8mb4_0900_ai_ci;

--
-- Dumping data for table `table_io_waits_summary_by_table`
--

INSERT INTO `table_io_waits_summary_by_table` VALUES ('TABLE','mysql','dd_properties',0,0,0,0,0,0,0,0,0,0,0,0,0,0,0,0,0,0,0,0,0,0,0,0,0,0,0,0,0,0,0,0,0,0,0),('TABLE','mysql','schemata',0,0,0,0,0,0,0,0,0,0,0,0,0,0,0,0,0,0,0,0,0,0,0,0,0,0,0,0,0,0,0,0,0,0,0),('TABLE','mysql','tablespace_files',0,0,0,0,0,0,0,0,0,0,0,0,0,0,0,0,0,0,0,0,0,0,0,0,0,0,0,0,0,0,0,0,0,0,0),('TABLE','mysql','tablespaces',0,0,0,0,0,0,0,0,0,0,0,0,0,0,0,0,0,0,0,0,0,0,0,0,0,0,0,0,0,0,0,0,0,0,0),('TABLE','mysql','check_constraints',0,0,0,0,0,0,0,0,0,0,0,0,0,0,0,0,0,0,0,0,0,0,0,0,0,0,0,0,0,0,0,0,0,0,0),('TABLE','mysql','column_type_elements',0,0,0,0,0,0,0,0,0,0,0,0,0,0,0,0,0,0,0,0,0,0,0,0,0,0,0,0,0,0,0,0,0,0,0),('TABLE','mysql','columns',0,0,0,0,0,0,0,0,0,0,0,0,0,0,0,0,0,0,0,0,0,0,0,0,0,0,0,0,0,0,0,0,0,0,0),('TABLE','mysql','foreign_key_column_usage',0,0,0,0,0,0,0,0,0,0,0,0,0,0,0,0,0,0,0,0,0,0,0,0,0,0,0,0,0,0,0,0,0,0,0),('TABLE','mysql','foreign_keys',0,0,0,0,0,0,0,0,0,0,0,0,0,0,0,0,0,0,0,0,0,0,0,0,0,0,0,0,0,0,0,0,0,0,0),('TABLE','mysql','index_column_usage',0,0,0,0,0,0,0,0,0,0,0,0,0,0,0,0,0,0,0,0,0,0,0,0,0,0,0,0,0,0,0,0,0,0,0),('TABLE','mysql','index_partitions',0,0,0,0,0,0,0,0,0,0,0,0,0,0,0,0,0,0,0,0,0,0,0,0,0,0,0,0,0,0,0,0,0,0,0),('TABLE','mysql','indexes',0,0,0,0,0,0,0,0,0,0,0,0,0,0,0,0,0,0,0,0,0,0,0,0,0,0,0,0,0,0,0,0,0,0,0),('TABLE','mysql','table_partition_values',0,0,0,0,0,0,0,0,0,0,0,0,0,0,0,0,0,0,0,0,0,0,0,0,0,0,0,0,0,0,0,0,0,0,0),('TABLE','mysql','table_partitions',0,0,0,0,0,0,0,0,0,0,0,0,0,0,0,0,0,0,0,0,0,0,0,0,0,0,0,0,0,0,0,0,0,0,0),('TABLE','mysql','tables',0,0,0,0,0,0,0,0,0,0,0,0,0,0,0,0,0,0,0,0,0,0,0,0,0,0,0,0,0,0,0,0,0,0,0),('TABLE','mysql','triggers',0,0,0,0,0,0,0,0,0,0,0,0,0,0,0,0,0,0,0,0,0,0,0,0,0,0,0,0,0,0,0,0,0,0,0),('TABLE','mysql','view_routine_usage',0,0,0,0,0,0,0,0,0,0,0,0,0,0,0,0,0,0,0,0,0,0,0,0,0,0,0,0,0,0,0,0,0,0,0),('TABLE','mysql','view_table_usage',0,0,0,0,0,0,0,0,0,0,0,0,0,0,0,0,0,0,0,0,0,0,0,0,0,0,0,0,0,0,0,0,0,0,0),('TABLE','mysql','collations',0,0,0,0,0,0,0,0,0,0,0,0,0,0,0,0,0,0,0,0,0,0,0,0,0,0,0,0,0,0,0,0,0,0,0),('TABLE','mysql','character_sets',0,0,0,0,0,0,0,0,0,0,0,0,0,0,0,0,0,0,0,0,0,0,0,0,0,0,0,0,0,0,0,0,0,0,0),('TABLE','mysql','plugin',0,0,0,0,0,0,0,0,0,0,0,0,0,0,0,0,0,0,0,0,0,0,0,0,0,0,0,0,0,0,0,0,0,0,0),('TABLE','mysql','server_cost',0,0,0,0,0,0,0,0,0,0,0,0,0,0,0,0,0,0,0,0,0,0,0,0,0,0,0,0,0,0,0,0,0,0,0),('TABLE','mysql','engine_cost',0,0,0,0,0,0,0,0,0,0,0,0,0,0,0,0,0,0,0,0,0,0,0,0,0,0,0,0,0,0,0,0,0,0,0),('TABLE','mysql','resource_groups',0,0,0,0,0,0,0,0,0,0,0,0,0,0,0,0,0,0,0,0,0,0,0,0,0,0,0,0,0,0,0,0,0,0,0),('TABLE','mysql','gtid_executed',0,0,0,0,0,0,0,0,0,0,0,0,0,0,0,0,0,0,0,0,0,0,0,0,0,0,0,0,0,0,0,0,0,0,0),('TABLE','mysql','index_stats',0,0,0,0,0,0,0,0,0,0,0,0,0,0,0,0,0,0,0,0,0,0,0,0,0,0,0,0,0,0,0,0,0,0,0),('TABLE','mysql','table_stats',0,0,0,0,0,0,0,0,0,0,0,0,0,0,0,0,0,0,0,0,0,0,0,0,0,0,0,0,0,0,0,0,0,0,0),('TABLE','mysql','component',0,0,0,0,0,0,0,0,0,0,0,0,0,0,0,0,0,0,0,0,0,0,0,0,0,0,0,0,0,0,0,0,0,0,0),('TABLE','mysql','user',0,0,0,0,0,0,0,0,0,0,0,0,0,0,0,0,0,0,0,0,0,0,0,0,0,0,0,0,0,0,0,0,0,0,0),('TABLE','mysql','db',0,0,0,0,0,0,0,0,0,0,0,0,0,0,0,0,0,0,0,0,0,0,0,0,0,0,0,0,0,0,0,0,0,0,0),('TABLE','mysql','tables_priv',0,0,0,0,0,0,0,0,0,0,0,0,0,0,0,0,0,0,0,0,0,0,0,0,0,0,0,0,0,0,0,0,0,0,0),('TABLE','mysql','columns_priv',0,0,0,0,0,0,0,0,0,0,0,0,0,0,0,0,0,0,0,0,0,0,0,0,0,0,0,0,0,0,0,0,0,0,0),('TABLE','mysql','procs_priv',0,0,0,0,0,0,0,0,0,0,0,0,0,0,0,0,0,0,0,0,0,0,0,0,0,0,0,0,0,0,0,0,0,0,0),('TABLE','mysql','proxies_priv',0,0,0,0,0,0,0,0,0,0,0,0,0,0,0,0,0,0,0,0,0,0,0,0,0,0,0,0,0,0,0,0,0,0,0),('TABLE','mysql','role_edges',0,0,0,0,0,0,0,0,0,0,0,0,0,0,0,0,0,0,0,0,0,0,0,0,0,0,0,0,0,0,0,0,0,0,0),('TABLE','mysql','default_roles',0,0,0,0,0,0,0,0,0,0,0,0,0,0,0,0,0,0,0,0,0,0,0,0,0,0,0,0,0,0,0,0,0,0,0),('TABLE','mysql','global_grants',0,0,0,0,0,0,0,0,0,0,0,0,0,0,0,0,0,0,0,0,0,0,0,0,0,0,0,0,0,0,0,0,0,0,0),('TABLE','mysql','password_history',0,0,0,0,0,0,0,0,0,0,0,0,0,0,0,0,0,0,0,0,0,0,0,0,0,0,0,0,0,0,0,0,0,0,0),('TABLE','mysql','time_zone_leap_second',0,0,0,0,0,0,0,0,0,0,0,0,0,0,0,0,0,0,0,0,0,0,0,0,0,0,0,0,0,0,0,0,0,0,0),('TABLE','mysql','time_zone_name',0,0,0,0,0,0,0,0,0,0,0,0,0,0,0,0,0,0,0,0,0,0,0,0,0,0,0,0,0,0,0,0,0,0,0),('TABLE','mysql','time_zone',0,0,0,0,0,0,0,0,0,0,0,0,0,0,0,0,0,0,0,0,0,0,0,0,0,0,0,0,0,0,0,0,0,0,0),('TABLE','mysql','time_zone_transition_type',0,0,0,0,0,0,0,0,0,0,0,0,0,0,0,0,0,0,0,0,0,0,0,0,0,0,0,0,0,0,0,0,0,0,0),('TABLE','mysql','time_zone_transition',0,0,0,0,0,0,0,0,0,0,0,0,0,0,0,0,0,0,0,0,0,0,0,0,0,0,0,0,0,0,0,0,0,0,0),('TABLE','mysql','servers',0,0,0,0,0,0,0,0,0,0,0,0,0,0,0,0,0,0,0,0,0,0,0,0,0,0,0,0,0,0,0,0,0,0,0),('TABLE','mysql','func',0,0,0,0,0,0,0,0,0,0,0,0,0,0,0,0,0,0,0,0,0,0,0,0,0,0,0,0,0,0,0,0,0,0,0),('TABLE','mysql','slave_master_info',0,0,0,0,0,0,0,0,0,0,0,0,0,0,0,0,0,0,0,0,0,0,0,0,0,0,0,0,0,0,0,0,0,0,0),('TABLE','mysql','slave_relay_log_info',0,0,0,0,0,0,0,0,0,0,0,0,0,0,0,0,0,0,0,0,0,0,0,0,0,0,0,0,0,0,0,0,0,0,0),('TABLE','mysql','slave_worker_info',0,0,0,0,0,0,0,0,0,0,0,0,0,0,0,0,0,0,0,0,0,0,0,0,0,0,0,0,0,0,0,0,0,0,0),('TABLE','mysql','events',0,0,0,0,0,0,0,0,0,0,0,0,0,0,0,0,0,0,0,0,0,0,0,0,0,0,0,0,0,0,0,0,0,0,0),('TABLE','mysql','column_statistics',0,0,0,0,0,0,0,0,0,0,0,0,0,0,0,0,0,0,0,0,0,0,0,0,0,0,0,0,0,0,0,0,0,0,0),('TABLE','cigrascloud','oc_appconfig',140716310,293768589122073,69733584,2087352,19012569849,140716310,293768589122073,69733584,2087352,19012569849,0,0,0,0,0,140716310,293768589122073,69733584,2087352,19012569849,0,0,0,0,0,0,0,0,0,0,0,0,0,0,0),('TABLE','cigrascloud','oc_authtoken',5931641,221166887199255,7217010,37285659,361549731438,5900369,183209140555488,7217010,31050315,361549731438,31272,37957746643767,15576912,1213793280,343576538865,5900369,183209140555488,7217010,31050315,361549731438,1075,4000170028653,68935086,3721087971,262940173020,29552,33649888387599,15576912,1138666734,343576538865,645,307688227515,42422472,477035775,162152942175),('TABLE','cigrascloud','oc_preferences',7119061,54238653139509,5347170,7618644,9695821590,7119058,54238490914194,5347170,7618644,9695821590,3,162225315,41824314,54075105,66015369,7119058,54238490914194,5347170,7618644,9695821590,3,162225315,41824314,54075105,66015369,0,0,0,0,0,0,0,0,0,0),('TABLE','cigrascloud','oc_groups',812075,13123323947241,6113232,16159806,11784506328,812075,13123323947241,6113232,16159806,11784506328,0,0,0,0,0,812075,13123323947241,6113232,16159806,11784506328,0,0,0,0,0,0,0,0,0,0,0,0,0,0,0),('TABLE','cigrascloud','oc_users',4357676,8280798451236,15214392,1899891,8756652474,4357672,8268412947804,15214392,1897029,8756652474,4,12385503432,34855821,3096375858,7153557075,4357672,8268412947804,15214392,1897029,8756652474,0,0,0,0,0,4,12385503432,34855821,3096375858,7153557075,0,0,0,0,0),('TABLE','cigrascloud','oc_accounts',3750693,78292794406410,8980002,20873997,336398884227,3749566,78125953443363,8980002,20835837,336398884227,1127,166840963047,21113928,148039812,23553369441,3749566,78125953443363,8980002,20835837,336398884227,0,0,0,0,0,1127,166840963047,21113928,148039812,23553369441,0,0,0,0,0),('TABLE','cigrascloud','oc_external_mounts',6530428,51268897096074,2753244,7850466,5924100546,6530428,51268897096074,2753244,7850466,5924100546,0,0,0,0,0,6530428,51268897096074,2753244,7850466,5924100546,0,0,0,0,0,0,0,0,0,0,0,0,0,0,0),('TABLE','cigrascloud','oc_external_applicable',0,0,0,0,0,0,0,0,0,0,0,0,0,0,0,0,0,0,0,0,0,0,0,0,0,0,0,0,0,0,0,0,0,0,0),('TABLE','cigrascloud','oc_group_user',3291748,43498088604972,5578038,13213854,598812921,3291748,43498088604972,5578038,13213854,598812921,0,0,0,0,0,3291748,43498088604972,5578038,13213854,598812921,0,0,0,0,0,0,0,0,0,0,0,0,0,0,0),('TABLE','cigrascloud','oc_share',27746417,170219755438785,1232091,6134697,124543648215,27746417,170219755438785,1232091,6134697,124543648215,0,0,0,0,0,27746417,170219755438785,1232091,6134697,124543648215,0,0,0,0,0,0,0,0,0,0,0,0,0,0,0),('TABLE','cigrascloud','oc_filecache',23708739,343491674885361,889128,14487921,576754201962,23697694,333436418954937,889128,14070069,576754201962,11045,10055255930424,4970340,910389798,216727808661,23697694,333436418954937,889128,14070069,576754201962,773,1756868643198,113482593,2272792428,115101103131,10201,8064473585463,4970340,790556904,216727808661,71,233913701763,43801002,3294558864,138555765054),('TABLE','cigrascloud','oc_storages',5816518,81506820599118,693558,14012829,10382754060,5816518,81506820599118,693558,14012829,10382754060,0,0,0,0,0,5816518,81506820599118,693558,14012829,10382754060,0,0,0,0,0,0,0,0,0,0,0,0,0,0,0),('TABLE','cigrascloud','oc_share_external',1632539,14373879776559,3222612,8804466,545452362,1632539,14373879776559,3222612,8804466,545452362,0,0,0,0,0,1632539,14373879776559,3222612,8804466,545452362,0,0,0,0,0,0,0,0,0,0,0,0,0,0,0),('TABLE','cigrascloud','oc_mounts',6541902,66515020817499,14663934,10167255,48490737687,6541901,66481897109427,14663934,10162008,48490737687,1,33123708072,33123708072,33123708072,33123708072,6541901,66481897109427,14663934,10162008,48490737687,1,33123708072,33123708072,33123708072,33123708072,0,0,0,0,0,0,0,0,0,0),('TABLE','cigrascloud','oc_mimetypes',1124262,15848930810988,4823424,14096781,19342780254,1124261,15829588030734,4823424,14079609,9957789513,1,19342780254,19342780254,19342780254,19342780254,1124261,15829588030734,4823424,14079609,9957789513,1,19342780254,19342780254,19342780254,19342780254,0,0,0,0,0,0,0,0,0,0),('TABLE','cigrascloud','oc_notifications',176002,2107526389686,4911192,11974131,5578684335,176002,2107526389686,4911192,11974131,5578684335,0,0,0,0,0,176002,2107526389686,4911192,11974131,5578684335,0,0,0,0,0,0,0,0,0,0,0,0,0,0,0),('TABLE','cigrascloud','oc_properties',299492,1548517615182,3235491,5170203,68175702,299492,1548517615182,3235491,5170203,68175702,0,0,0,0,0,299492,1548517615182,3235491,5170203,68175702,0,0,0,0,0,0,0,0,0,0,0,0,0,0,0),('TABLE','cigrascloud','oc_activity',3217738,29922610644702,2941659,9299115,707809240278,3211870,24084731707632,2941659,7498440,707809240278,5868,5837878937070,58938120,994866498,270063375246,3211870,24084731707632,2941659,7498440,707809240278,5868,5837878937070,58938120,994866498,270063375246,0,0,0,0,0,0,0,0,0,0),('TABLE','cigrascloud','oc_file_locks',1035887,107702199747981,3134844,103970736,393432269769,1015631,64164143923092,4388400,63176265,326232216891,20256,43538055824889,3134844,2149390143,393432269769,1015631,64164143923092,4388400,63176265,326232216891,273,857263131657,73377864,3140157780,284222150982,19983,42680792693232,3134844,2135854791,393432269769,0,0,0,0,0),('TABLE','cigrascloud','oc_group_admin',1086,3921030630,6103692,3610413,44631459,1086,3921030630,6103692,3610413,44631459,0,0,0,0,0,1086,3921030630,6103692,3610413,44631459,0,0,0,0,0,0,0,0,0,0,0,0,0,0,0),('TABLE','cigrascloud','oc_comments',2079,11235269925,114480,5403933,1898782452,2079,11235269925,114480,5403933,1898782452,0,0,0,0,0,2079,11235269925,114480,5403933,1898782452,0,0,0,0,0,0,0,0,0,0,0,0,0,0,0),('TABLE','cigrascloud','oc_comments_read_markers',0,0,0,0,0,0,0,0,0,0,0,0,0,0,0,0,0,0,0,0,0,0,0,0,0,0,0,0,0,0,0,0,0,0,0),('TABLE','cigrascloud','oc_vcategory',733,15021897696,1098531,20493351,6339919572,733,15021897696,1098531,20493351,6339919572,0,0,0,0,0,733,15021897696,1098531,20493351,6339919572,0,0,0,0,0,0,0,0,0,0,0,0,0,0,0),('TABLE','cigrascloud','oc_vcategory_to_object',275,5551747668,8851689,20188071,3480617007,275,5551747668,8851689,20188071,3480617007,0,0,0,0,0,275,5551747668,8851689,20188071,3480617007,0,0,0,0,0,0,0,0,0,0,0,0,0,0,0),('TABLE','cigrascloud','oc_persistent_locks',5165,59874238701,5567544,11592054,13593880377,5165,59874238701,5567544,11592054,13593880377,0,0,0,0,0,5165,59874238701,5567544,11592054,13593880377,0,0,0,0,0,0,0,0,0,0,0,0,0,0,0),('TABLE','cigrascloud','oc_jobs',1007537,2343201246522,64572921,2325375,125950379886,1007437,2258971083018,154655802,2241900,125950379886,100,84230163504,64572921,842301387,41125294350,1007437,2258971083018,154655802,2241900,125950379886,100,84230163504,64572921,842301387,41125294350,0,0,0,0,0,0,0,0,0,0),('TABLE','cigrascloud','oc_files_trash',97732,253456222905,82095993,2592972,58476511359,97699,141250480200,1197000972,1445310,9307318446,33,112205742705,82095993,3400173819,58476511359,97699,141250480200,1197000972,1445310,9307318446,33,112205742705,82095993,3400173819,58476511359,0,0,0,0,0,0,0,0,0,0),('TABLE','mysql','catalogs',0,0,0,0,0,0,0,0,0,0,0,0,0,0,0,0,0,0,0,0,0,0,0,0,0,0,0,0,0,0,0,0,0,0,0),('TABLE','performance_schema','session_variables',0,0,0,0,0,0,0,0,0,0,0,0,0,0,0,0,0,0,0,0,0,0,0,0,0,0,0,0,0,0,0,0,0,0,0),('TABLE','cigrascloud','oc_account_terms',0,0,0,0,0,0,0,0,0,0,0,0,0,0,0,0,0,0,0,0,0,0,0,0,0,0,0,0,0,0,0,0,0,0,0),('TABLE','cigrascloud','oc_activity_mq',5670,44514604971,90891396,7850466,16400977677,5670,44514604971,90891396,7850466,16400977677,0,0,0,0,0,5670,44514604971,90891396,7850466,16400977677,0,0,0,0,0,0,0,0,0,0,0,0,0,0,0),('TABLE','cigrascloud','oc_addressbookchanges',118908,162072161748,1406172627,1362789,21373720326,118908,162072161748,1406172627,1362789,21373720326,0,0,0,0,0,118908,162072161748,1406172627,1362789,21373720326,0,0,0,0,0,0,0,0,0,0,0,0,0,0,0),('TABLE','cigrascloud','oc_addressbooks',2106,7506634860,39808512,3564144,2212738605,2106,7506634860,39808512,3564144,2212738605,0,0,0,0,0,2106,7506634860,39808512,3564144,2212738605,0,0,0,0,0,0,0,0,0,0,0,0,0,0,0),('TABLE','cigrascloud','oc_calendarchanges',1458,11471580495,21918627,7867638,7595330148,1458,11471580495,21918627,7867638,7595330148,0,0,0,0,0,1458,11471580495,21918627,7867638,7595330148,0,0,0,0,0,0,0,0,0,0,0,0,0,0,0),('TABLE','cigrascloud','oc_calendarobjects',0,0,0,0,0,0,0,0,0,0,0,0,0,0,0,0,0,0,0,0,0,0,0,0,0,0,0,0,0,0,0,0,0,0,0),('TABLE','cigrascloud','oc_calendars',2106,23029939692,50173722,10935225,12150206964,2106,23029939692,50173722,10935225,12150206964,0,0,0,0,0,2106,23029939692,50173722,10935225,12150206964,0,0,0,0,0,0,0,0,0,0,0,0,0,0,0),('TABLE','cigrascloud','oc_calendarsubscriptions',0,0,0,0,0,0,0,0,0,0,0,0,0,0,0,0,0,0,0,0,0,0,0,0,0,0,0,0,0,0,0,0,0,0,0),('TABLE','cigrascloud','oc_cards',2268,16872626214,46487466,7439292,10189589571,2268,16872626214,46487466,7439292,10189589571,0,0,0,0,0,2268,16872626214,46487466,7439292,10189589571,0,0,0,0,0,0,0,0,0,0,0,0,0,0,0),('TABLE','cigrascloud','oc_cards_properties',11340,27679816305,115533216,2440809,11362830696,11340,27679816305,115533216,2440809,11362830696,0,0,0,0,0,11340,27679816305,115533216,2440809,11362830696,0,0,0,0,0,0,0,0,0,0,0,0,0,0,0),('TABLE','cigrascloud','oc_credentials',0,0,0,0,0,0,0,0,0,0,0,0,0,0,0,0,0,0,0,0,0,0,0,0,0,0,0,0,0,0,0,0,0,0,0),('TABLE','cigrascloud','oc_dav_job_status',0,0,0,0,0,0,0,0,0,0,0,0,0,0,0,0,0,0,0,0,0,0,0,0,0,0,0,0,0,0,0,0,0,0,0),('TABLE','cigrascloud','oc_dav_properties',7,67564665,8357517,9652095,12030417,7,67564665,8357517,9652095,12030417,0,0,0,0,0,7,67564665,8357517,9652095,12030417,0,0,0,0,0,0,0,0,0,0,0,0,0,0,0),('TABLE','cigrascloud','oc_dav_shares',0,0,0,0,0,0,0,0,0,0,0,0,0,0,0,0,0,0,0,0,0,0,0,0,0,0,0,0,0,0,0,0,0,0,0),('TABLE','cigrascloud','oc_external_config',0,0,0,0,0,0,0,0,0,0,0,0,0,0,0,0,0,0,0,0,0,0,0,0,0,0,0,0,0,0,0,0,0,0,0),('TABLE','cigrascloud','oc_external_options',0,0,0,0,0,0,0,0,0,0,0,0,0,0,0,0,0,0,0,0,0,0,0,0,0,0,0,0,0,0,0,0,0,0,0),('TABLE','cigrascloud','oc_federated_reshares',0,0,0,0,0,0,0,0,0,0,0,0,0,0,0,0,0,0,0,0,0,0,0,0,0,0,0,0,0,0,0,0,0,0,0),('TABLE','cigrascloud','oc_migrations',6075,16607843037,52414668,2733687,10402573410,6075,16607843037,52414668,2733687,10402573410,0,0,0,0,0,6075,16607843037,52414668,2733687,10402573410,0,0,0,0,0,0,0,0,0,0,0,0,0,0,0),('TABLE','cigrascloud','oc_privatedata',0,0,0,0,0,0,0,0,0,0,0,0,0,0,0,0,0,0,0,0,0,0,0,0,0,0,0,0,0,0,0,0,0,0,0),('TABLE','cigrascloud','oc_schedulingobjects',0,0,0,0,0,0,0,0,0,0,0,0,0,0,0,0,0,0,0,0,0,0,0,0,0,0,0,0,0,0,0,0,0,0,0),('TABLE','cigrascloud','oc_systemtag',0,0,0,0,0,0,0,0,0,0,0,0,0,0,0,0,0,0,0,0,0,0,0,0,0,0,0,0,0,0,0,0,0,0,0),('TABLE','cigrascloud','oc_systemtag_group',0,0,0,0,0,0,0,0,0,0,0,0,0,0,0,0,0,0,0,0,0,0,0,0,0,0,0,0,0,0,0,0,0,0,0),('TABLE','cigrascloud','oc_systemtag_object_mapping',7,141964263,5475960,20280609,10615158,7,141964263,5475960,20280609,10615158,0,0,0,0,0,7,141964263,5475960,20280609,10615158,0,0,0,0,0,0,0,0,0,0,0,0,0,0,0),('TABLE','cigrascloud','oc_trusted_servers',0,0,0,0,0,0,0,0,0,0,0,0,0,0,0,0,0,0,0,0,0,0,0,0,0,0,0,0,0,0,0,0,0,0,0),('TABLE','mysql','help_category',0,0,0,0,0,0,0,0,0,0,0,0,0,0,0,0,0,0,0,0,0,0,0,0,0,0,0,0,0,0,0,0,0,0,0),('TABLE','mysql','help_keyword',0,0,0,0,0,0,0,0,0,0,0,0,0,0,0,0,0,0,0,0,0,0,0,0,0,0,0,0,0,0,0,0,0,0,0),('TABLE','mysql','help_relation',0,0,0,0,0,0,0,0,0,0,0,0,0,0,0,0,0,0,0,0,0,0,0,0,0,0,0,0,0,0,0,0,0,0,0),('TABLE','mysql','help_topic',0,0,0,0,0,0,0,0,0,0,0,0,0,0,0,0,0,0,0,0,0,0,0,0,0,0,0,0,0,0,0,0,0,0,0),('TABLE','mysql','innodb_index_stats',0,0,0,0,0,0,0,0,0,0,0,0,0,0,0,0,0,0,0,0,0,0,0,0,0,0,0,0,0,0,0,0,0,0,0),('TABLE','mysql','innodb_table_stats',0,0,0,0,0,0,0,0,0,0,0,0,0,0,0,0,0,0,0,0,0,0,0,0,0,0,0,0,0,0,0,0,0,0,0),('TABLE','mysql','replication_asynchronous_connection_failover',0,0,0,0,0,0,0,0,0,0,0,0,0,0,0,0,0,0,0,0,0,0,0,0,0,0,0,0,0,0,0,0,0,0,0),('TABLE','mysql','replication_asynchronous_connection_failover_managed',0,0,0,0,0,0,0,0,0,0,0,0,0,0,0,0,0,0,0,0,0,0,0,0,0,0,0,0,0,0,0,0,0,0,0),('TABLE','mysql','replication_group_configuration_version',0,0,0,0,0,0,0,0,0,0,0,0,0,0,0,0,0,0,0,0,0,0,0,0,0,0,0,0,0,0,0,0,0,0,0),('TABLE','mysql','replication_group_member_actions',0,0,0,0,0,0,0,0,0,0,0,0,0,0,0,0,0,0,0,0,0,0,0,0,0,0,0,0,0,0,0,0,0,0,0),('TABLE','mysql','general_log',0,0,0,0,0,0,0,0,0,0,0,0,0,0,0,0,0,0,0,0,0,0,0,0,0,0,0,0,0,0,0,0,0,0,0),('TABLE','mysql','slow_log',0,0,0,0,0,0,0,0,0,0,0,0,0,0,0,0,0,0,0,0,0,0,0,0,0,0,0,0,0,0,0,0,0,0,0),('TABLE','performance_schema','accounts',0,0,0,0,0,0,0,0,0,0,0,0,0,0,0,0,0,0,0,0,0,0,0,0,0,0,0,0,0,0,0,0,0,0,0),('TABLE','performance_schema','binary_log_transaction_compression_stats',0,0,0,0,0,0,0,0,0,0,0,0,0,0,0,0,0,0,0,0,0,0,0,0,0,0,0,0,0,0,0,0,0,0,0),('TABLE','performance_schema','cond_instances',0,0,0,0,0,0,0,0,0,0,0,0,0,0,0,0,0,0,0,0,0,0,0,0,0,0,0,0,0,0,0,0,0,0,0),('TABLE','performance_schema','data_lock_waits',0,0,0,0,0,0,0,0,0,0,0,0,0,0,0,0,0,0,0,0,0,0,0,0,0,0,0,0,0,0,0,0,0,0,0),('TABLE','performance_schema','data_locks',0,0,0,0,0,0,0,0,0,0,0,0,0,0,0,0,0,0,0,0,0,0,0,0,0,0,0,0,0,0,0,0,0,0,0),('TABLE','performance_schema','error_log',0,0,0,0,0,0,0,0,0,0,0,0,0,0,0,0,0,0,0,0,0,0,0,0,0,0,0,0,0,0,0,0,0,0,0),('TABLE','performance_schema','events_errors_summary_by_account_by_error',0,0,0,0,0,0,0,0,0,0,0,0,0,0,0,0,0,0,0,0,0,0,0,0,0,0,0,0,0,0,0,0,0,0,0),('TABLE','performance_schema','events_errors_summary_by_host_by_error',0,0,0,0,0,0,0,0,0,0,0,0,0,0,0,0,0,0,0,0,0,0,0,0,0,0,0,0,0,0,0,0,0,0,0),('TABLE','performance_schema','events_errors_summary_by_thread_by_error',0,0,0,0,0,0,0,0,0,0,0,0,0,0,0,0,0,0,0,0,0,0,0,0,0,0,0,0,0,0,0,0,0,0,0),('TABLE','performance_schema','events_errors_summary_by_user_by_error',0,0,0,0,0,0,0,0,0,0,0,0,0,0,0,0,0,0,0,0,0,0,0,0,0,0,0,0,0,0,0,0,0,0,0),('TABLE','performance_schema','events_errors_summary_global_by_error',0,0,0,0,0,0,0,0,0,0,0,0,0,0,0,0,0,0,0,0,0,0,0,0,0,0,0,0,0,0,0,0,0,0,0),('TABLE','performance_schema','events_stages_current',0,0,0,0,0,0,0,0,0,0,0,0,0,0,0,0,0,0,0,0,0,0,0,0,0,0,0,0,0,0,0,0,0,0,0),('TABLE','performance_schema','events_stages_history',0,0,0,0,0,0,0,0,0,0,0,0,0,0,0,0,0,0,0,0,0,0,0,0,0,0,0,0,0,0,0,0,0,0,0),('TABLE','performance_schema','events_stages_history_long',0,0,0,0,0,0,0,0,0,0,0,0,0,0,0,0,0,0,0,0,0,0,0,0,0,0,0,0,0,0,0,0,0,0,0),('TABLE','performance_schema','events_stages_summary_by_account_by_event_name',0,0,0,0,0,0,0,0,0,0,0,0,0,0,0,0,0,0,0,0,0,0,0,0,0,0,0,0,0,0,0,0,0,0,0),('TABLE','performance_schema','events_stages_summary_by_host_by_event_name',0,0,0,0,0,0,0,0,0,0,0,0,0,0,0,0,0,0,0,0,0,0,0,0,0,0,0,0,0,0,0,0,0,0,0),('TABLE','performance_schema','events_stages_summary_by_thread_by_event_name',0,0,0,0,0,0,0,0,0,0,0,0,0,0,0,0,0,0,0,0,0,0,0,0,0,0,0,0,0,0,0,0,0,0,0),('TABLE','performance_schema','events_stages_summary_by_user_by_event_name',0,0,0,0,0,0,0,0,0,0,0,0,0,0,0,0,0,0,0,0,0,0,0,0,0,0,0,0,0,0,0,0,0,0,0),('TABLE','performance_schema','events_stages_summary_global_by_event_name',0,0,0,0,0,0,0,0,0,0,0,0,0,0,0,0,0,0,0,0,0,0,0,0,0,0,0,0,0,0,0,0,0,0,0),('TABLE','performance_schema','events_statements_current',0,0,0,0,0,0,0,0,0,0,0,0,0,0,0,0,0,0,0,0,0,0,0,0,0,0,0,0,0,0,0,0,0,0,0),('TABLE','performance_schema','events_statements_histogram_by_digest',0,0,0,0,0,0,0,0,0,0,0,0,0,0,0,0,0,0,0,0,0,0,0,0,0,0,0,0,0,0,0,0,0,0,0),('TABLE','performance_schema','events_statements_histogram_global',0,0,0,0,0,0,0,0,0,0,0,0,0,0,0,0,0,0,0,0,0,0,0,0,0,0,0,0,0,0,0,0,0,0,0),('TABLE','performance_schema','events_statements_history',0,0,0,0,0,0,0,0,0,0,0,0,0,0,0,0,0,0,0,0,0,0,0,0,0,0,0,0,0,0,0,0,0,0,0),('TABLE','performance_schema','events_statements_history_long',0,0,0,0,0,0,0,0,0,0,0,0,0,0,0,0,0,0,0,0,0,0,0,0,0,0,0,0,0,0,0,0,0,0,0),('TABLE','performance_schema','events_statements_summary_by_account_by_event_name',0,0,0,0,0,0,0,0,0,0,0,0,0,0,0,0,0,0,0,0,0,0,0,0,0,0,0,0,0,0,0,0,0,0,0),('TABLE','performance_schema','events_statements_summary_by_digest',0,0,0,0,0,0,0,0,0,0,0,0,0,0,0,0,0,0,0,0,0,0,0,0,0,0,0,0,0,0,0,0,0,0,0),('TABLE','performance_schema','events_statements_summary_by_host_by_event_name',0,0,0,0,0,0,0,0,0,0,0,0,0,0,0,0,0,0,0,0,0,0,0,0,0,0,0,0,0,0,0,0,0,0,0),('TABLE','performance_schema','events_statements_summary_by_program',0,0,0,0,0,0,0,0,0,0,0,0,0,0,0,0,0,0,0,0,0,0,0,0,0,0,0,0,0,0,0,0,0,0,0),('TABLE','performance_schema','events_statements_summary_by_thread_by_event_name',0,0,0,0,0,0,0,0,0,0,0,0,0,0,0,0,0,0,0,0,0,0,0,0,0,0,0,0,0,0,0,0,0,0,0),('TABLE','performance_schema','events_statements_summary_by_user_by_event_name',0,0,0,0,0,0,0,0,0,0,0,0,0,0,0,0,0,0,0,0,0,0,0,0,0,0,0,0,0,0,0,0,0,0,0),('TABLE','performance_schema','events_statements_summary_global_by_event_name',0,0,0,0,0,0,0,0,0,0,0,0,0,0,0,0,0,0,0,0,0,0,0,0,0,0,0,0,0,0,0,0,0,0,0),('TABLE','performance_schema','events_transactions_current',0,0,0,0,0,0,0,0,0,0,0,0,0,0,0,0,0,0,0,0,0,0,0,0,0,0,0,0,0,0,0,0,0,0,0),('TABLE','performance_schema','events_transactions_history',0,0,0,0,0,0,0,0,0,0,0,0,0,0,0,0,0,0,0,0,0,0,0,0,0,0,0,0,0,0,0,0,0,0,0),('TABLE','performance_schema','events_transactions_history_long',0,0,0,0,0,0,0,0,0,0,0,0,0,0,0,0,0,0,0,0,0,0,0,0,0,0,0,0,0,0,0,0,0,0,0),('TABLE','performance_schema','events_transactions_summary_by_account_by_event_name',0,0,0,0,0,0,0,0,0,0,0,0,0,0,0,0,0,0,0,0,0,0,0,0,0,0,0,0,0,0,0,0,0,0,0),('TABLE','performance_schema','events_transactions_summary_by_host_by_event_name',0,0,0,0,0,0,0,0,0,0,0,0,0,0,0,0,0,0,0,0,0,0,0,0,0,0,0,0,0,0,0,0,0,0,0),('TABLE','performance_schema','events_transactions_summary_by_thread_by_event_name',0,0,0,0,0,0,0,0,0,0,0,0,0,0,0,0,0,0,0,0,0,0,0,0,0,0,0,0,0,0,0,0,0,0,0),('TABLE','performance_schema','events_transactions_summary_by_user_by_event_name',0,0,0,0,0,0,0,0,0,0,0,0,0,0,0,0,0,0,0,0,0,0,0,0,0,0,0,0,0,0,0,0,0,0,0),('TABLE','performance_schema','events_transactions_summary_global_by_event_name',0,0,0,0,0,0,0,0,0,0,0,0,0,0,0,0,0,0,0,0,0,0,0,0,0,0,0,0,0,0,0,0,0,0,0),('TABLE','performance_schema','events_waits_current',0,0,0,0,0,0,0,0,0,0,0,0,0,0,0,0,0,0,0,0,0,0,0,0,0,0,0,0,0,0,0,0,0,0,0),('TABLE','performance_schema','events_waits_history',0,0,0,0,0,0,0,0,0,0,0,0,0,0,0,0,0,0,0,0,0,0,0,0,0,0,0,0,0,0,0,0,0,0,0),('TABLE','performance_schema','events_waits_history_long',0,0,0,0,0,0,0,0,0,0,0,0,0,0,0,0,0,0,0,0,0,0,0,0,0,0,0,0,0,0,0,0,0,0,0),('TABLE','performance_schema','events_waits_summary_by_account_by_event_name',0,0,0,0,0,0,0,0,0,0,0,0,0,0,0,0,0,0,0,0,0,0,0,0,0,0,0,0,0,0,0,0,0,0,0),('TABLE','performance_schema','events_waits_summary_by_host_by_event_name',0,0,0,0,0,0,0,0,0,0,0,0,0,0,0,0,0,0,0,0,0,0,0,0,0,0,0,0,0,0,0,0,0,0,0),('TABLE','performance_schema','events_waits_summary_by_instance',0,0,0,0,0,0,0,0,0,0,0,0,0,0,0,0,0,0,0,0,0,0,0,0,0,0,0,0,0,0,0,0,0,0,0),('TABLE','performance_schema','events_waits_summary_by_thread_by_event_name',0,0,0,0,0,0,0,0,0,0,0,0,0,0,0,0,0,0,0,0,0,0,0,0,0,0,0,0,0,0,0,0,0,0,0),('TABLE','performance_schema','events_waits_summary_by_user_by_event_name',0,0,0,0,0,0,0,0,0,0,0,0,0,0,0,0,0,0,0,0,0,0,0,0,0,0,0,0,0,0,0,0,0,0,0),('TABLE','performance_schema','events_waits_summary_global_by_event_name',0,0,0,0,0,0,0,0,0,0,0,0,0,0,0,0,0,0,0,0,0,0,0,0,0,0,0,0,0,0,0,0,0,0,0),('TABLE','performance_schema','file_instances',0,0,0,0,0,0,0,0,0,0,0,0,0,0,0,0,0,0,0,0,0,0,0,0,0,0,0,0,0,0,0,0,0,0,0),('TABLE','performance_schema','file_summary_by_event_name',0,0,0,0,0,0,0,0,0,0,0,0,0,0,0,0,0,0,0,0,0,0,0,0,0,0,0,0,0,0,0,0,0,0,0),('TABLE','performance_schema','file_summary_by_instance',0,0,0,0,0,0,0,0,0,0,0,0,0,0,0,0,0,0,0,0,0,0,0,0,0,0,0,0,0,0,0,0,0,0,0),('TABLE','performance_schema','global_status',0,0,0,0,0,0,0,0,0,0,0,0,0,0,0,0,0,0,0,0,0,0,0,0,0,0,0,0,0,0,0,0,0,0,0),('TABLE','performance_schema','global_variables',0,0,0,0,0,0,0,0,0,0,0,0,0,0,0,0,0,0,0,0,0,0,0,0,0,0,0,0,0,0,0,0,0,0,0),('TABLE','performance_schema','host_cache',0,0,0,0,0,0,0,0,0,0,0,0,0,0,0,0,0,0,0,0,0,0,0,0,0,0,0,0,0,0,0,0,0,0,0),('TABLE','performance_schema','hosts',0,0,0,0,0,0,0,0,0,0,0,0,0,0,0,0,0,0,0,0,0,0,0,0,0,0,0,0,0,0,0,0,0,0,0),('TABLE','performance_schema','innodb_redo_log_files',0,0,0,0,0,0,0,0,0,0,0,0,0,0,0,0,0,0,0,0,0,0,0,0,0,0,0,0,0,0,0,0,0,0,0),('TABLE','performance_schema','keyring_component_status',0,0,0,0,0,0,0,0,0,0,0,0,0,0,0,0,0,0,0,0,0,0,0,0,0,0,0,0,0,0,0,0,0,0,0),('TABLE','performance_schema','keyring_keys',0,0,0,0,0,0,0,0,0,0,0,0,0,0,0,0,0,0,0,0,0,0,0,0,0,0,0,0,0,0,0,0,0,0,0),('TABLE','performance_schema','log_status',0,0,0,0,0,0,0,0,0,0,0,0,0,0,0,0,0,0,0,0,0,0,0,0,0,0,0,0,0,0,0,0,0,0,0),('TABLE','performance_schema','memory_summary_by_account_by_event_name',0,0,0,0,0,0,0,0,0,0,0,0,0,0,0,0,0,0,0,0,0,0,0,0,0,0,0,0,0,0,0,0,0,0,0),('TABLE','performance_schema','memory_summary_by_host_by_event_name',0,0,0,0,0,0,0,0,0,0,0,0,0,0,0,0,0,0,0,0,0,0,0,0,0,0,0,0,0,0,0,0,0,0,0),('TABLE','performance_schema','memory_summary_by_thread_by_event_name',0,0,0,0,0,0,0,0,0,0,0,0,0,0,0,0,0,0,0,0,0,0,0,0,0,0,0,0,0,0,0,0,0,0,0),('TABLE','performance_schema','memory_summary_by_user_by_event_name',0,0,0,0,0,0,0,0,0,0,0,0,0,0,0,0,0,0,0,0,0,0,0,0,0,0,0,0,0,0,0,0,0,0,0),('TABLE','performance_schema','memory_summary_global_by_event_name',0,0,0,0,0,0,0,0,0,0,0,0,0,0,0,0,0,0,0,0,0,0,0,0,0,0,0,0,0,0,0,0,0,0,0),('TABLE','performance_schema','metadata_locks',0,0,0,0,0,0,0,0,0,0,0,0,0,0,0,0,0,0,0,0,0,0,0,0,0,0,0,0,0,0,0,0,0,0,0),('TABLE','performance_schema','mutex_instances',0,0,0,0,0,0,0,0,0,0,0,0,0,0,0,0,0,0,0,0,0,0,0,0,0,0,0,0,0,0,0,0,0,0,0),('TABLE','performance_schema','objects_summary_global_by_type',0,0,0,0,0,0,0,0,0,0,0,0,0,0,0,0,0,0,0,0,0,0,0,0,0,0,0,0,0,0,0,0,0,0,0),('TABLE','performance_schema','performance_timers',0,0,0,0,0,0,0,0,0,0,0,0,0,0,0,0,0,0,0,0,0,0,0,0,0,0,0,0,0,0,0,0,0,0,0),('TABLE','performance_schema','persisted_variables',0,0,0,0,0,0,0,0,0,0,0,0,0,0,0,0,0,0,0,0,0,0,0,0,0,0,0,0,0,0,0,0,0,0,0),('TABLE','performance_schema','prepared_statements_instances',0,0,0,0,0,0,0,0,0,0,0,0,0,0,0,0,0,0,0,0,0,0,0,0,0,0,0,0,0,0,0,0,0,0,0),('TABLE','performance_schema','processlist',0,0,0,0,0,0,0,0,0,0,0,0,0,0,0,0,0,0,0,0,0,0,0,0,0,0,0,0,0,0,0,0,0,0,0),('TABLE','performance_schema','replication_applier_configuration',0,0,0,0,0,0,0,0,0,0,0,0,0,0,0,0,0,0,0,0,0,0,0,0,0,0,0,0,0,0,0,0,0,0,0),('TABLE','performance_schema','replication_applier_filters',0,0,0,0,0,0,0,0,0,0,0,0,0,0,0,0,0,0,0,0,0,0,0,0,0,0,0,0,0,0,0,0,0,0,0),('TABLE','performance_schema','replication_applier_global_filters',0,0,0,0,0,0,0,0,0,0,0,0,0,0,0,0,0,0,0,0,0,0,0,0,0,0,0,0,0,0,0,0,0,0,0),('TABLE','performance_schema','replication_applier_status',0,0,0,0,0,0,0,0,0,0,0,0,0,0,0,0,0,0,0,0,0,0,0,0,0,0,0,0,0,0,0,0,0,0,0),('TABLE','performance_schema','replication_applier_status_by_coordinator',0,0,0,0,0,0,0,0,0,0,0,0,0,0,0,0,0,0,0,0,0,0,0,0,0,0,0,0,0,0,0,0,0,0,0),('TABLE','performance_schema','replication_applier_status_by_worker',0,0,0,0,0,0,0,0,0,0,0,0,0,0,0,0,0,0,0,0,0,0,0,0,0,0,0,0,0,0,0,0,0,0,0),('TABLE','performance_schema','replication_asynchronous_connection_failover',0,0,0,0,0,0,0,0,0,0,0,0,0,0,0,0,0,0,0,0,0,0,0,0,0,0,0,0,0,0,0,0,0,0,0),('TABLE','performance_schema','replication_asynchronous_connection_failover_managed',0,0,0,0,0,0,0,0,0,0,0,0,0,0,0,0,0,0,0,0,0,0,0,0,0,0,0,0,0,0,0,0,0,0,0),('TABLE','performance_schema','replication_connection_configuration',0,0,0,0,0,0,0,0,0,0,0,0,0,0,0,0,0,0,0,0,0,0,0,0,0,0,0,0,0,0,0,0,0,0,0),('TABLE','performance_schema','replication_connection_status',0,0,0,0,0,0,0,0,0,0,0,0,0,0,0,0,0,0,0,0,0,0,0,0,0,0,0,0,0,0,0,0,0,0,0),('TABLE','performance_schema','replication_group_member_stats',0,0,0,0,0,0,0,0,0,0,0,0,0,0,0,0,0,0,0,0,0,0,0,0,0,0,0,0,0,0,0,0,0,0,0),('TABLE','performance_schema','replication_group_members',0,0,0,0,0,0,0,0,0,0,0,0,0,0,0,0,0,0,0,0,0,0,0,0,0,0,0,0,0,0,0,0,0,0,0),('TABLE','performance_schema','rwlock_instances',0,0,0,0,0,0,0,0,0,0,0,0,0,0,0,0,0,0,0,0,0,0,0,0,0,0,0,0,0,0,0,0,0,0,0),('TABLE','performance_schema','session_account_connect_attrs',0,0,0,0,0,0,0,0,0,0,0,0,0,0,0,0,0,0,0,0,0,0,0,0,0,0,0,0,0,0,0,0,0,0,0),('TABLE','performance_schema','session_connect_attrs',0,0,0,0,0,0,0,0,0,0,0,0,0,0,0,0,0,0,0,0,0,0,0,0,0,0,0,0,0,0,0,0,0,0,0),('TABLE','performance_schema','session_status',0,0,0,0,0,0,0,0,0,0,0,0,0,0,0,0,0,0,0,0,0,0,0,0,0,0,0,0,0,0,0,0,0,0,0),('TABLE','performance_schema','setup_actors',0,0,0,0,0,0,0,0,0,0,0,0,0,0,0,0,0,0,0,0,0,0,0,0,0,0,0,0,0,0,0,0,0,0,0),('TABLE','performance_schema','setup_consumers',0,0,0,0,0,0,0,0,0,0,0,0,0,0,0,0,0,0,0,0,0,0,0,0,0,0,0,0,0,0,0,0,0,0,0),('TABLE','performance_schema','setup_instruments',0,0,0,0,0,0,0,0,0,0,0,0,0,0,0,0,0,0,0,0,0,0,0,0,0,0,0,0,0,0,0,0,0,0,0),('TABLE','performance_schema','setup_objects',0,0,0,0,0,0,0,0,0,0,0,0,0,0,0,0,0,0,0,0,0,0,0,0,0,0,0,0,0,0,0,0,0,0,0),('TABLE','performance_schema','setup_threads',0,0,0,0,0,0,0,0,0,0,0,0,0,0,0,0,0,0,0,0,0,0,0,0,0,0,0,0,0,0,0,0,0,0,0),('TABLE','performance_schema','socket_instances',0,0,0,0,0,0,0,0,0,0,0,0,0,0,0,0,0,0,0,0,0,0,0,0,0,0,0,0,0,0,0,0,0,0,0),('TABLE','performance_schema','socket_summary_by_event_name',0,0,0,0,0,0,0,0,0,0,0,0,0,0,0,0,0,0,0,0,0,0,0,0,0,0,0,0,0,0,0,0,0,0,0),('TABLE','performance_schema','socket_summary_by_instance',0,0,0,0,0,0,0,0,0,0,0,0,0,0,0,0,0,0,0,0,0,0,0,0,0,0,0,0,0,0,0,0,0,0,0),('TABLE','performance_schema','status_by_account',0,0,0,0,0,0,0,0,0,0,0,0,0,0,0,0,0,0,0,0,0,0,0,0,0,0,0,0,0,0,0,0,0,0,0),('TABLE','performance_schema','status_by_host',0,0,0,0,0,0,0,0,0,0,0,0,0,0,0,0,0,0,0,0,0,0,0,0,0,0,0,0,0,0,0,0,0,0,0),('TABLE','performance_schema','status_by_thread',0,0,0,0,0,0,0,0,0,0,0,0,0,0,0,0,0,0,0,0,0,0,0,0,0,0,0,0,0,0,0,0,0,0,0),('TABLE','performance_schema','status_by_user',0,0,0,0,0,0,0,0,0,0,0,0,0,0,0,0,0,0,0,0,0,0,0,0,0,0,0,0,0,0,0,0,0,0,0),('TABLE','performance_schema','table_handles',0,0,0,0,0,0,0,0,0,0,0,0,0,0,0,0,0,0,0,0,0,0,0,0,0,0,0,0,0,0,0,0,0,0,0),('TABLE','performance_schema','table_io_waits_summary_by_index_usage',0,0,0,0,0,0,0,0,0,0,0,0,0,0,0,0,0,0,0,0,0,0,0,0,0,0,0,0,0,0,0,0,0,0,0),('TABLE','performance_schema','table_io_waits_summary_by_table',0,0,0,0,0,0,0,0,0,0,0,0,0,0,0,0,0,0,0,0,0,0,0,0,0,0,0,0,0,0,0,0,0,0,0),('TABLE','performance_schema','table_lock_waits_summary_by_table',0,0,0,0,0,0,0,0,0,0,0,0,0,0,0,0,0,0,0,0,0,0,0,0,0,0,0,0,0,0,0,0,0,0,0),('TABLE','performance_schema','threads',0,0,0,0,0,0,0,0,0,0,0,0,0,0,0,0,0,0,0,0,0,0,0,0,0,0,0,0,0,0,0,0,0,0,0),('TABLE','performance_schema','tls_channel_status',0,0,0,0,0,0,0,0,0,0,0,0,0,0,0,0,0,0,0,0,0,0,0,0,0,0,0,0,0,0,0,0,0,0,0),('TABLE','performance_schema','user_defined_functions',0,0,0,0,0,0,0,0,0,0,0,0,0,0,0,0,0,0,0,0,0,0,0,0,0,0,0,0,0,0,0,0,0,0,0),('TABLE','performance_schema','user_variables_by_thread',0,0,0,0,0,0,0,0,0,0,0,0,0,0,0,0,0,0,0,0,0,0,0,0,0,0,0,0,0,0,0,0,0,0,0),('TABLE','performance_schema','users',0,0,0,0,0,0,0,0,0,0,0,0,0,0,0,0,0,0,0,0,0,0,0,0,0,0,0,0,0,0,0,0,0,0,0),('TABLE','performance_schema','variables_by_thread',0,0,0,0,0,0,0,0,0,0,0,0,0,0,0,0,0,0,0,0,0,0,0,0,0,0,0,0,0,0,0,0,0,0,0),('TABLE','performance_schema','variables_info',0,0,0,0,0,0,0,0,0,0,0,0,0,0,0,0,0,0,0,0,0,0,0,0,0,0,0,0,0,0,0,0,0,0,0),('TABLE','mysql','parameter_type_elements',0,0,0,0,0,0,0,0,0,0,0,0,0,0,0,0,0,0,0,0,0,0,0,0,0,0,0,0,0,0,0,0,0,0,0),('TABLE','mysql','parameters',0,0,0,0,0,0,0,0,0,0,0,0,0,0,0,0,0,0,0,0,0,0,0,0,0,0,0,0,0,0,0,0,0,0,0),('TABLE','mysql','routines',0,0,0,0,0,0,0,0,0,0,0,0,0,0,0,0,0,0,0,0,0,0,0,0,0,0,0,0,0,0,0,0,0,0,0),('TABLE','sys','sys_config',480,11986559712,14330034,24971904,9000593613,480,11986559712,14330034,24971904,9000593613,0,0,0,0,0,480,11986559712,14330034,24971904,9000593613,0,0,0,0,0,0,0,0,0,0,0,0,0,0,0);

--
-- Table structure for table `table_lock_waits_summary_by_table`
--

CREATE TABLE `table_lock_waits_summary_by_table` (
  `OBJECT_TYPE` varchar(64) DEFAULT NULL,
  `OBJECT_SCHEMA` varchar(64) DEFAULT NULL,
  `OBJECT_NAME` varchar(64) DEFAULT NULL,
  `COUNT_STAR` bigint unsigned NOT NULL,
  `SUM_TIMER_WAIT` bigint unsigned NOT NULL,
  `MIN_TIMER_WAIT` bigint unsigned NOT NULL,
  `AVG_TIMER_WAIT` bigint unsigned NOT NULL,
  `MAX_TIMER_WAIT` bigint unsigned NOT NULL,
  `COUNT_READ` bigint unsigned NOT NULL,
  `SUM_TIMER_READ` bigint unsigned NOT NULL,
  `MIN_TIMER_READ` bigint unsigned NOT NULL,
  `AVG_TIMER_READ` bigint unsigned NOT NULL,
  `MAX_TIMER_READ` bigint unsigned NOT NULL,
  `COUNT_WRITE` bigint unsigned NOT NULL,
  `SUM_TIMER_WRITE` bigint unsigned NOT NULL,
  `MIN_TIMER_WRITE` bigint unsigned NOT NULL,
  `AVG_TIMER_WRITE` bigint unsigned NOT NULL,
  `MAX_TIMER_WRITE` bigint unsigned NOT NULL,
  `COUNT_READ_NORMAL` bigint unsigned NOT NULL,
  `SUM_TIMER_READ_NORMAL` bigint unsigned NOT NULL,
  `MIN_TIMER_READ_NORMAL` bigint unsigned NOT NULL,
  `AVG_TIMER_READ_NORMAL` bigint unsigned NOT NULL,
  `MAX_TIMER_READ_NORMAL` bigint unsigned NOT NULL,
  `COUNT_READ_WITH_SHARED_LOCKS` bigint unsigned NOT NULL,
  `SUM_TIMER_READ_WITH_SHARED_LOCKS` bigint unsigned NOT NULL,
  `MIN_TIMER_READ_WITH_SHARED_LOCKS` bigint unsigned NOT NULL,
  `AVG_TIMER_READ_WITH_SHARED_LOCKS` bigint unsigned NOT NULL,
  `MAX_TIMER_READ_WITH_SHARED_LOCKS` bigint unsigned NOT NULL,
  `COUNT_READ_HIGH_PRIORITY` bigint unsigned NOT NULL,
  `SUM_TIMER_READ_HIGH_PRIORITY` bigint unsigned NOT NULL,
  `MIN_TIMER_READ_HIGH_PRIORITY` bigint unsigned NOT NULL,
  `AVG_TIMER_READ_HIGH_PRIORITY` bigint unsigned NOT NULL,
  `MAX_TIMER_READ_HIGH_PRIORITY` bigint unsigned NOT NULL,
  `COUNT_READ_NO_INSERT` bigint unsigned NOT NULL,
  `SUM_TIMER_READ_NO_INSERT` bigint unsigned NOT NULL,
  `MIN_TIMER_READ_NO_INSERT` bigint unsigned NOT NULL,
  `AVG_TIMER_READ_NO_INSERT` bigint unsigned NOT NULL,
  `MAX_TIMER_READ_NO_INSERT` bigint unsigned NOT NULL,
  `COUNT_READ_EXTERNAL` bigint unsigned NOT NULL,
  `SUM_TIMER_READ_EXTERNAL` bigint unsigned NOT NULL,
  `MIN_TIMER_READ_EXTERNAL` bigint unsigned NOT NULL,
  `AVG_TIMER_READ_EXTERNAL` bigint unsigned NOT NULL,
  `MAX_TIMER_READ_EXTERNAL` bigint unsigned NOT NULL,
  `COUNT_WRITE_ALLOW_WRITE` bigint unsigned NOT NULL,
  `SUM_TIMER_WRITE_ALLOW_WRITE` bigint unsigned NOT NULL,
  `MIN_TIMER_WRITE_ALLOW_WRITE` bigint unsigned NOT NULL,
  `AVG_TIMER_WRITE_ALLOW_WRITE` bigint unsigned NOT NULL,
  `MAX_TIMER_WRITE_ALLOW_WRITE` bigint unsigned NOT NULL,
  `COUNT_WRITE_CONCURRENT_INSERT` bigint unsigned NOT NULL,
  `SUM_TIMER_WRITE_CONCURRENT_INSERT` bigint unsigned NOT NULL,
  `MIN_TIMER_WRITE_CONCURRENT_INSERT` bigint unsigned NOT NULL,
  `AVG_TIMER_WRITE_CONCURRENT_INSERT` bigint unsigned NOT NULL,
  `MAX_TIMER_WRITE_CONCURRENT_INSERT` bigint unsigned NOT NULL,
  `COUNT_WRITE_LOW_PRIORITY` bigint unsigned NOT NULL,
  `SUM_TIMER_WRITE_LOW_PRIORITY` bigint unsigned NOT NULL,
  `MIN_TIMER_WRITE_LOW_PRIORITY` bigint unsigned NOT NULL,
  `AVG_TIMER_WRITE_LOW_PRIORITY` bigint unsigned NOT NULL,
  `MAX_TIMER_WRITE_LOW_PRIORITY` bigint unsigned NOT NULL,
  `COUNT_WRITE_NORMAL` bigint unsigned NOT NULL,
  `SUM_TIMER_WRITE_NORMAL` bigint unsigned NOT NULL,
  `MIN_TIMER_WRITE_NORMAL` bigint unsigned NOT NULL,
  `AVG_TIMER_WRITE_NORMAL` bigint unsigned NOT NULL,
  `MAX_TIMER_WRITE_NORMAL` bigint unsigned NOT NULL,
  `COUNT_WRITE_EXTERNAL` bigint unsigned NOT NULL,
  `SUM_TIMER_WRITE_EXTERNAL` bigint unsigned NOT NULL,
  `MIN_TIMER_WRITE_EXTERNAL` bigint unsigned NOT NULL,
  `AVG_TIMER_WRITE_EXTERNAL` bigint unsigned NOT NULL,
  `MAX_TIMER_WRITE_EXTERNAL` bigint unsigned NOT NULL,
  UNIQUE KEY `OBJECT` (`OBJECT_TYPE`,`OBJECT_SCHEMA`,`OBJECT_NAME`)
) ENGINE=PERFORMANCE_SCHEMA DEFAULT CHARSET=utf8mb4 COLLATE=utf8mb4_0900_ai_ci;

--
-- Dumping data for table `table_lock_waits_summary_by_table`
--

INSERT INTO `table_lock_waits_summary_by_table` VALUES ('TABLE','mysql','dd_properties',0,0,0,0,0,0,0,0,0,0,0,0,0,0,0,0,0,0,0,0,0,0,0,0,0,0,0,0,0,0,0,0,0,0,0,0,0,0,0,0,0,0,0,0,0,0,0,0,0,0,0,0,0,0,0,0,0,0,0,0,0,0,0,0,0),('TABLE','mysql','schemata',0,0,0,0,0,0,0,0,0,0,0,0,0,0,0,0,0,0,0,0,0,0,0,0,0,0,0,0,0,0,0,0,0,0,0,0,0,0,0,0,0,0,0,0,0,0,0,0,0,0,0,0,0,0,0,0,0,0,0,0,0,0,0,0,0),('TABLE','mysql','tablespace_files',0,0,0,0,0,0,0,0,0,0,0,0,0,0,0,0,0,0,0,0,0,0,0,0,0,0,0,0,0,0,0,0,0,0,0,0,0,0,0,0,0,0,0,0,0,0,0,0,0,0,0,0,0,0,0,0,0,0,0,0,0,0,0,0,0),('TABLE','mysql','tablespaces',0,0,0,0,0,0,0,0,0,0,0,0,0,0,0,0,0,0,0,0,0,0,0,0,0,0,0,0,0,0,0,0,0,0,0,0,0,0,0,0,0,0,0,0,0,0,0,0,0,0,0,0,0,0,0,0,0,0,0,0,0,0,0,0,0),('TABLE','mysql','check_constraints',0,0,0,0,0,0,0,0,0,0,0,0,0,0,0,0,0,0,0,0,0,0,0,0,0,0,0,0,0,0,0,0,0,0,0,0,0,0,0,0,0,0,0,0,0,0,0,0,0,0,0,0,0,0,0,0,0,0,0,0,0,0,0,0,0),('TABLE','mysql','column_type_elements',0,0,0,0,0,0,0,0,0,0,0,0,0,0,0,0,0,0,0,0,0,0,0,0,0,0,0,0,0,0,0,0,0,0,0,0,0,0,0,0,0,0,0,0,0,0,0,0,0,0,0,0,0,0,0,0,0,0,0,0,0,0,0,0,0),('TABLE','mysql','columns',0,0,0,0,0,0,0,0,0,0,0,0,0,0,0,0,0,0,0,0,0,0,0,0,0,0,0,0,0,0,0,0,0,0,0,0,0,0,0,0,0,0,0,0,0,0,0,0,0,0,0,0,0,0,0,0,0,0,0,0,0,0,0,0,0),('TABLE','mysql','foreign_key_column_usage',0,0,0,0,0,0,0,0,0,0,0,0,0,0,0,0,0,0,0,0,0,0,0,0,0,0,0,0,0,0,0,0,0,0,0,0,0,0,0,0,0,0,0,0,0,0,0,0,0,0,0,0,0,0,0,0,0,0,0,0,0,0,0,0,0),('TABLE','mysql','foreign_keys',0,0,0,0,0,0,0,0,0,0,0,0,0,0,0,0,0,0,0,0,0,0,0,0,0,0,0,0,0,0,0,0,0,0,0,0,0,0,0,0,0,0,0,0,0,0,0,0,0,0,0,0,0,0,0,0,0,0,0,0,0,0,0,0,0),('TABLE','mysql','index_column_usage',0,0,0,0,0,0,0,0,0,0,0,0,0,0,0,0,0,0,0,0,0,0,0,0,0,0,0,0,0,0,0,0,0,0,0,0,0,0,0,0,0,0,0,0,0,0,0,0,0,0,0,0,0,0,0,0,0,0,0,0,0,0,0,0,0),('TABLE','mysql','index_partitions',0,0,0,0,0,0,0,0,0,0,0,0,0,0,0,0,0,0,0,0,0,0,0,0,0,0,0,0,0,0,0,0,0,0,0,0,0,0,0,0,0,0,0,0,0,0,0,0,0,0,0,0,0,0,0,0,0,0,0,0,0,0,0,0,0),('TABLE','mysql','indexes',0,0,0,0,0,0,0,0,0,0,0,0,0,0,0,0,0,0,0,0,0,0,0,0,0,0,0,0,0,0,0,0,0,0,0,0,0,0,0,0,0,0,0,0,0,0,0,0,0,0,0,0,0,0,0,0,0,0,0,0,0,0,0,0,0),('TABLE','mysql','table_partition_values',0,0,0,0,0,0,0,0,0,0,0,0,0,0,0,0,0,0,0,0,0,0,0,0,0,0,0,0,0,0,0,0,0,0,0,0,0,0,0,0,0,0,0,0,0,0,0,0,0,0,0,0,0,0,0,0,0,0,0,0,0,0,0,0,0),('TABLE','mysql','table_partitions',0,0,0,0,0,0,0,0,0,0,0,0,0,0,0,0,0,0,0,0,0,0,0,0,0,0,0,0,0,0,0,0,0,0,0,0,0,0,0,0,0,0,0,0,0,0,0,0,0,0,0,0,0,0,0,0,0,0,0,0,0,0,0,0,0),('TABLE','mysql','tables',0,0,0,0,0,0,0,0,0,0,0,0,0,0,0,0,0,0,0,0,0,0,0,0,0,0,0,0,0,0,0,0,0,0,0,0,0,0,0,0,0,0,0,0,0,0,0,0,0,0,0,0,0,0,0,0,0,0,0,0,0,0,0,0,0),('TABLE','mysql','triggers',0,0,0,0,0,0,0,0,0,0,0,0,0,0,0,0,0,0,0,0,0,0,0,0,0,0,0,0,0,0,0,0,0,0,0,0,0,0,0,0,0,0,0,0,0,0,0,0,0,0,0,0,0,0,0,0,0,0,0,0,0,0,0,0,0),('TABLE','mysql','view_routine_usage',0,0,0,0,0,0,0,0,0,0,0,0,0,0,0,0,0,0,0,0,0,0,0,0,0,0,0,0,0,0,0,0,0,0,0,0,0,0,0,0,0,0,0,0,0,0,0,0,0,0,0,0,0,0,0,0,0,0,0,0,0,0,0,0,0),('TABLE','mysql','view_table_usage',0,0,0,0,0,0,0,0,0,0,0,0,0,0,0,0,0,0,0,0,0,0,0,0,0,0,0,0,0,0,0,0,0,0,0,0,0,0,0,0,0,0,0,0,0,0,0,0,0,0,0,0,0,0,0,0,0,0,0,0,0,0,0,0,0),('TABLE','mysql','collations',0,0,0,0,0,0,0,0,0,0,0,0,0,0,0,0,0,0,0,0,0,0,0,0,0,0,0,0,0,0,0,0,0,0,0,0,0,0,0,0,0,0,0,0,0,0,0,0,0,0,0,0,0,0,0,0,0,0,0,0,0,0,0,0,0),('TABLE','mysql','character_sets',0,0,0,0,0,0,0,0,0,0,0,0,0,0,0,0,0,0,0,0,0,0,0,0,0,0,0,0,0,0,0,0,0,0,0,0,0,0,0,0,0,0,0,0,0,0,0,0,0,0,0,0,0,0,0,0,0,0,0,0,0,0,0,0,0),('TABLE','mysql','plugin',0,0,0,0,0,0,0,0,0,0,0,0,0,0,0,0,0,0,0,0,0,0,0,0,0,0,0,0,0,0,0,0,0,0,0,0,0,0,0,0,0,0,0,0,0,0,0,0,0,0,0,0,0,0,0,0,0,0,0,0,0,0,0,0,0),('TABLE','mysql','server_cost',0,0,0,0,0,0,0,0,0,0,0,0,0,0,0,0,0,0,0,0,0,0,0,0,0,0,0,0,0,0,0,0,0,0,0,0,0,0,0,0,0,0,0,0,0,0,0,0,0,0,0,0,0,0,0,0,0,0,0,0,0,0,0,0,0),('TABLE','mysql','engine_cost',0,0,0,0,0,0,0,0,0,0,0,0,0,0,0,0,0,0,0,0,0,0,0,0,0,0,0,0,0,0,0,0,0,0,0,0,0,0,0,0,0,0,0,0,0,0,0,0,0,0,0,0,0,0,0,0,0,0,0,0,0,0,0,0,0),('TABLE','mysql','resource_groups',0,0,0,0,0,0,0,0,0,0,0,0,0,0,0,0,0,0,0,0,0,0,0,0,0,0,0,0,0,0,0,0,0,0,0,0,0,0,0,0,0,0,0,0,0,0,0,0,0,0,0,0,0,0,0,0,0,0,0,0,0,0,0,0,0),('TABLE','mysql','gtid_executed',0,0,0,0,0,0,0,0,0,0,0,0,0,0,0,0,0,0,0,0,0,0,0,0,0,0,0,0,0,0,0,0,0,0,0,0,0,0,0,0,0,0,0,0,0,0,0,0,0,0,0,0,0,0,0,0,0,0,0,0,0,0,0,0,0),('TABLE','mysql','index_stats',0,0,0,0,0,0,0,0,0,0,0,0,0,0,0,0,0,0,0,0,0,0,0,0,0,0,0,0,0,0,0,0,0,0,0,0,0,0,0,0,0,0,0,0,0,0,0,0,0,0,0,0,0,0,0,0,0,0,0,0,0,0,0,0,0),('TABLE','mysql','table_stats',0,0,0,0,0,0,0,0,0,0,0,0,0,0,0,0,0,0,0,0,0,0,0,0,0,0,0,0,0,0,0,0,0,0,0,0,0,0,0,0,0,0,0,0,0,0,0,0,0,0,0,0,0,0,0,0,0,0,0,0,0,0,0,0,0),('TABLE','mysql','component',0,0,0,0,0,0,0,0,0,0,0,0,0,0,0,0,0,0,0,0,0,0,0,0,0,0,0,0,0,0,0,0,0,0,0,0,0,0,0,0,0,0,0,0,0,0,0,0,0,0,0,0,0,0,0,0,0,0,0,0,0,0,0,0,0),('TABLE','mysql','user',0,0,0,0,0,0,0,0,0,0,0,0,0,0,0,0,0,0,0,0,0,0,0,0,0,0,0,0,0,0,0,0,0,0,0,0,0,0,0,0,0,0,0,0,0,0,0,0,0,0,0,0,0,0,0,0,0,0,0,0,0,0,0,0,0),('TABLE','mysql','db',0,0,0,0,0,0,0,0,0,0,0,0,0,0,0,0,0,0,0,0,0,0,0,0,0,0,0,0,0,0,0,0,0,0,0,0,0,0,0,0,0,0,0,0,0,0,0,0,0,0,0,0,0,0,0,0,0,0,0,0,0,0,0,0,0),('TABLE','mysql','tables_priv',0,0,0,0,0,0,0,0,0,0,0,0,0,0,0,0,0,0,0,0,0,0,0,0,0,0,0,0,0,0,0,0,0,0,0,0,0,0,0,0,0,0,0,0,0,0,0,0,0,0,0,0,0,0,0,0,0,0,0,0,0,0,0,0,0),('TABLE','mysql','columns_priv',0,0,0,0,0,0,0,0,0,0,0,0,0,0,0,0,0,0,0,0,0,0,0,0,0,0,0,0,0,0,0,0,0,0,0,0,0,0,0,0,0,0,0,0,0,0,0,0,0,0,0,0,0,0,0,0,0,0,0,0,0,0,0,0,0),('TABLE','mysql','procs_priv',0,0,0,0,0,0,0,0,0,0,0,0,0,0,0,0,0,0,0,0,0,0,0,0,0,0,0,0,0,0,0,0,0,0,0,0,0,0,0,0,0,0,0,0,0,0,0,0,0,0,0,0,0,0,0,0,0,0,0,0,0,0,0,0,0),('TABLE','mysql','proxies_priv',0,0,0,0,0,0,0,0,0,0,0,0,0,0,0,0,0,0,0,0,0,0,0,0,0,0,0,0,0,0,0,0,0,0,0,0,0,0,0,0,0,0,0,0,0,0,0,0,0,0,0,0,0,0,0,0,0,0,0,0,0,0,0,0,0),('TABLE','mysql','role_edges',0,0,0,0,0,0,0,0,0,0,0,0,0,0,0,0,0,0,0,0,0,0,0,0,0,0,0,0,0,0,0,0,0,0,0,0,0,0,0,0,0,0,0,0,0,0,0,0,0,0,0,0,0,0,0,0,0,0,0,0,0,0,0,0,0),('TABLE','mysql','default_roles',0,0,0,0,0,0,0,0,0,0,0,0,0,0,0,0,0,0,0,0,0,0,0,0,0,0,0,0,0,0,0,0,0,0,0,0,0,0,0,0,0,0,0,0,0,0,0,0,0,0,0,0,0,0,0,0,0,0,0,0,0,0,0,0,0),('TABLE','mysql','global_grants',0,0,0,0,0,0,0,0,0,0,0,0,0,0,0,0,0,0,0,0,0,0,0,0,0,0,0,0,0,0,0,0,0,0,0,0,0,0,0,0,0,0,0,0,0,0,0,0,0,0,0,0,0,0,0,0,0,0,0,0,0,0,0,0,0),('TABLE','mysql','password_history',0,0,0,0,0,0,0,0,0,0,0,0,0,0,0,0,0,0,0,0,0,0,0,0,0,0,0,0,0,0,0,0,0,0,0,0,0,0,0,0,0,0,0,0,0,0,0,0,0,0,0,0,0,0,0,0,0,0,0,0,0,0,0,0,0),('TABLE','mysql','time_zone_leap_second',0,0,0,0,0,0,0,0,0,0,0,0,0,0,0,0,0,0,0,0,0,0,0,0,0,0,0,0,0,0,0,0,0,0,0,0,0,0,0,0,0,0,0,0,0,0,0,0,0,0,0,0,0,0,0,0,0,0,0,0,0,0,0,0,0),('TABLE','mysql','time_zone_name',0,0,0,0,0,0,0,0,0,0,0,0,0,0,0,0,0,0,0,0,0,0,0,0,0,0,0,0,0,0,0,0,0,0,0,0,0,0,0,0,0,0,0,0,0,0,0,0,0,0,0,0,0,0,0,0,0,0,0,0,0,0,0,0,0),('TABLE','mysql','time_zone',0,0,0,0,0,0,0,0,0,0,0,0,0,0,0,0,0,0,0,0,0,0,0,0,0,0,0,0,0,0,0,0,0,0,0,0,0,0,0,0,0,0,0,0,0,0,0,0,0,0,0,0,0,0,0,0,0,0,0,0,0,0,0,0,0),('TABLE','mysql','time_zone_transition_type',0,0,0,0,0,0,0,0,0,0,0,0,0,0,0,0,0,0,0,0,0,0,0,0,0,0,0,0,0,0,0,0,0,0,0,0,0,0,0,0,0,0,0,0,0,0,0,0,0,0,0,0,0,0,0,0,0,0,0,0,0,0,0,0,0),('TABLE','mysql','time_zone_transition',0,0,0,0,0,0,0,0,0,0,0,0,0,0,0,0,0,0,0,0,0,0,0,0,0,0,0,0,0,0,0,0,0,0,0,0,0,0,0,0,0,0,0,0,0,0,0,0,0,0,0,0,0,0,0,0,0,0,0,0,0,0,0,0,0),('TABLE','mysql','servers',0,0,0,0,0,0,0,0,0,0,0,0,0,0,0,0,0,0,0,0,0,0,0,0,0,0,0,0,0,0,0,0,0,0,0,0,0,0,0,0,0,0,0,0,0,0,0,0,0,0,0,0,0,0,0,0,0,0,0,0,0,0,0,0,0),('TABLE','mysql','func',0,0,0,0,0,0,0,0,0,0,0,0,0,0,0,0,0,0,0,0,0,0,0,0,0,0,0,0,0,0,0,0,0,0,0,0,0,0,0,0,0,0,0,0,0,0,0,0,0,0,0,0,0,0,0,0,0,0,0,0,0,0,0,0,0),('TABLE','mysql','slave_master_info',0,0,0,0,0,0,0,0,0,0,0,0,0,0,0,0,0,0,0,0,0,0,0,0,0,0,0,0,0,0,0,0,0,0,0,0,0,0,0,0,0,0,0,0,0,0,0,0,0,0,0,0,0,0,0,0,0,0,0,0,0,0,0,0,0),('TABLE','mysql','slave_relay_log_info',0,0,0,0,0,0,0,0,0,0,0,0,0,0,0,0,0,0,0,0,0,0,0,0,0,0,0,0,0,0,0,0,0,0,0,0,0,0,0,0,0,0,0,0,0,0,0,0,0,0,0,0,0,0,0,0,0,0,0,0,0,0,0,0,0),('TABLE','mysql','slave_worker_info',0,0,0,0,0,0,0,0,0,0,0,0,0,0,0,0,0,0,0,0,0,0,0,0,0,0,0,0,0,0,0,0,0,0,0,0,0,0,0,0,0,0,0,0,0,0,0,0,0,0,0,0,0,0,0,0,0,0,0,0,0,0,0,0,0),('TABLE','mysql','events',0,0,0,0,0,0,0,0,0,0,0,0,0,0,0,0,0,0,0,0,0,0,0,0,0,0,0,0,0,0,0,0,0,0,0,0,0,0,0,0,0,0,0,0,0,0,0,0,0,0,0,0,0,0,0,0,0,0,0,0,0,0,0,0,0),('TABLE','mysql','column_statistics',0,0,0,0,0,0,0,0,0,0,0,0,0,0,0,0,0,0,0,0,0,0,0,0,0,0,0,0,0,0,0,0,0,0,0,0,0,0,0,0,0,0,0,0,0,0,0,0,0,0,0,0,0,0,0,0,0,0,0,0,0,0,0,0,0),('TABLE','cigrascloud','oc_appconfig',1655486,3202123180977,730764,1934235,6858339390,1655486,3202123180977,730764,1934235,6858339390,0,0,0,0,0,0,0,0,0,0,0,0,0,0,0,0,0,0,0,0,0,0,0,0,0,1655486,3202123180977,730764,1934235,6858339390,0,0,0,0,0,0,0,0,0,0,0,0,0,0,0,0,0,0,0,0,0,0,0,0,0),('TABLE','cigrascloud','oc_authtoken',5561077,9889845244722,538056,1778256,543388860,5515032,9802612037088,538056,1777302,543388860,46045,87233207634,754137,1894167,36792441,0,0,0,0,0,0,0,0,0,0,0,0,0,0,0,0,0,0,0,0,5515032,9802612037088,538056,1777302,543388860,0,0,0,0,0,0,0,0,0,0,0,0,0,0,0,0,0,0,0,0,46045,87233207634,754137,1894167,36792441),('TABLE','cigrascloud','oc_preferences',1643291,3137539591395,323406,1908954,529124652,1643175,3137322623175,323406,1908954,529124652,116,216968220,1175328,1870317,2674539,0,0,0,0,0,0,0,0,0,0,0,0,0,0,0,0,0,0,0,0,1643175,3137322623175,323406,1908954,529124652,0,0,0,0,0,0,0,0,0,0,0,0,0,0,0,0,0,0,0,0,116,216968220,1175328,1870317,2674539),('TABLE','cigrascloud','oc_groups',811403,1494654579135,639180,1841697,519374772,811403,1494654579135,639180,1841697,519374772,0,0,0,0,0,0,0,0,0,0,0,0,0,0,0,0,0,0,0,0,0,0,0,0,0,811403,1494654579135,639180,1841697,519374772,0,0,0,0,0,0,0,0,0,0,0,0,0,0,0,0,0,0,0,0,0,0,0,0,0),('TABLE','cigrascloud','oc_users',155635,252630654201,579078,1622754,68128956,155631,252624001959,579078,1622754,68128956,4,6652242,1049400,1662822,1966671,0,0,0,0,0,0,0,0,0,0,0,0,0,0,0,0,0,0,0,0,155631,252624001959,579078,1622754,68128956,0,0,0,0,0,0,0,0,0,0,0,0,0,0,0,0,0,0,0,0,4,6652242,1049400,1662822,1966671),('TABLE','cigrascloud','oc_accounts',2471386,4660840347336,525654,1885581,538200054,2470236,4658859981666,525654,1885581,538200054,1150,1980365670,984528,1721970,2347317,0,0,0,0,0,0,0,0,0,0,0,0,0,0,0,0,0,0,0,0,2470236,4658859981666,525654,1885581,538200054,0,0,0,0,0,0,0,0,0,0,0,0,0,0,0,0,0,0,0,0,1150,1980365670,984528,1721970,2347317),('TABLE','cigrascloud','oc_external_mounts',6530533,11995756035408,562860,1836450,540557388,6530533,11995756035408,562860,1836450,540557388,0,0,0,0,0,0,0,0,0,0,0,0,0,0,0,0,0,0,0,0,0,0,0,0,0,6530533,11995756035408,562860,1836450,540557388,0,0,0,0,0,0,0,0,0,0,0,0,0,0,0,0,0,0,0,0,0,0,0,0,0),('TABLE','cigrascloud','oc_external_applicable',6530509,2064701939292,66780,315774,533248317,6530509,2064701939292,66780,315774,533248317,0,0,0,0,0,0,0,0,0,0,0,0,0,0,0,0,0,0,0,0,0,0,0,0,0,6530509,2064701939292,66780,315774,533248317,0,0,0,0,0,0,0,0,0,0,0,0,0,0,0,0,0,0,0,0,0,0,0,0,0),('TABLE','cigrascloud','oc_group_user',2454469,4075652715255,542826,1660437,527869188,2454469,4075652715255,542826,1660437,527869188,0,0,0,0,0,0,0,0,0,0,0,0,0,0,0,0,0,0,0,0,0,0,0,0,0,2454469,4075652715255,542826,1660437,527869188,0,0,0,0,0,0,0,0,0,0,0,0,0,0,0,0,0,0,0,0,0,0,0,0,0),('TABLE','cigrascloud','oc_share',1909223,3780864533934,642996,1980027,543732777,1909223,3780864533934,642996,1980027,543732777,0,0,0,0,0,0,0,0,0,0,0,0,0,0,0,0,0,0,0,0,0,0,0,0,0,1909223,3780864533934,642996,1980027,543732777,0,0,0,0,0,0,0,0,0,0,0,0,0,0,0,0,0,0,0,0,0,0,0,0,0),('TABLE','cigrascloud','oc_filecache',14433907,19431714366360,60102,1346094,554030253,14427156,19419735829788,60102,1345617,554030253,6751,11978536572,663984,1773963,30725478,0,0,0,0,0,0,0,0,0,0,0,0,0,0,0,0,0,0,0,0,14427156,19419735829788,60102,1345617,554030253,0,0,0,0,0,0,0,0,0,0,0,0,0,0,0,0,0,0,0,0,6751,11978536572,663984,1773963,30725478),('TABLE','cigrascloud','oc_storages',5029072,5588719572141,62964,1110933,536767623,5029072,5588719572141,62964,1110933,536767623,0,0,0,0,0,0,0,0,0,0,0,0,0,0,0,0,0,0,0,0,0,0,0,0,0,5029072,5588719572141,62964,1110933,536767623,0,0,0,0,0,0,0,0,0,0,0,0,0,0,0,0,0,0,0,0,0,0,0,0,0),('TABLE','cigrascloud','oc_share_external',1632620,3027434247594,671616,1854099,546938217,1632620,3027434247594,671616,1854099,546938217,0,0,0,0,0,0,0,0,0,0,0,0,0,0,0,0,0,0,0,0,0,0,0,0,0,1632620,3027434247594,671616,1854099,546938217,0,0,0,0,0,0,0,0,0,0,0,0,0,0,0,0,0,0,0,0,0,0,0,0,0),('TABLE','cigrascloud','oc_mounts',1632620,2258746758981,313866,1383300,538704243,1632619,2258744601987,313866,1383300,538704243,1,2156994,2156994,2156994,2156994,0,0,0,0,0,0,0,0,0,0,0,0,0,0,0,0,0,0,0,0,1632619,2258744601987,313866,1383300,538704243,0,0,0,0,0,0,0,0,0,0,0,0,0,0,0,0,0,0,0,0,1,2156994,2156994,2156994,2156994),('TABLE','cigrascloud','oc_mimetypes',1119551,1844104210551,484632,1647081,517969053,1119550,1844102781459,484632,1647081,517969053,1,1429092,1429092,1429092,1429092,0,0,0,0,0,0,0,0,0,0,0,0,0,0,0,0,0,0,0,0,1119550,1844102781459,484632,1647081,517969053,0,0,0,0,0,0,0,0,0,0,0,0,0,0,0,0,0,0,0,0,1,1429092,1429092,1429092,1429092),('TABLE','cigrascloud','oc_notifications',176002,343144218501,802314,1949499,525241395,176002,343144218501,802314,1949499,525241395,0,0,0,0,0,0,0,0,0,0,0,0,0,0,0,0,0,0,0,0,0,0,0,0,0,176002,343144218501,802314,1949499,525241395,0,0,0,0,0,0,0,0,0,0,0,0,0,0,0,0,0,0,0,0,0,0,0,0,0),('TABLE','cigrascloud','oc_properties',258295,454153807863,675432,1758222,540437184,258295,454153807863,675432,1758222,540437184,0,0,0,0,0,0,0,0,0,0,0,0,0,0,0,0,0,0,0,0,0,0,0,0,0,258295,454153807863,675432,1758222,540437184,0,0,0,0,0,0,0,0,0,0,0,0,0,0,0,0,0,0,0,0,0,0,0,0,0),('TABLE','cigrascloud','oc_activity',6683,13181145156,1058940,1971918,28989198,815,1471800672,1125720,1805445,20621664,5868,11709344484,1058940,1995291,28989198,0,0,0,0,0,0,0,0,0,0,0,0,0,0,0,0,0,0,0,0,815,1471800672,1125720,1805445,20621664,0,0,0,0,0,0,0,0,0,0,0,0,0,0,0,0,0,0,0,0,5868,11709344484,1058940,1995291,28989198),('TABLE','cigrascloud','oc_file_locks',30725,45518419512,221328,1481085,44505531,8888,4281481881,221328,481293,27256257,21837,41236937631,925380,1887966,44505531,0,0,0,0,0,0,0,0,0,0,0,0,0,0,0,0,0,0,0,0,8888,4281481881,221328,481293,27256257,0,0,0,0,0,0,0,0,0,0,0,0,0,0,0,0,0,0,0,0,21837,41236937631,925380,1887966,44505531),('TABLE','cigrascloud','oc_group_admin',274,427600926,963540,1560267,2571030,274,427600926,963540,1560267,2571030,0,0,0,0,0,0,0,0,0,0,0,0,0,0,0,0,0,0,0,0,0,0,0,0,0,274,427600926,963540,1560267,2571030,0,0,0,0,0,0,0,0,0,0,0,0,0,0,0,0,0,0,0,0,0,0,0,0,0),('TABLE','cigrascloud','oc_comments',383,805008096,1171512,2101662,17897040,383,805008096,1171512,2101662,17897040,0,0,0,0,0,0,0,0,0,0,0,0,0,0,0,0,0,0,0,0,0,0,0,0,0,383,805008096,1171512,2101662,17897040,0,0,0,0,0,0,0,0,0,0,0,0,0,0,0,0,0,0,0,0,0,0,0,0,0),('TABLE','cigrascloud','oc_comments_read_markers',382,258053184,297171,675432,2150316,382,258053184,297171,675432,2150316,0,0,0,0,0,0,0,0,0,0,0,0,0,0,0,0,0,0,0,0,0,0,0,0,0,382,258053184,297171,675432,2150316,0,0,0,0,0,0,0,0,0,0,0,0,0,0,0,0,0,0,0,0,0,0,0,0,0),('TABLE','cigrascloud','oc_vcategory',690,785842713,186984,1138599,2611098,690,785842713,186984,1138599,2611098,0,0,0,0,0,0,0,0,0,0,0,0,0,0,0,0,0,0,0,0,0,0,0,0,0,690,785842713,186984,1138599,2611098,0,0,0,0,0,0,0,0,0,0,0,0,0,0,0,0,0,0,0,0,0,0,0,0,0),('TABLE','cigrascloud','oc_vcategory_to_object',383,624715929,846198,1630863,2981727,383,624715929,846198,1630863,2981727,0,0,0,0,0,0,0,0,0,0,0,0,0,0,0,0,0,0,0,0,0,0,0,0,0,383,624715929,846198,1630863,2981727,0,0,0,0,0,0,0,0,0,0,0,0,0,0,0,0,0,0,0,0,0,0,0,0,0),('TABLE','cigrascloud','oc_persistent_locks',5246,10375913403,988821,1977642,21202650,5246,10375913403,988821,1977642,21202650,0,0,0,0,0,0,0,0,0,0,0,0,0,0,0,0,0,0,0,0,0,0,0,0,0,5246,10375913403,988821,1977642,21202650,0,0,0,0,0,0,0,0,0,0,0,0,0,0,0,0,0,0,0,0,0,0,0,0,0),('TABLE','cigrascloud','oc_jobs',654,1264125843,1036044,1932804,18097380,554,1057768965,1036044,1908954,18097380,100,206356878,1529262,2063502,17486343,0,0,0,0,0,0,0,0,0,0,0,0,0,0,0,0,0,0,0,0,554,1057768965,1036044,1908954,18097380,0,0,0,0,0,0,0,0,0,0,0,0,0,0,0,0,0,0,0,0,100,206356878,1529262,2063502,17486343),('TABLE','cigrascloud','oc_files_trash',114,191102418,1099008,1676178,2395494,81,128526219,1099008,1586502,2395494,33,62576199,1722924,1896075,2100231,0,0,0,0,0,0,0,0,0,0,0,0,0,0,0,0,0,0,0,0,81,128526219,1099008,1586502,2395494,0,0,0,0,0,0,0,0,0,0,0,0,0,0,0,0,0,0,0,0,33,62576199,1722924,1896075,2100231),('TABLE','mysql','catalogs',0,0,0,0,0,0,0,0,0,0,0,0,0,0,0,0,0,0,0,0,0,0,0,0,0,0,0,0,0,0,0,0,0,0,0,0,0,0,0,0,0,0,0,0,0,0,0,0,0,0,0,0,0,0,0,0,0,0,0,0,0,0,0,0,0),('TABLE','performance_schema','session_variables',0,0,0,0,0,0,0,0,0,0,0,0,0,0,0,0,0,0,0,0,0,0,0,0,0,0,0,0,0,0,0,0,0,0,0,0,0,0,0,0,0,0,0,0,0,0,0,0,0,0,0,0,0,0,0,0,0,0,0,0,0,0,0,0,0),('TABLE','cigrascloud','oc_account_terms',87,161945793,290493,1861254,2707929,87,161945793,290493,1861254,2707929,0,0,0,0,0,0,0,0,0,0,0,0,0,0,0,0,0,0,0,0,0,0,0,0,0,87,161945793,290493,1861254,2707929,0,0,0,0,0,0,0,0,0,0,0,0,0,0,0,0,0,0,0,0,0,0,0,0,0),('TABLE','cigrascloud','oc_activity_mq',81,151924023,1219212,1875564,2470860,81,151924023,1219212,1875564,2470860,0,0,0,0,0,0,0,0,0,0,0,0,0,0,0,0,0,0,0,0,0,0,0,0,0,81,151924023,1219212,1875564,2470860,0,0,0,0,0,0,0,0,0,0,0,0,0,0,0,0,0,0,0,0,0,0,0,0,0),('TABLE','cigrascloud','oc_addressbookchanges',81,147108231,1158156,1815939,2237130,81,147108231,1158156,1815939,2237130,0,0,0,0,0,0,0,0,0,0,0,0,0,0,0,0,0,0,0,0,0,0,0,0,0,81,147108231,1158156,1815939,2237130,0,0,0,0,0,0,0,0,0,0,0,0,0,0,0,0,0,0,0,0,0,0,0,0,0),('TABLE','cigrascloud','oc_addressbooks',81,162031653,1165788,2000061,17853633,81,162031653,1165788,2000061,17853633,0,0,0,0,0,0,0,0,0,0,0,0,0,0,0,0,0,0,0,0,0,0,0,0,0,81,162031653,1165788,2000061,17853633,0,0,0,0,0,0,0,0,0,0,0,0,0,0,0,0,0,0,0,0,0,0,0,0,0),('TABLE','cigrascloud','oc_calendarchanges',81,149606280,1033182,1846944,2270520,81,149606280,1033182,1846944,2270520,0,0,0,0,0,0,0,0,0,0,0,0,0,0,0,0,0,0,0,0,0,0,0,0,0,81,149606280,1033182,1846944,2270520,0,0,0,0,0,0,0,0,0,0,0,0,0,0,0,0,0,0,0,0,0,0,0,0,0),('TABLE','cigrascloud','oc_calendarobjects',81,152550324,1033182,1883196,2417436,81,152550324,1033182,1883196,2417436,0,0,0,0,0,0,0,0,0,0,0,0,0,0,0,0,0,0,0,0,0,0,0,0,0,81,152550324,1033182,1883196,2417436,0,0,0,0,0,0,0,0,0,0,0,0,0,0,0,0,0,0,0,0,0,0,0,0,0),('TABLE','cigrascloud','oc_calendars',81,153253422,1048923,1891782,2387385,81,153253422,1048923,1891782,2387385,0,0,0,0,0,0,0,0,0,0,0,0,0,0,0,0,0,0,0,0,0,0,0,0,0,81,153253422,1048923,1891782,2387385,0,0,0,0,0,0,0,0,0,0,0,0,0,0,0,0,0,0,0,0,0,0,0,0,0),('TABLE','cigrascloud','oc_calendarsubscriptions',81,145041867,1103301,1790181,2177982,81,145041867,1103301,1790181,2177982,0,0,0,0,0,0,0,0,0,0,0,0,0,0,0,0,0,0,0,0,0,0,0,0,0,81,145041867,1103301,1790181,2177982,0,0,0,0,0,0,0,0,0,0,0,0,0,0,0,0,0,0,0,0,0,0,0,0,0),('TABLE','cigrascloud','oc_cards',81,143061363,1133352,1765854,2390724,81,143061363,1133352,1765854,2390724,0,0,0,0,0,0,0,0,0,0,0,0,0,0,0,0,0,0,0,0,0,0,0,0,0,81,143061363,1133352,1765854,2390724,0,0,0,0,0,0,0,0,0,0,0,0,0,0,0,0,0,0,0,0,0,0,0,0,0),('TABLE','cigrascloud','oc_cards_properties',81,137970342,1057032,1702890,2213757,81,137970342,1057032,1702890,2213757,0,0,0,0,0,0,0,0,0,0,0,0,0,0,0,0,0,0,0,0,0,0,0,0,0,81,137970342,1057032,1702890,2213757,0,0,0,0,0,0,0,0,0,0,0,0,0,0,0,0,0,0,0,0,0,0,0,0,0),('TABLE','cigrascloud','oc_credentials',81,124871922,1010286,1541187,2160333,81,124871922,1010286,1541187,2160333,0,0,0,0,0,0,0,0,0,0,0,0,0,0,0,0,0,0,0,0,0,0,0,0,0,81,124871922,1010286,1541187,2160333,0,0,0,0,0,0,0,0,0,0,0,0,0,0,0,0,0,0,0,0,0,0,0,0,0),('TABLE','cigrascloud','oc_dav_job_status',81,130260591,970218,1607967,10104768,81,130260591,970218,1607967,10104768,0,0,0,0,0,0,0,0,0,0,0,0,0,0,0,0,0,0,0,0,0,0,0,0,0,81,130260591,970218,1607967,10104768,0,0,0,0,0,0,0,0,0,0,0,0,0,0,0,0,0,0,0,0,0,0,0,0,0),('TABLE','cigrascloud','oc_dav_properties',88,134500167,895806,1528308,2420775,88,134500167,895806,1528308,2420775,0,0,0,0,0,0,0,0,0,0,0,0,0,0,0,0,0,0,0,0,0,0,0,0,0,88,134500167,895806,1528308,2420775,0,0,0,0,0,0,0,0,0,0,0,0,0,0,0,0,0,0,0,0,0,0,0,0,0),('TABLE','cigrascloud','oc_dav_shares',81,116659413,938736,1440063,2250486,81,116659413,938736,1440063,2250486,0,0,0,0,0,0,0,0,0,0,0,0,0,0,0,0,0,0,0,0,0,0,0,0,0,81,116659413,938736,1440063,2250486,0,0,0,0,0,0,0,0,0,0,0,0,0,0,0,0,0,0,0,0,0,0,0,0,0),('TABLE','cigrascloud','oc_external_config',81,109575963,857646,1352772,1996722,81,109575963,857646,1352772,1996722,0,0,0,0,0,0,0,0,0,0,0,0,0,0,0,0,0,0,0,0,0,0,0,0,0,81,109575963,857646,1352772,1996722,0,0,0,0,0,0,0,0,0,0,0,0,0,0,0,0,0,0,0,0,0,0,0,0,0),('TABLE','cigrascloud','oc_external_options',81,106501698,955908,1314612,2000538,81,106501698,955908,1314612,2000538,0,0,0,0,0,0,0,0,0,0,0,0,0,0,0,0,0,0,0,0,0,0,0,0,0,81,106501698,955908,1314612,2000538,0,0,0,0,0,0,0,0,0,0,0,0,0,0,0,0,0,0,0,0,0,0,0,0,0),('TABLE','cigrascloud','oc_federated_reshares',81,113932404,925857,1406196,11022516,81,113932404,925857,1406196,11022516,0,0,0,0,0,0,0,0,0,0,0,0,0,0,0,0,0,0,0,0,0,0,0,0,0,81,113932404,925857,1406196,11022516,0,0,0,0,0,0,0,0,0,0,0,0,0,0,0,0,0,0,0,0,0,0,0,0,0),('TABLE','cigrascloud','oc_migrations',81,128178486,1020780,1582209,2016756,81,128178486,1020780,1582209,2016756,0,0,0,0,0,0,0,0,0,0,0,0,0,0,0,0,0,0,0,0,0,0,0,0,0,81,128178486,1020780,1582209,2016756,0,0,0,0,0,0,0,0,0,0,0,0,0,0,0,0,0,0,0,0,0,0,0,0,0),('TABLE','cigrascloud','oc_privatedata',81,113036598,1014579,1395225,1980027,81,113036598,1014579,1395225,1980027,0,0,0,0,0,0,0,0,0,0,0,0,0,0,0,0,0,0,0,0,0,0,0,0,0,81,113036598,1014579,1395225,1980027,0,0,0,0,0,0,0,0,0,0,0,0,0,0,0,0,0,0,0,0,0,0,0,0,0),('TABLE','cigrascloud','oc_schedulingobjects',81,118343700,971649,1460574,11459448,81,118343700,971649,1460574,11459448,0,0,0,0,0,0,0,0,0,0,0,0,0,0,0,0,0,0,0,0,0,0,0,0,0,81,118343700,971649,1460574,11459448,0,0,0,0,0,0,0,0,0,0,0,0,0,0,0,0,0,0,0,0,0,0,0,0,0),('TABLE','cigrascloud','oc_systemtag',81,111869379,848583,1380915,10740132,81,111869379,848583,1380915,10740132,0,0,0,0,0,0,0,0,0,0,0,0,0,0,0,0,0,0,0,0,0,0,0,0,0,81,111869379,848583,1380915,10740132,0,0,0,0,0,0,0,0,0,0,0,0,0,0,0,0,0,0,0,0,0,0,0,0,0),('TABLE','cigrascloud','oc_systemtag_group',81,100324071,867186,1238292,2140299,81,100324071,867186,1238292,2140299,0,0,0,0,0,0,0,0,0,0,0,0,0,0,0,0,0,0,0,0,0,0,0,0,0,81,100324071,867186,1238292,2140299,0,0,0,0,0,0,0,0,0,0,0,0,0,0,0,0,0,0,0,0,0,0,0,0,0),('TABLE','cigrascloud','oc_systemtag_object_mapping',88,116937504,878634,1328445,2447487,88,116937504,878634,1328445,2447487,0,0,0,0,0,0,0,0,0,0,0,0,0,0,0,0,0,0,0,0,0,0,0,0,0,88,116937504,878634,1328445,2447487,0,0,0,0,0,0,0,0,0,0,0,0,0,0,0,0,0,0,0,0,0,0,0,0,0),('TABLE','cigrascloud','oc_trusted_servers',81,102573126,844290,1265958,2070180,81,102573126,844290,1265958,2070180,0,0,0,0,0,0,0,0,0,0,0,0,0,0,0,0,0,0,0,0,0,0,0,0,0,81,102573126,844290,1265958,2070180,0,0,0,0,0,0,0,0,0,0,0,0,0,0,0,0,0,0,0,0,0,0,0,0,0),('TABLE','mysql','help_category',0,0,0,0,0,0,0,0,0,0,0,0,0,0,0,0,0,0,0,0,0,0,0,0,0,0,0,0,0,0,0,0,0,0,0,0,0,0,0,0,0,0,0,0,0,0,0,0,0,0,0,0,0,0,0,0,0,0,0,0,0,0,0,0,0),('TABLE','mysql','help_keyword',0,0,0,0,0,0,0,0,0,0,0,0,0,0,0,0,0,0,0,0,0,0,0,0,0,0,0,0,0,0,0,0,0,0,0,0,0,0,0,0,0,0,0,0,0,0,0,0,0,0,0,0,0,0,0,0,0,0,0,0,0,0,0,0,0),('TABLE','mysql','help_relation',0,0,0,0,0,0,0,0,0,0,0,0,0,0,0,0,0,0,0,0,0,0,0,0,0,0,0,0,0,0,0,0,0,0,0,0,0,0,0,0,0,0,0,0,0,0,0,0,0,0,0,0,0,0,0,0,0,0,0,0,0,0,0,0,0),('TABLE','mysql','help_topic',0,0,0,0,0,0,0,0,0,0,0,0,0,0,0,0,0,0,0,0,0,0,0,0,0,0,0,0,0,0,0,0,0,0,0,0,0,0,0,0,0,0,0,0,0,0,0,0,0,0,0,0,0,0,0,0,0,0,0,0,0,0,0,0,0),('TABLE','mysql','innodb_index_stats',0,0,0,0,0,0,0,0,0,0,0,0,0,0,0,0,0,0,0,0,0,0,0,0,0,0,0,0,0,0,0,0,0,0,0,0,0,0,0,0,0,0,0,0,0,0,0,0,0,0,0,0,0,0,0,0,0,0,0,0,0,0,0,0,0),('TABLE','mysql','innodb_table_stats',0,0,0,0,0,0,0,0,0,0,0,0,0,0,0,0,0,0,0,0,0,0,0,0,0,0,0,0,0,0,0,0,0,0,0,0,0,0,0,0,0,0,0,0,0,0,0,0,0,0,0,0,0,0,0,0,0,0,0,0,0,0,0,0,0),('TABLE','mysql','replication_asynchronous_connection_failover',0,0,0,0,0,0,0,0,0,0,0,0,0,0,0,0,0,0,0,0,0,0,0,0,0,0,0,0,0,0,0,0,0,0,0,0,0,0,0,0,0,0,0,0,0,0,0,0,0,0,0,0,0,0,0,0,0,0,0,0,0,0,0,0,0),('TABLE','mysql','replication_asynchronous_connection_failover_managed',0,0,0,0,0,0,0,0,0,0,0,0,0,0,0,0,0,0,0,0,0,0,0,0,0,0,0,0,0,0,0,0,0,0,0,0,0,0,0,0,0,0,0,0,0,0,0,0,0,0,0,0,0,0,0,0,0,0,0,0,0,0,0,0,0),('TABLE','mysql','replication_group_configuration_version',0,0,0,0,0,0,0,0,0,0,0,0,0,0,0,0,0,0,0,0,0,0,0,0,0,0,0,0,0,0,0,0,0,0,0,0,0,0,0,0,0,0,0,0,0,0,0,0,0,0,0,0,0,0,0,0,0,0,0,0,0,0,0,0,0),('TABLE','mysql','replication_group_member_actions',0,0,0,0,0,0,0,0,0,0,0,0,0,0,0,0,0,0,0,0,0,0,0,0,0,0,0,0,0,0,0,0,0,0,0,0,0,0,0,0,0,0,0,0,0,0,0,0,0,0,0,0,0,0,0,0,0,0,0,0,0,0,0,0,0),('TABLE','mysql','general_log',0,0,0,0,0,0,0,0,0,0,0,0,0,0,0,0,0,0,0,0,0,0,0,0,0,0,0,0,0,0,0,0,0,0,0,0,0,0,0,0,0,0,0,0,0,0,0,0,0,0,0,0,0,0,0,0,0,0,0,0,0,0,0,0,0),('TABLE','mysql','slow_log',0,0,0,0,0,0,0,0,0,0,0,0,0,0,0,0,0,0,0,0,0,0,0,0,0,0,0,0,0,0,0,0,0,0,0,0,0,0,0,0,0,0,0,0,0,0,0,0,0,0,0,0,0,0,0,0,0,0,0,0,0,0,0,0,0),('TABLE','performance_schema','accounts',0,0,0,0,0,0,0,0,0,0,0,0,0,0,0,0,0,0,0,0,0,0,0,0,0,0,0,0,0,0,0,0,0,0,0,0,0,0,0,0,0,0,0,0,0,0,0,0,0,0,0,0,0,0,0,0,0,0,0,0,0,0,0,0,0),('TABLE','performance_schema','binary_log_transaction_compression_stats',0,0,0,0,0,0,0,0,0,0,0,0,0,0,0,0,0,0,0,0,0,0,0,0,0,0,0,0,0,0,0,0,0,0,0,0,0,0,0,0,0,0,0,0,0,0,0,0,0,0,0,0,0,0,0,0,0,0,0,0,0,0,0,0,0),('TABLE','performance_schema','cond_instances',0,0,0,0,0,0,0,0,0,0,0,0,0,0,0,0,0,0,0,0,0,0,0,0,0,0,0,0,0,0,0,0,0,0,0,0,0,0,0,0,0,0,0,0,0,0,0,0,0,0,0,0,0,0,0,0,0,0,0,0,0,0,0,0,0),('TABLE','performance_schema','data_lock_waits',0,0,0,0,0,0,0,0,0,0,0,0,0,0,0,0,0,0,0,0,0,0,0,0,0,0,0,0,0,0,0,0,0,0,0,0,0,0,0,0,0,0,0,0,0,0,0,0,0,0,0,0,0,0,0,0,0,0,0,0,0,0,0,0,0),('TABLE','performance_schema','data_locks',0,0,0,0,0,0,0,0,0,0,0,0,0,0,0,0,0,0,0,0,0,0,0,0,0,0,0,0,0,0,0,0,0,0,0,0,0,0,0,0,0,0,0,0,0,0,0,0,0,0,0,0,0,0,0,0,0,0,0,0,0,0,0,0,0),('TABLE','performance_schema','error_log',0,0,0,0,0,0,0,0,0,0,0,0,0,0,0,0,0,0,0,0,0,0,0,0,0,0,0,0,0,0,0,0,0,0,0,0,0,0,0,0,0,0,0,0,0,0,0,0,0,0,0,0,0,0,0,0,0,0,0,0,0,0,0,0,0),('TABLE','performance_schema','events_errors_summary_by_account_by_error',0,0,0,0,0,0,0,0,0,0,0,0,0,0,0,0,0,0,0,0,0,0,0,0,0,0,0,0,0,0,0,0,0,0,0,0,0,0,0,0,0,0,0,0,0,0,0,0,0,0,0,0,0,0,0,0,0,0,0,0,0,0,0,0,0),('TABLE','performance_schema','events_errors_summary_by_host_by_error',0,0,0,0,0,0,0,0,0,0,0,0,0,0,0,0,0,0,0,0,0,0,0,0,0,0,0,0,0,0,0,0,0,0,0,0,0,0,0,0,0,0,0,0,0,0,0,0,0,0,0,0,0,0,0,0,0,0,0,0,0,0,0,0,0),('TABLE','performance_schema','events_errors_summary_by_thread_by_error',0,0,0,0,0,0,0,0,0,0,0,0,0,0,0,0,0,0,0,0,0,0,0,0,0,0,0,0,0,0,0,0,0,0,0,0,0,0,0,0,0,0,0,0,0,0,0,0,0,0,0,0,0,0,0,0,0,0,0,0,0,0,0,0,0),('TABLE','performance_schema','events_errors_summary_by_user_by_error',0,0,0,0,0,0,0,0,0,0,0,0,0,0,0,0,0,0,0,0,0,0,0,0,0,0,0,0,0,0,0,0,0,0,0,0,0,0,0,0,0,0,0,0,0,0,0,0,0,0,0,0,0,0,0,0,0,0,0,0,0,0,0,0,0),('TABLE','performance_schema','events_errors_summary_global_by_error',0,0,0,0,0,0,0,0,0,0,0,0,0,0,0,0,0,0,0,0,0,0,0,0,0,0,0,0,0,0,0,0,0,0,0,0,0,0,0,0,0,0,0,0,0,0,0,0,0,0,0,0,0,0,0,0,0,0,0,0,0,0,0,0,0),('TABLE','performance_schema','events_stages_current',0,0,0,0,0,0,0,0,0,0,0,0,0,0,0,0,0,0,0,0,0,0,0,0,0,0,0,0,0,0,0,0,0,0,0,0,0,0,0,0,0,0,0,0,0,0,0,0,0,0,0,0,0,0,0,0,0,0,0,0,0,0,0,0,0),('TABLE','performance_schema','events_stages_history',0,0,0,0,0,0,0,0,0,0,0,0,0,0,0,0,0,0,0,0,0,0,0,0,0,0,0,0,0,0,0,0,0,0,0,0,0,0,0,0,0,0,0,0,0,0,0,0,0,0,0,0,0,0,0,0,0,0,0,0,0,0,0,0,0),('TABLE','performance_schema','events_stages_history_long',0,0,0,0,0,0,0,0,0,0,0,0,0,0,0,0,0,0,0,0,0,0,0,0,0,0,0,0,0,0,0,0,0,0,0,0,0,0,0,0,0,0,0,0,0,0,0,0,0,0,0,0,0,0,0,0,0,0,0,0,0,0,0,0,0),('TABLE','performance_schema','events_stages_summary_by_account_by_event_name',0,0,0,0,0,0,0,0,0,0,0,0,0,0,0,0,0,0,0,0,0,0,0,0,0,0,0,0,0,0,0,0,0,0,0,0,0,0,0,0,0,0,0,0,0,0,0,0,0,0,0,0,0,0,0,0,0,0,0,0,0,0,0,0,0),('TABLE','performance_schema','events_stages_summary_by_host_by_event_name',0,0,0,0,0,0,0,0,0,0,0,0,0,0,0,0,0,0,0,0,0,0,0,0,0,0,0,0,0,0,0,0,0,0,0,0,0,0,0,0,0,0,0,0,0,0,0,0,0,0,0,0,0,0,0,0,0,0,0,0,0,0,0,0,0),('TABLE','performance_schema','events_stages_summary_by_thread_by_event_name',0,0,0,0,0,0,0,0,0,0,0,0,0,0,0,0,0,0,0,0,0,0,0,0,0,0,0,0,0,0,0,0,0,0,0,0,0,0,0,0,0,0,0,0,0,0,0,0,0,0,0,0,0,0,0,0,0,0,0,0,0,0,0,0,0),('TABLE','performance_schema','events_stages_summary_by_user_by_event_name',0,0,0,0,0,0,0,0,0,0,0,0,0,0,0,0,0,0,0,0,0,0,0,0,0,0,0,0,0,0,0,0,0,0,0,0,0,0,0,0,0,0,0,0,0,0,0,0,0,0,0,0,0,0,0,0,0,0,0,0,0,0,0,0,0),('TABLE','performance_schema','events_stages_summary_global_by_event_name',0,0,0,0,0,0,0,0,0,0,0,0,0,0,0,0,0,0,0,0,0,0,0,0,0,0,0,0,0,0,0,0,0,0,0,0,0,0,0,0,0,0,0,0,0,0,0,0,0,0,0,0,0,0,0,0,0,0,0,0,0,0,0,0,0),('TABLE','performance_schema','events_statements_current',0,0,0,0,0,0,0,0,0,0,0,0,0,0,0,0,0,0,0,0,0,0,0,0,0,0,0,0,0,0,0,0,0,0,0,0,0,0,0,0,0,0,0,0,0,0,0,0,0,0,0,0,0,0,0,0,0,0,0,0,0,0,0,0,0),('TABLE','performance_schema','events_statements_histogram_by_digest',0,0,0,0,0,0,0,0,0,0,0,0,0,0,0,0,0,0,0,0,0,0,0,0,0,0,0,0,0,0,0,0,0,0,0,0,0,0,0,0,0,0,0,0,0,0,0,0,0,0,0,0,0,0,0,0,0,0,0,0,0,0,0,0,0),('TABLE','performance_schema','events_statements_histogram_global',0,0,0,0,0,0,0,0,0,0,0,0,0,0,0,0,0,0,0,0,0,0,0,0,0,0,0,0,0,0,0,0,0,0,0,0,0,0,0,0,0,0,0,0,0,0,0,0,0,0,0,0,0,0,0,0,0,0,0,0,0,0,0,0,0),('TABLE','performance_schema','events_statements_history',0,0,0,0,0,0,0,0,0,0,0,0,0,0,0,0,0,0,0,0,0,0,0,0,0,0,0,0,0,0,0,0,0,0,0,0,0,0,0,0,0,0,0,0,0,0,0,0,0,0,0,0,0,0,0,0,0,0,0,0,0,0,0,0,0),('TABLE','performance_schema','events_statements_history_long',0,0,0,0,0,0,0,0,0,0,0,0,0,0,0,0,0,0,0,0,0,0,0,0,0,0,0,0,0,0,0,0,0,0,0,0,0,0,0,0,0,0,0,0,0,0,0,0,0,0,0,0,0,0,0,0,0,0,0,0,0,0,0,0,0),('TABLE','performance_schema','events_statements_summary_by_account_by_event_name',0,0,0,0,0,0,0,0,0,0,0,0,0,0,0,0,0,0,0,0,0,0,0,0,0,0,0,0,0,0,0,0,0,0,0,0,0,0,0,0,0,0,0,0,0,0,0,0,0,0,0,0,0,0,0,0,0,0,0,0,0,0,0,0,0),('TABLE','performance_schema','events_statements_summary_by_digest',0,0,0,0,0,0,0,0,0,0,0,0,0,0,0,0,0,0,0,0,0,0,0,0,0,0,0,0,0,0,0,0,0,0,0,0,0,0,0,0,0,0,0,0,0,0,0,0,0,0,0,0,0,0,0,0,0,0,0,0,0,0,0,0,0),('TABLE','performance_schema','events_statements_summary_by_host_by_event_name',0,0,0,0,0,0,0,0,0,0,0,0,0,0,0,0,0,0,0,0,0,0,0,0,0,0,0,0,0,0,0,0,0,0,0,0,0,0,0,0,0,0,0,0,0,0,0,0,0,0,0,0,0,0,0,0,0,0,0,0,0,0,0,0,0),('TABLE','performance_schema','events_statements_summary_by_program',0,0,0,0,0,0,0,0,0,0,0,0,0,0,0,0,0,0,0,0,0,0,0,0,0,0,0,0,0,0,0,0,0,0,0,0,0,0,0,0,0,0,0,0,0,0,0,0,0,0,0,0,0,0,0,0,0,0,0,0,0,0,0,0,0),('TABLE','performance_schema','events_statements_summary_by_thread_by_event_name',0,0,0,0,0,0,0,0,0,0,0,0,0,0,0,0,0,0,0,0,0,0,0,0,0,0,0,0,0,0,0,0,0,0,0,0,0,0,0,0,0,0,0,0,0,0,0,0,0,0,0,0,0,0,0,0,0,0,0,0,0,0,0,0,0),('TABLE','performance_schema','events_statements_summary_by_user_by_event_name',0,0,0,0,0,0,0,0,0,0,0,0,0,0,0,0,0,0,0,0,0,0,0,0,0,0,0,0,0,0,0,0,0,0,0,0,0,0,0,0,0,0,0,0,0,0,0,0,0,0,0,0,0,0,0,0,0,0,0,0,0,0,0,0,0),('TABLE','performance_schema','events_statements_summary_global_by_event_name',0,0,0,0,0,0,0,0,0,0,0,0,0,0,0,0,0,0,0,0,0,0,0,0,0,0,0,0,0,0,0,0,0,0,0,0,0,0,0,0,0,0,0,0,0,0,0,0,0,0,0,0,0,0,0,0,0,0,0,0,0,0,0,0,0),('TABLE','performance_schema','events_transactions_current',0,0,0,0,0,0,0,0,0,0,0,0,0,0,0,0,0,0,0,0,0,0,0,0,0,0,0,0,0,0,0,0,0,0,0,0,0,0,0,0,0,0,0,0,0,0,0,0,0,0,0,0,0,0,0,0,0,0,0,0,0,0,0,0,0),('TABLE','performance_schema','events_transactions_history',0,0,0,0,0,0,0,0,0,0,0,0,0,0,0,0,0,0,0,0,0,0,0,0,0,0,0,0,0,0,0,0,0,0,0,0,0,0,0,0,0,0,0,0,0,0,0,0,0,0,0,0,0,0,0,0,0,0,0,0,0,0,0,0,0),('TABLE','performance_schema','events_transactions_history_long',0,0,0,0,0,0,0,0,0,0,0,0,0,0,0,0,0,0,0,0,0,0,0,0,0,0,0,0,0,0,0,0,0,0,0,0,0,0,0,0,0,0,0,0,0,0,0,0,0,0,0,0,0,0,0,0,0,0,0,0,0,0,0,0,0),('TABLE','performance_schema','events_transactions_summary_by_account_by_event_name',0,0,0,0,0,0,0,0,0,0,0,0,0,0,0,0,0,0,0,0,0,0,0,0,0,0,0,0,0,0,0,0,0,0,0,0,0,0,0,0,0,0,0,0,0,0,0,0,0,0,0,0,0,0,0,0,0,0,0,0,0,0,0,0,0),('TABLE','performance_schema','events_transactions_summary_by_host_by_event_name',0,0,0,0,0,0,0,0,0,0,0,0,0,0,0,0,0,0,0,0,0,0,0,0,0,0,0,0,0,0,0,0,0,0,0,0,0,0,0,0,0,0,0,0,0,0,0,0,0,0,0,0,0,0,0,0,0,0,0,0,0,0,0,0,0),('TABLE','performance_schema','events_transactions_summary_by_thread_by_event_name',0,0,0,0,0,0,0,0,0,0,0,0,0,0,0,0,0,0,0,0,0,0,0,0,0,0,0,0,0,0,0,0,0,0,0,0,0,0,0,0,0,0,0,0,0,0,0,0,0,0,0,0,0,0,0,0,0,0,0,0,0,0,0,0,0),('TABLE','performance_schema','events_transactions_summary_by_user_by_event_name',0,0,0,0,0,0,0,0,0,0,0,0,0,0,0,0,0,0,0,0,0,0,0,0,0,0,0,0,0,0,0,0,0,0,0,0,0,0,0,0,0,0,0,0,0,0,0,0,0,0,0,0,0,0,0,0,0,0,0,0,0,0,0,0,0),('TABLE','performance_schema','events_transactions_summary_global_by_event_name',0,0,0,0,0,0,0,0,0,0,0,0,0,0,0,0,0,0,0,0,0,0,0,0,0,0,0,0,0,0,0,0,0,0,0,0,0,0,0,0,0,0,0,0,0,0,0,0,0,0,0,0,0,0,0,0,0,0,0,0,0,0,0,0,0),('TABLE','performance_schema','events_waits_current',0,0,0,0,0,0,0,0,0,0,0,0,0,0,0,0,0,0,0,0,0,0,0,0,0,0,0,0,0,0,0,0,0,0,0,0,0,0,0,0,0,0,0,0,0,0,0,0,0,0,0,0,0,0,0,0,0,0,0,0,0,0,0,0,0),('TABLE','performance_schema','events_waits_history',0,0,0,0,0,0,0,0,0,0,0,0,0,0,0,0,0,0,0,0,0,0,0,0,0,0,0,0,0,0,0,0,0,0,0,0,0,0,0,0,0,0,0,0,0,0,0,0,0,0,0,0,0,0,0,0,0,0,0,0,0,0,0,0,0),('TABLE','performance_schema','events_waits_history_long',0,0,0,0,0,0,0,0,0,0,0,0,0,0,0,0,0,0,0,0,0,0,0,0,0,0,0,0,0,0,0,0,0,0,0,0,0,0,0,0,0,0,0,0,0,0,0,0,0,0,0,0,0,0,0,0,0,0,0,0,0,0,0,0,0),('TABLE','performance_schema','events_waits_summary_by_account_by_event_name',0,0,0,0,0,0,0,0,0,0,0,0,0,0,0,0,0,0,0,0,0,0,0,0,0,0,0,0,0,0,0,0,0,0,0,0,0,0,0,0,0,0,0,0,0,0,0,0,0,0,0,0,0,0,0,0,0,0,0,0,0,0,0,0,0),('TABLE','performance_schema','events_waits_summary_by_host_by_event_name',0,0,0,0,0,0,0,0,0,0,0,0,0,0,0,0,0,0,0,0,0,0,0,0,0,0,0,0,0,0,0,0,0,0,0,0,0,0,0,0,0,0,0,0,0,0,0,0,0,0,0,0,0,0,0,0,0,0,0,0,0,0,0,0,0),('TABLE','performance_schema','events_waits_summary_by_instance',0,0,0,0,0,0,0,0,0,0,0,0,0,0,0,0,0,0,0,0,0,0,0,0,0,0,0,0,0,0,0,0,0,0,0,0,0,0,0,0,0,0,0,0,0,0,0,0,0,0,0,0,0,0,0,0,0,0,0,0,0,0,0,0,0),('TABLE','performance_schema','events_waits_summary_by_thread_by_event_name',0,0,0,0,0,0,0,0,0,0,0,0,0,0,0,0,0,0,0,0,0,0,0,0,0,0,0,0,0,0,0,0,0,0,0,0,0,0,0,0,0,0,0,0,0,0,0,0,0,0,0,0,0,0,0,0,0,0,0,0,0,0,0,0,0),('TABLE','performance_schema','events_waits_summary_by_user_by_event_name',0,0,0,0,0,0,0,0,0,0,0,0,0,0,0,0,0,0,0,0,0,0,0,0,0,0,0,0,0,0,0,0,0,0,0,0,0,0,0,0,0,0,0,0,0,0,0,0,0,0,0,0,0,0,0,0,0,0,0,0,0,0,0,0,0),('TABLE','performance_schema','events_waits_summary_global_by_event_name',0,0,0,0,0,0,0,0,0,0,0,0,0,0,0,0,0,0,0,0,0,0,0,0,0,0,0,0,0,0,0,0,0,0,0,0,0,0,0,0,0,0,0,0,0,0,0,0,0,0,0,0,0,0,0,0,0,0,0,0,0,0,0,0,0),('TABLE','performance_schema','file_instances',0,0,0,0,0,0,0,0,0,0,0,0,0,0,0,0,0,0,0,0,0,0,0,0,0,0,0,0,0,0,0,0,0,0,0,0,0,0,0,0,0,0,0,0,0,0,0,0,0,0,0,0,0,0,0,0,0,0,0,0,0,0,0,0,0),('TABLE','performance_schema','file_summary_by_event_name',0,0,0,0,0,0,0,0,0,0,0,0,0,0,0,0,0,0,0,0,0,0,0,0,0,0,0,0,0,0,0,0,0,0,0,0,0,0,0,0,0,0,0,0,0,0,0,0,0,0,0,0,0,0,0,0,0,0,0,0,0,0,0,0,0),('TABLE','performance_schema','file_summary_by_instance',0,0,0,0,0,0,0,0,0,0,0,0,0,0,0,0,0,0,0,0,0,0,0,0,0,0,0,0,0,0,0,0,0,0,0,0,0,0,0,0,0,0,0,0,0,0,0,0,0,0,0,0,0,0,0,0,0,0,0,0,0,0,0,0,0),('TABLE','performance_schema','global_status',0,0,0,0,0,0,0,0,0,0,0,0,0,0,0,0,0,0,0,0,0,0,0,0,0,0,0,0,0,0,0,0,0,0,0,0,0,0,0,0,0,0,0,0,0,0,0,0,0,0,0,0,0,0,0,0,0,0,0,0,0,0,0,0,0),('TABLE','performance_schema','global_variables',0,0,0,0,0,0,0,0,0,0,0,0,0,0,0,0,0,0,0,0,0,0,0,0,0,0,0,0,0,0,0,0,0,0,0,0,0,0,0,0,0,0,0,0,0,0,0,0,0,0,0,0,0,0,0,0,0,0,0,0,0,0,0,0,0),('TABLE','performance_schema','host_cache',0,0,0,0,0,0,0,0,0,0,0,0,0,0,0,0,0,0,0,0,0,0,0,0,0,0,0,0,0,0,0,0,0,0,0,0,0,0,0,0,0,0,0,0,0,0,0,0,0,0,0,0,0,0,0,0,0,0,0,0,0,0,0,0,0),('TABLE','performance_schema','hosts',0,0,0,0,0,0,0,0,0,0,0,0,0,0,0,0,0,0,0,0,0,0,0,0,0,0,0,0,0,0,0,0,0,0,0,0,0,0,0,0,0,0,0,0,0,0,0,0,0,0,0,0,0,0,0,0,0,0,0,0,0,0,0,0,0),('TABLE','performance_schema','innodb_redo_log_files',0,0,0,0,0,0,0,0,0,0,0,0,0,0,0,0,0,0,0,0,0,0,0,0,0,0,0,0,0,0,0,0,0,0,0,0,0,0,0,0,0,0,0,0,0,0,0,0,0,0,0,0,0,0,0,0,0,0,0,0,0,0,0,0,0),('TABLE','performance_schema','keyring_component_status',0,0,0,0,0,0,0,0,0,0,0,0,0,0,0,0,0,0,0,0,0,0,0,0,0,0,0,0,0,0,0,0,0,0,0,0,0,0,0,0,0,0,0,0,0,0,0,0,0,0,0,0,0,0,0,0,0,0,0,0,0,0,0,0,0),('TABLE','performance_schema','keyring_keys',0,0,0,0,0,0,0,0,0,0,0,0,0,0,0,0,0,0,0,0,0,0,0,0,0,0,0,0,0,0,0,0,0,0,0,0,0,0,0,0,0,0,0,0,0,0,0,0,0,0,0,0,0,0,0,0,0,0,0,0,0,0,0,0,0),('TABLE','performance_schema','log_status',0,0,0,0,0,0,0,0,0,0,0,0,0,0,0,0,0,0,0,0,0,0,0,0,0,0,0,0,0,0,0,0,0,0,0,0,0,0,0,0,0,0,0,0,0,0,0,0,0,0,0,0,0,0,0,0,0,0,0,0,0,0,0,0,0),('TABLE','performance_schema','memory_summary_by_account_by_event_name',0,0,0,0,0,0,0,0,0,0,0,0,0,0,0,0,0,0,0,0,0,0,0,0,0,0,0,0,0,0,0,0,0,0,0,0,0,0,0,0,0,0,0,0,0,0,0,0,0,0,0,0,0,0,0,0,0,0,0,0,0,0,0,0,0),('TABLE','performance_schema','memory_summary_by_host_by_event_name',0,0,0,0,0,0,0,0,0,0,0,0,0,0,0,0,0,0,0,0,0,0,0,0,0,0,0,0,0,0,0,0,0,0,0,0,0,0,0,0,0,0,0,0,0,0,0,0,0,0,0,0,0,0,0,0,0,0,0,0,0,0,0,0,0),('TABLE','performance_schema','memory_summary_by_thread_by_event_name',0,0,0,0,0,0,0,0,0,0,0,0,0,0,0,0,0,0,0,0,0,0,0,0,0,0,0,0,0,0,0,0,0,0,0,0,0,0,0,0,0,0,0,0,0,0,0,0,0,0,0,0,0,0,0,0,0,0,0,0,0,0,0,0,0),('TABLE','performance_schema','memory_summary_by_user_by_event_name',0,0,0,0,0,0,0,0,0,0,0,0,0,0,0,0,0,0,0,0,0,0,0,0,0,0,0,0,0,0,0,0,0,0,0,0,0,0,0,0,0,0,0,0,0,0,0,0,0,0,0,0,0,0,0,0,0,0,0,0,0,0,0,0,0),('TABLE','performance_schema','memory_summary_global_by_event_name',0,0,0,0,0,0,0,0,0,0,0,0,0,0,0,0,0,0,0,0,0,0,0,0,0,0,0,0,0,0,0,0,0,0,0,0,0,0,0,0,0,0,0,0,0,0,0,0,0,0,0,0,0,0,0,0,0,0,0,0,0,0,0,0,0),('TABLE','performance_schema','metadata_locks',0,0,0,0,0,0,0,0,0,0,0,0,0,0,0,0,0,0,0,0,0,0,0,0,0,0,0,0,0,0,0,0,0,0,0,0,0,0,0,0,0,0,0,0,0,0,0,0,0,0,0,0,0,0,0,0,0,0,0,0,0,0,0,0,0),('TABLE','performance_schema','mutex_instances',0,0,0,0,0,0,0,0,0,0,0,0,0,0,0,0,0,0,0,0,0,0,0,0,0,0,0,0,0,0,0,0,0,0,0,0,0,0,0,0,0,0,0,0,0,0,0,0,0,0,0,0,0,0,0,0,0,0,0,0,0,0,0,0,0),('TABLE','performance_schema','objects_summary_global_by_type',0,0,0,0,0,0,0,0,0,0,0,0,0,0,0,0,0,0,0,0,0,0,0,0,0,0,0,0,0,0,0,0,0,0,0,0,0,0,0,0,0,0,0,0,0,0,0,0,0,0,0,0,0,0,0,0,0,0,0,0,0,0,0,0,0),('TABLE','performance_schema','performance_timers',0,0,0,0,0,0,0,0,0,0,0,0,0,0,0,0,0,0,0,0,0,0,0,0,0,0,0,0,0,0,0,0,0,0,0,0,0,0,0,0,0,0,0,0,0,0,0,0,0,0,0,0,0,0,0,0,0,0,0,0,0,0,0,0,0),('TABLE','performance_schema','persisted_variables',0,0,0,0,0,0,0,0,0,0,0,0,0,0,0,0,0,0,0,0,0,0,0,0,0,0,0,0,0,0,0,0,0,0,0,0,0,0,0,0,0,0,0,0,0,0,0,0,0,0,0,0,0,0,0,0,0,0,0,0,0,0,0,0,0),('TABLE','performance_schema','prepared_statements_instances',0,0,0,0,0,0,0,0,0,0,0,0,0,0,0,0,0,0,0,0,0,0,0,0,0,0,0,0,0,0,0,0,0,0,0,0,0,0,0,0,0,0,0,0,0,0,0,0,0,0,0,0,0,0,0,0,0,0,0,0,0,0,0,0,0),('TABLE','performance_schema','processlist',0,0,0,0,0,0,0,0,0,0,0,0,0,0,0,0,0,0,0,0,0,0,0,0,0,0,0,0,0,0,0,0,0,0,0,0,0,0,0,0,0,0,0,0,0,0,0,0,0,0,0,0,0,0,0,0,0,0,0,0,0,0,0,0,0),('TABLE','performance_schema','replication_applier_configuration',0,0,0,0,0,0,0,0,0,0,0,0,0,0,0,0,0,0,0,0,0,0,0,0,0,0,0,0,0,0,0,0,0,0,0,0,0,0,0,0,0,0,0,0,0,0,0,0,0,0,0,0,0,0,0,0,0,0,0,0,0,0,0,0,0),('TABLE','performance_schema','replication_applier_filters',0,0,0,0,0,0,0,0,0,0,0,0,0,0,0,0,0,0,0,0,0,0,0,0,0,0,0,0,0,0,0,0,0,0,0,0,0,0,0,0,0,0,0,0,0,0,0,0,0,0,0,0,0,0,0,0,0,0,0,0,0,0,0,0,0),('TABLE','performance_schema','replication_applier_global_filters',0,0,0,0,0,0,0,0,0,0,0,0,0,0,0,0,0,0,0,0,0,0,0,0,0,0,0,0,0,0,0,0,0,0,0,0,0,0,0,0,0,0,0,0,0,0,0,0,0,0,0,0,0,0,0,0,0,0,0,0,0,0,0,0,0),('TABLE','performance_schema','replication_applier_status',0,0,0,0,0,0,0,0,0,0,0,0,0,0,0,0,0,0,0,0,0,0,0,0,0,0,0,0,0,0,0,0,0,0,0,0,0,0,0,0,0,0,0,0,0,0,0,0,0,0,0,0,0,0,0,0,0,0,0,0,0,0,0,0,0),('TABLE','performance_schema','replication_applier_status_by_coordinator',0,0,0,0,0,0,0,0,0,0,0,0,0,0,0,0,0,0,0,0,0,0,0,0,0,0,0,0,0,0,0,0,0,0,0,0,0,0,0,0,0,0,0,0,0,0,0,0,0,0,0,0,0,0,0,0,0,0,0,0,0,0,0,0,0),('TABLE','performance_schema','replication_applier_status_by_worker',0,0,0,0,0,0,0,0,0,0,0,0,0,0,0,0,0,0,0,0,0,0,0,0,0,0,0,0,0,0,0,0,0,0,0,0,0,0,0,0,0,0,0,0,0,0,0,0,0,0,0,0,0,0,0,0,0,0,0,0,0,0,0,0,0),('TABLE','performance_schema','replication_asynchronous_connection_failover',0,0,0,0,0,0,0,0,0,0,0,0,0,0,0,0,0,0,0,0,0,0,0,0,0,0,0,0,0,0,0,0,0,0,0,0,0,0,0,0,0,0,0,0,0,0,0,0,0,0,0,0,0,0,0,0,0,0,0,0,0,0,0,0,0),('TABLE','performance_schema','replication_asynchronous_connection_failover_managed',0,0,0,0,0,0,0,0,0,0,0,0,0,0,0,0,0,0,0,0,0,0,0,0,0,0,0,0,0,0,0,0,0,0,0,0,0,0,0,0,0,0,0,0,0,0,0,0,0,0,0,0,0,0,0,0,0,0,0,0,0,0,0,0,0),('TABLE','performance_schema','replication_connection_configuration',0,0,0,0,0,0,0,0,0,0,0,0,0,0,0,0,0,0,0,0,0,0,0,0,0,0,0,0,0,0,0,0,0,0,0,0,0,0,0,0,0,0,0,0,0,0,0,0,0,0,0,0,0,0,0,0,0,0,0,0,0,0,0,0,0),('TABLE','performance_schema','replication_connection_status',0,0,0,0,0,0,0,0,0,0,0,0,0,0,0,0,0,0,0,0,0,0,0,0,0,0,0,0,0,0,0,0,0,0,0,0,0,0,0,0,0,0,0,0,0,0,0,0,0,0,0,0,0,0,0,0,0,0,0,0,0,0,0,0,0),('TABLE','performance_schema','replication_group_member_stats',0,0,0,0,0,0,0,0,0,0,0,0,0,0,0,0,0,0,0,0,0,0,0,0,0,0,0,0,0,0,0,0,0,0,0,0,0,0,0,0,0,0,0,0,0,0,0,0,0,0,0,0,0,0,0,0,0,0,0,0,0,0,0,0,0),('TABLE','performance_schema','replication_group_members',0,0,0,0,0,0,0,0,0,0,0,0,0,0,0,0,0,0,0,0,0,0,0,0,0,0,0,0,0,0,0,0,0,0,0,0,0,0,0,0,0,0,0,0,0,0,0,0,0,0,0,0,0,0,0,0,0,0,0,0,0,0,0,0,0),('TABLE','performance_schema','rwlock_instances',0,0,0,0,0,0,0,0,0,0,0,0,0,0,0,0,0,0,0,0,0,0,0,0,0,0,0,0,0,0,0,0,0,0,0,0,0,0,0,0,0,0,0,0,0,0,0,0,0,0,0,0,0,0,0,0,0,0,0,0,0,0,0,0,0),('TABLE','performance_schema','session_account_connect_attrs',0,0,0,0,0,0,0,0,0,0,0,0,0,0,0,0,0,0,0,0,0,0,0,0,0,0,0,0,0,0,0,0,0,0,0,0,0,0,0,0,0,0,0,0,0,0,0,0,0,0,0,0,0,0,0,0,0,0,0,0,0,0,0,0,0),('TABLE','performance_schema','session_connect_attrs',0,0,0,0,0,0,0,0,0,0,0,0,0,0,0,0,0,0,0,0,0,0,0,0,0,0,0,0,0,0,0,0,0,0,0,0,0,0,0,0,0,0,0,0,0,0,0,0,0,0,0,0,0,0,0,0,0,0,0,0,0,0,0,0,0),('TABLE','performance_schema','session_status',0,0,0,0,0,0,0,0,0,0,0,0,0,0,0,0,0,0,0,0,0,0,0,0,0,0,0,0,0,0,0,0,0,0,0,0,0,0,0,0,0,0,0,0,0,0,0,0,0,0,0,0,0,0,0,0,0,0,0,0,0,0,0,0,0),('TABLE','performance_schema','setup_actors',0,0,0,0,0,0,0,0,0,0,0,0,0,0,0,0,0,0,0,0,0,0,0,0,0,0,0,0,0,0,0,0,0,0,0,0,0,0,0,0,0,0,0,0,0,0,0,0,0,0,0,0,0,0,0,0,0,0,0,0,0,0,0,0,0),('TABLE','performance_schema','setup_consumers',0,0,0,0,0,0,0,0,0,0,0,0,0,0,0,0,0,0,0,0,0,0,0,0,0,0,0,0,0,0,0,0,0,0,0,0,0,0,0,0,0,0,0,0,0,0,0,0,0,0,0,0,0,0,0,0,0,0,0,0,0,0,0,0,0),('TABLE','performance_schema','setup_instruments',0,0,0,0,0,0,0,0,0,0,0,0,0,0,0,0,0,0,0,0,0,0,0,0,0,0,0,0,0,0,0,0,0,0,0,0,0,0,0,0,0,0,0,0,0,0,0,0,0,0,0,0,0,0,0,0,0,0,0,0,0,0,0,0,0),('TABLE','performance_schema','setup_objects',0,0,0,0,0,0,0,0,0,0,0,0,0,0,0,0,0,0,0,0,0,0,0,0,0,0,0,0,0,0,0,0,0,0,0,0,0,0,0,0,0,0,0,0,0,0,0,0,0,0,0,0,0,0,0,0,0,0,0,0,0,0,0,0,0),('TABLE','performance_schema','setup_threads',0,0,0,0,0,0,0,0,0,0,0,0,0,0,0,0,0,0,0,0,0,0,0,0,0,0,0,0,0,0,0,0,0,0,0,0,0,0,0,0,0,0,0,0,0,0,0,0,0,0,0,0,0,0,0,0,0,0,0,0,0,0,0,0,0),('TABLE','performance_schema','socket_instances',0,0,0,0,0,0,0,0,0,0,0,0,0,0,0,0,0,0,0,0,0,0,0,0,0,0,0,0,0,0,0,0,0,0,0,0,0,0,0,0,0,0,0,0,0,0,0,0,0,0,0,0,0,0,0,0,0,0,0,0,0,0,0,0,0),('TABLE','performance_schema','socket_summary_by_event_name',0,0,0,0,0,0,0,0,0,0,0,0,0,0,0,0,0,0,0,0,0,0,0,0,0,0,0,0,0,0,0,0,0,0,0,0,0,0,0,0,0,0,0,0,0,0,0,0,0,0,0,0,0,0,0,0,0,0,0,0,0,0,0,0,0),('TABLE','performance_schema','socket_summary_by_instance',0,0,0,0,0,0,0,0,0,0,0,0,0,0,0,0,0,0,0,0,0,0,0,0,0,0,0,0,0,0,0,0,0,0,0,0,0,0,0,0,0,0,0,0,0,0,0,0,0,0,0,0,0,0,0,0,0,0,0,0,0,0,0,0,0),('TABLE','performance_schema','status_by_account',0,0,0,0,0,0,0,0,0,0,0,0,0,0,0,0,0,0,0,0,0,0,0,0,0,0,0,0,0,0,0,0,0,0,0,0,0,0,0,0,0,0,0,0,0,0,0,0,0,0,0,0,0,0,0,0,0,0,0,0,0,0,0,0,0),('TABLE','performance_schema','status_by_host',0,0,0,0,0,0,0,0,0,0,0,0,0,0,0,0,0,0,0,0,0,0,0,0,0,0,0,0,0,0,0,0,0,0,0,0,0,0,0,0,0,0,0,0,0,0,0,0,0,0,0,0,0,0,0,0,0,0,0,0,0,0,0,0,0),('TABLE','performance_schema','status_by_thread',0,0,0,0,0,0,0,0,0,0,0,0,0,0,0,0,0,0,0,0,0,0,0,0,0,0,0,0,0,0,0,0,0,0,0,0,0,0,0,0,0,0,0,0,0,0,0,0,0,0,0,0,0,0,0,0,0,0,0,0,0,0,0,0,0),('TABLE','performance_schema','status_by_user',0,0,0,0,0,0,0,0,0,0,0,0,0,0,0,0,0,0,0,0,0,0,0,0,0,0,0,0,0,0,0,0,0,0,0,0,0,0,0,0,0,0,0,0,0,0,0,0,0,0,0,0,0,0,0,0,0,0,0,0,0,0,0,0,0),('TABLE','performance_schema','table_handles',0,0,0,0,0,0,0,0,0,0,0,0,0,0,0,0,0,0,0,0,0,0,0,0,0,0,0,0,0,0,0,0,0,0,0,0,0,0,0,0,0,0,0,0,0,0,0,0,0,0,0,0,0,0,0,0,0,0,0,0,0,0,0,0,0),('TABLE','performance_schema','table_io_waits_summary_by_index_usage',0,0,0,0,0,0,0,0,0,0,0,0,0,0,0,0,0,0,0,0,0,0,0,0,0,0,0,0,0,0,0,0,0,0,0,0,0,0,0,0,0,0,0,0,0,0,0,0,0,0,0,0,0,0,0,0,0,0,0,0,0,0,0,0,0),('TABLE','performance_schema','table_io_waits_summary_by_table',0,0,0,0,0,0,0,0,0,0,0,0,0,0,0,0,0,0,0,0,0,0,0,0,0,0,0,0,0,0,0,0,0,0,0,0,0,0,0,0,0,0,0,0,0,0,0,0,0,0,0,0,0,0,0,0,0,0,0,0,0,0,0,0,0),('TABLE','performance_schema','table_lock_waits_summary_by_table',0,0,0,0,0,0,0,0,0,0,0,0,0,0,0,0,0,0,0,0,0,0,0,0,0,0,0,0,0,0,0,0,0,0,0,0,0,0,0,0,0,0,0,0,0,0,0,0,0,0,0,0,0,0,0,0,0,0,0,0,0,0,0,0,0),('TABLE','performance_schema','threads',0,0,0,0,0,0,0,0,0,0,0,0,0,0,0,0,0,0,0,0,0,0,0,0,0,0,0,0,0,0,0,0,0,0,0,0,0,0,0,0,0,0,0,0,0,0,0,0,0,0,0,0,0,0,0,0,0,0,0,0,0,0,0,0,0),('TABLE','performance_schema','tls_channel_status',0,0,0,0,0,0,0,0,0,0,0,0,0,0,0,0,0,0,0,0,0,0,0,0,0,0,0,0,0,0,0,0,0,0,0,0,0,0,0,0,0,0,0,0,0,0,0,0,0,0,0,0,0,0,0,0,0,0,0,0,0,0,0,0,0),('TABLE','performance_schema','user_defined_functions',0,0,0,0,0,0,0,0,0,0,0,0,0,0,0,0,0,0,0,0,0,0,0,0,0,0,0,0,0,0,0,0,0,0,0,0,0,0,0,0,0,0,0,0,0,0,0,0,0,0,0,0,0,0,0,0,0,0,0,0,0,0,0,0,0),('TABLE','performance_schema','user_variables_by_thread',0,0,0,0,0,0,0,0,0,0,0,0,0,0,0,0,0,0,0,0,0,0,0,0,0,0,0,0,0,0,0,0,0,0,0,0,0,0,0,0,0,0,0,0,0,0,0,0,0,0,0,0,0,0,0,0,0,0,0,0,0,0,0,0,0),('TABLE','performance_schema','users',0,0,0,0,0,0,0,0,0,0,0,0,0,0,0,0,0,0,0,0,0,0,0,0,0,0,0,0,0,0,0,0,0,0,0,0,0,0,0,0,0,0,0,0,0,0,0,0,0,0,0,0,0,0,0,0,0,0,0,0,0,0,0,0,0),('TABLE','performance_schema','variables_by_thread',0,0,0,0,0,0,0,0,0,0,0,0,0,0,0,0,0,0,0,0,0,0,0,0,0,0,0,0,0,0,0,0,0,0,0,0,0,0,0,0,0,0,0,0,0,0,0,0,0,0,0,0,0,0,0,0,0,0,0,0,0,0,0,0,0),('TABLE','performance_schema','variables_info',0,0,0,0,0,0,0,0,0,0,0,0,0,0,0,0,0,0,0,0,0,0,0,0,0,0,0,0,0,0,0,0,0,0,0,0,0,0,0,0,0,0,0,0,0,0,0,0,0,0,0,0,0,0,0,0,0,0,0,0,0,0,0,0,0),('TABLE','mysql','parameter_type_elements',0,0,0,0,0,0,0,0,0,0,0,0,0,0,0,0,0,0,0,0,0,0,0,0,0,0,0,0,0,0,0,0,0,0,0,0,0,0,0,0,0,0,0,0,0,0,0,0,0,0,0,0,0,0,0,0,0,0,0,0,0,0,0,0,0),('TABLE','mysql','parameters',0,0,0,0,0,0,0,0,0,0,0,0,0,0,0,0,0,0,0,0,0,0,0,0,0,0,0,0,0,0,0,0,0,0,0,0,0,0,0,0,0,0,0,0,0,0,0,0,0,0,0,0,0,0,0,0,0,0,0,0,0,0,0,0,0),('TABLE','mysql','routines',0,0,0,0,0,0,0,0,0,0,0,0,0,0,0,0,0,0,0,0,0,0,0,0,0,0,0,0,0,0,0,0,0,0,0,0,0,0,0,0,0,0,0,0,0,0,0,0,0,0,0,0,0,0,0,0,0,0,0,0,0,0,0,0,0),('TABLE','sys','sys_config',80,128677428,895806,1608444,18942147,80,128677428,895806,1608444,18942147,0,0,0,0,0,0,0,0,0,0,0,0,0,0,0,0,0,0,0,0,0,0,0,0,0,80,128677428,895806,1608444,18942147,0,0,0,0,0,0,0,0,0,0,0,0,0,0,0,0,0,0,0,0,0,0,0,0,0);

--
-- Table structure for table `threads`
--

CREATE TABLE `threads` (
  `THREAD_ID` bigint unsigned NOT NULL,
  `NAME` varchar(128) NOT NULL,
  `TYPE` varchar(10) NOT NULL,
  `PROCESSLIST_ID` bigint unsigned DEFAULT NULL,
  `PROCESSLIST_USER` varchar(32) DEFAULT NULL,
  `PROCESSLIST_HOST` varchar(255) CHARACTER SET ascii COLLATE ascii_general_ci DEFAULT NULL,
  `PROCESSLIST_DB` varchar(64) DEFAULT NULL,
  `PROCESSLIST_COMMAND` varchar(16) DEFAULT NULL,
  `PROCESSLIST_TIME` bigint DEFAULT NULL,
  `PROCESSLIST_STATE` varchar(64) DEFAULT NULL,
  `PROCESSLIST_INFO` longtext,
  `PARENT_THREAD_ID` bigint unsigned DEFAULT NULL,
  `ROLE` varchar(64) DEFAULT NULL,
  `INSTRUMENTED` enum('YES','NO') NOT NULL,
  `HISTORY` enum('YES','NO') NOT NULL,
  `CONNECTION_TYPE` varchar(16) DEFAULT NULL,
  `THREAD_OS_ID` bigint unsigned DEFAULT NULL,
  `RESOURCE_GROUP` varchar(64) DEFAULT NULL,
  `EXECUTION_ENGINE` enum('PRIMARY','SECONDARY') DEFAULT NULL,
  `CONTROLLED_MEMORY` bigint unsigned NOT NULL,
  `MAX_CONTROLLED_MEMORY` bigint unsigned NOT NULL,
  `TOTAL_MEMORY` bigint unsigned NOT NULL,
  `MAX_TOTAL_MEMORY` bigint unsigned NOT NULL,
  `TELEMETRY_ACTIVE` enum('YES','NO') NOT NULL,
  PRIMARY KEY (`THREAD_ID`),
  KEY `PROCESSLIST_ID` (`PROCESSLIST_ID`),
  KEY `THREAD_OS_ID` (`THREAD_OS_ID`),
  KEY `NAME` (`NAME`),
  KEY `PROCESSLIST_ACCOUNT` (`PROCESSLIST_USER`,`PROCESSLIST_HOST`),
  KEY `PROCESSLIST_HOST` (`PROCESSLIST_HOST`),
  KEY `RESOURCE_GROUP` (`RESOURCE_GROUP`)
) ENGINE=PERFORMANCE_SCHEMA DEFAULT CHARSET=utf8mb4 COLLATE=utf8mb4_0900_ai_ci;

--
-- Dumping data for table `threads`
--

INSERT INTO `threads` VALUES (1,'thread/sql/main','BACKGROUND',NULL,NULL,NULL,'mysql',NULL,6973367,NULL,NULL,NULL,NULL,'YES','YES',NULL,2572809,'SYS_default','PRIMARY',480,66992,1585348,1593366,'NO'),(3,'thread/innodb/io_ibuf_thread','BACKGROUND',NULL,NULL,NULL,NULL,NULL,NULL,NULL,NULL,NULL,NULL,'YES','YES',NULL,2572849,'SYS_default','PRIMARY',0,0,0,0,'NO'),(4,'thread/innodb/io_read_thread','BACKGROUND',NULL,NULL,NULL,NULL,NULL,NULL,NULL,NULL,NULL,NULL,'YES','YES',NULL,2572850,'SYS_default','PRIMARY',0,0,0,56746,'NO'),(5,'thread/innodb/io_read_thread','BACKGROUND',NULL,NULL,NULL,NULL,NULL,NULL,NULL,NULL,NULL,NULL,'YES','YES',NULL,2572851,'SYS_default','PRIMARY',0,0,0,53530,'NO'),(6,'thread/innodb/io_read_thread','BACKGROUND',NULL,NULL,NULL,NULL,NULL,NULL,NULL,NULL,NULL,NULL,'YES','YES',NULL,2572852,'SYS_default','PRIMARY',0,0,0,56506,'NO'),(7,'thread/innodb/io_read_thread','BACKGROUND',NULL,NULL,NULL,NULL,NULL,NULL,NULL,NULL,NULL,NULL,'YES','YES',NULL,2572853,'SYS_default','PRIMARY',0,0,0,57514,'NO'),(8,'thread/innodb/io_write_thread','BACKGROUND',NULL,NULL,NULL,NULL,NULL,NULL,NULL,NULL,NULL,NULL,'YES','YES',NULL,2572854,'SYS_default','PRIMARY',0,0,0,76,'NO'),(9,'thread/innodb/io_write_thread','BACKGROUND',NULL,NULL,NULL,NULL,NULL,NULL,NULL,NULL,NULL,NULL,'YES','YES',NULL,2572855,'SYS_default','PRIMARY',0,0,0,76,'NO'),(10,'thread/innodb/io_write_thread','BACKGROUND',NULL,NULL,NULL,NULL,NULL,NULL,NULL,NULL,NULL,NULL,'YES','YES',NULL,2572856,'SYS_default','PRIMARY',0,0,0,76,'NO'),(11,'thread/innodb/io_write_thread','BACKGROUND',NULL,NULL,NULL,NULL,NULL,NULL,NULL,NULL,NULL,NULL,'YES','YES',NULL,2572857,'SYS_default','PRIMARY',0,0,0,76,'NO'),(12,'thread/innodb/page_flush_coordinator_thread','BACKGROUND',NULL,NULL,NULL,NULL,NULL,6973370,NULL,NULL,NULL,NULL,'YES','YES',NULL,2572858,'SYS_default','PRIMARY',240,240,1978,1978,'NO'),(13,'thread/innodb/log_checkpointer_thread','BACKGROUND',NULL,NULL,NULL,NULL,NULL,NULL,NULL,NULL,NULL,NULL,'YES','YES',NULL,2572859,'SYS_default','PRIMARY',0,0,0,1728,'NO'),(14,'thread/innodb/log_flush_notifier_thread','BACKGROUND',NULL,NULL,NULL,NULL,NULL,NULL,NULL,NULL,NULL,NULL,'YES','YES',NULL,2572860,'SYS_default','PRIMARY',0,0,0,0,'NO'),(15,'thread/innodb/log_flusher_thread','BACKGROUND',NULL,NULL,NULL,NULL,NULL,NULL,NULL,NULL,NULL,NULL,'YES','YES',NULL,2572861,'SYS_default','PRIMARY',0,0,0,0,'NO'),(16,'thread/innodb/log_write_notifier_thread','BACKGROUND',NULL,NULL,NULL,NULL,NULL,NULL,NULL,NULL,NULL,NULL,'YES','YES',NULL,2572862,'SYS_default','PRIMARY',0,0,0,0,'NO'),(17,'thread/innodb/log_writer_thread','BACKGROUND',NULL,NULL,NULL,NULL,NULL,NULL,NULL,NULL,NULL,NULL,'YES','YES',NULL,2572863,'SYS_default','PRIMARY',0,0,5504,5504,'NO'),(18,'thread/innodb/log_files_governor_thread','BACKGROUND',NULL,NULL,NULL,NULL,NULL,NULL,NULL,NULL,NULL,NULL,'YES','YES',NULL,2572864,'SYS_default','PRIMARY',0,0,0,448,'NO'),(23,'thread/innodb/srv_lock_timeout_thread','BACKGROUND',NULL,NULL,NULL,NULL,NULL,NULL,NULL,NULL,NULL,NULL,'YES','YES',NULL,2572869,'SYS_default','PRIMARY',0,0,0,604,'NO'),(24,'thread/innodb/srv_error_monitor_thread','BACKGROUND',NULL,NULL,NULL,NULL,NULL,NULL,NULL,NULL,NULL,NULL,'YES','YES',NULL,2572870,'SYS_default','PRIMARY',0,0,0,0,'NO'),(25,'thread/innodb/srv_monitor_thread','BACKGROUND',NULL,NULL,NULL,NULL,NULL,NULL,NULL,NULL,NULL,NULL,'YES','YES',NULL,2572871,'SYS_default','PRIMARY',0,0,0,0,'NO'),(26,'thread/innodb/buf_resize_thread','BACKGROUND',NULL,NULL,NULL,NULL,NULL,NULL,NULL,NULL,NULL,NULL,'YES','YES',NULL,2572872,'SYS_default','PRIMARY',0,0,0,0,'NO'),(27,'thread/innodb/srv_master_thread','BACKGROUND',NULL,NULL,NULL,NULL,NULL,6973368,NULL,NULL,NULL,NULL,'YES','YES',NULL,2572873,'SYS_default','PRIMARY',240,240,1978,8397,'NO'),(28,'thread/innodb/dict_stats_thread','BACKGROUND',NULL,NULL,NULL,NULL,NULL,6973368,NULL,NULL,NULL,NULL,'YES','YES',NULL,2572874,'SYS_default','PRIMARY',240,240,3354,70932,'NO'),(29,'thread/innodb/fts_optimize_thread','BACKGROUND',NULL,NULL,NULL,NULL,NULL,6973368,NULL,NULL,NULL,NULL,'YES','YES',NULL,2572875,'SYS_default','PRIMARY',240,240,2626,2626,'NO'),(30,'thread/mysqlx/worker','BACKGROUND',NULL,NULL,NULL,NULL,NULL,NULL,NULL,NULL,1,NULL,'YES','YES',NULL,2572876,'USR_default','PRIMARY',0,0,0,0,'NO'),(31,'thread/mysqlx/worker','BACKGROUND',NULL,NULL,NULL,NULL,NULL,NULL,NULL,NULL,1,NULL,'YES','YES',NULL,2572877,'USR_default','PRIMARY',0,0,0,0,'NO'),(32,'thread/mysqlx/acceptor_network','BACKGROUND',NULL,NULL,NULL,NULL,NULL,NULL,NULL,NULL,1,NULL,'YES','YES',NULL,2572878,'SYS_default','PRIMARY',0,0,0,0,'NO'),(36,'thread/innodb/buf_dump_thread','BACKGROUND',NULL,NULL,NULL,NULL,NULL,NULL,NULL,NULL,NULL,NULL,'YES','YES',NULL,2572882,'SYS_default','PRIMARY',0,0,0,4080,'NO'),(37,'thread/innodb/clone_gtid_thread','BACKGROUND',NULL,NULL,NULL,NULL,NULL,6973367,'waiting for handler commit',NULL,NULL,NULL,'YES','YES',NULL,2572883,'SYS_default','PRIMARY',41760,108512,518436,623768,'NO'),(38,'thread/innodb/srv_purge_thread','BACKGROUND',NULL,NULL,NULL,NULL,NULL,6973367,NULL,NULL,NULL,NULL,'YES','YES',NULL,2572884,'SYS_default','PRIMARY',240,240,2266,2266,'NO'),(39,'thread/innodb/srv_worker_thread','BACKGROUND',NULL,NULL,NULL,NULL,NULL,6973367,NULL,NULL,NULL,NULL,'YES','YES',NULL,2572885,'SYS_default','PRIMARY',240,240,1978,494288,'NO'),(40,'thread/innodb/srv_worker_thread','BACKGROUND',NULL,NULL,NULL,NULL,NULL,6973367,NULL,NULL,NULL,NULL,'YES','YES',NULL,2572886,'SYS_default','PRIMARY',240,240,2506,496072,'NO'),(41,'thread/innodb/srv_worker_thread','BACKGROUND',NULL,NULL,NULL,NULL,NULL,6973367,NULL,NULL,NULL,NULL,'YES','YES',NULL,2572887,'SYS_default','PRIMARY',240,240,2146,494096,'NO'),(42,'thread/sql/event_scheduler','FOREGROUND',5,'event_scheduler','localhost',NULL,'Daemon',6973367,'Waiting on empty queue',NULL,1,NULL,'YES','YES',NULL,2572888,'SYS_default','PRIMARY',0,0,16665,16665,'NO'),(43,'thread/sql/signal_handler','BACKGROUND',NULL,NULL,NULL,NULL,NULL,NULL,NULL,NULL,1,NULL,'YES','YES',NULL,2572889,'SYS_default','PRIMARY',0,0,0,0,'NO'),(44,'thread/mysqlx/acceptor_network','BACKGROUND',NULL,NULL,NULL,NULL,NULL,NULL,NULL,NULL,1,NULL,'YES','YES',NULL,2572890,'SYS_default','PRIMARY',0,0,0,0,'NO'),(46,'thread/sql/compress_gtid_table','FOREGROUND',7,NULL,NULL,NULL,'Daemon',6973367,'Suspending',NULL,1,NULL,'YES','YES',NULL,2572892,'SYS_default','PRIMARY',8240,8240,14424,14488,'NO'),(1655855,'thread/sql/one_connection','FOREGROUND',1655976,'root','localhost','performance_schema','Query',0,'executing','SELECT /*!40001 SQL_NO_CACHE */ * FROM `threads`',NULL,NULL,'YES','YES','Socket',2938097,'USR_default','PRIMARY',1087664,3175336,2755256,3364928,'NO');

--
-- Table structure for table `tls_channel_status`
--

CREATE TABLE `tls_channel_status` (
  `CHANNEL` varchar(128) NOT NULL,
  `PROPERTY` varchar(128) NOT NULL,
  `VALUE` varchar(2048) NOT NULL
) ENGINE=PERFORMANCE_SCHEMA DEFAULT CHARSET=utf8mb4 COLLATE=utf8mb4_0900_ai_ci;

--
-- Dumping data for table `tls_channel_status`
--

INSERT INTO `tls_channel_status` VALUES ('mysql_main','Enabled','Yes'),('mysql_main','Ssl_accept_renegotiates','0'),('mysql_main','Ssl_accepts','0'),('mysql_main','Ssl_callback_cache_hits','0'),('mysql_main','Ssl_client_connects','0'),('mysql_main','Ssl_connect_renegotiates','0'),('mysql_main','Ssl_ctx_verify_depth','-1'),('mysql_main','Ssl_ctx_verify_mode','5'),('mysql_main','Current_tls_ca','ca.pem'),('mysql_main','Current_tls_capath',''),('mysql_main','Current_tls_cert','server-cert.pem'),('mysql_main','Current_tls_cipher',''),('mysql_main','Current_tls_ciphersuites',''),('mysql_main','Current_tls_crl',''),('mysql_main','Current_tls_crlpath',''),('mysql_main','Current_tls_key','server-key.pem'),('mysql_main','Current_tls_version','TLSv1.2,TLSv1.3'),('mysql_main','Ssl_finished_accepts','0'),('mysql_main','Ssl_finished_connects','0'),('mysql_main','Ssl_server_not_after','Oct 13 16:50:48 2034 GMT'),('mysql_main','Ssl_server_not_before','Oct 15 16:50:48 2024 GMT'),('mysql_main','Ssl_session_cache_hits','0'),('mysql_main','Ssl_session_cache_misses','0'),('mysql_main','Ssl_session_cache_mode','SERVER'),('mysql_main','Ssl_session_cache_overflows','0'),('mysql_main','Ssl_session_cache_size','128'),('mysql_main','Ssl_session_cache_timeouts','0'),('mysql_main','Ssl_used_session_cache_entries','0'),('mysql_main','Ssl_session_cache_timeout','300'),('mysql_admin','Enabled','No'),('mysql_admin','Ssl_accept_renegotiates','0'),('mysql_admin','Ssl_accepts','0'),('mysql_admin','Ssl_callback_cache_hits','0'),('mysql_admin','Ssl_client_connects','0'),('mysql_admin','Ssl_connect_renegotiates','0'),('mysql_admin','Ssl_ctx_verify_depth','0'),('mysql_admin','Ssl_ctx_verify_mode','0'),('mysql_admin','Current_tls_ca',''),('mysql_admin','Current_tls_capath',''),('mysql_admin','Current_tls_cert',''),('mysql_admin','Current_tls_cipher',''),('mysql_admin','Current_tls_ciphersuites',''),('mysql_admin','Current_tls_crl',''),('mysql_admin','Current_tls_crlpath',''),('mysql_admin','Current_tls_key',''),('mysql_admin','Current_tls_version','TLSv1.2,TLSv1.3'),('mysql_admin','Ssl_finished_accepts','0'),('mysql_admin','Ssl_finished_connects','0'),('mysql_admin','Ssl_server_not_after',''),('mysql_admin','Ssl_server_not_before',''),('mysql_admin','Ssl_session_cache_hits','0'),('mysql_admin','Ssl_session_cache_misses','0'),('mysql_admin','Ssl_session_cache_mode','NONE'),('mysql_admin','Ssl_session_cache_overflows','0'),('mysql_admin','Ssl_session_cache_size','0'),('mysql_admin','Ssl_session_cache_timeouts','0'),('mysql_admin','Ssl_used_session_cache_entries','0'),('mysql_admin','Ssl_session_cache_timeout','0');

--
-- Table structure for table `user_defined_functions`
--

CREATE TABLE `user_defined_functions` (
  `UDF_NAME` varchar(64) NOT NULL,
  `UDF_RETURN_TYPE` varchar(20) NOT NULL,
  `UDF_TYPE` varchar(20) NOT NULL,
  `UDF_LIBRARY` varchar(1024) DEFAULT NULL,
  `UDF_USAGE_COUNT` bigint DEFAULT NULL,
  PRIMARY KEY (`UDF_NAME`)
) ENGINE=PERFORMANCE_SCHEMA DEFAULT CHARSET=utf8mb4 COLLATE=utf8mb4_0900_ai_ci;

--
-- Dumping data for table `user_defined_functions`
--

INSERT INTO `user_defined_functions` VALUES ('asynchronous_connection_failover_reset','char','function',NULL,1),('asynchronous_connection_failover_delete_source','char','function',NULL,1),('asynchronous_connection_failover_add_source','char','function',NULL,1),('innodb_set_open_files_limit','integer','function',NULL,1),('innodb_redo_log_archive_start','integer','function',NULL,1),('innodb_redo_log_archive_stop','integer','function',NULL,1),('mysqlx_generate_document_id','char','function',NULL,1),('innodb_redo_log_archive_flush','integer','function',NULL,1),('asynchronous_connection_failover_add_managed','char','function',NULL,1),('innodb_redo_log_consumer_advance','integer','function',NULL,1),('asynchronous_connection_failover_delete_managed','char','function',NULL,1),('mysqlx_get_prepared_statement_id','integer','function',NULL,1),('innodb_redo_log_consumer_register','integer','function',NULL,1),('innodb_redo_log_consumer_unregister','integer','function',NULL,1),('innodb_redo_log_sharp_checkpoint','integer','function',NULL,1),('mysqlx_error','char','function',NULL,1);

--
-- Table structure for table `user_variables_by_thread`
--

CREATE TABLE `user_variables_by_thread` (
  `THREAD_ID` bigint unsigned NOT NULL,
  `VARIABLE_NAME` varchar(64) NOT NULL,
  `VARIABLE_VALUE` longblob,
  PRIMARY KEY (`THREAD_ID`,`VARIABLE_NAME`)
) ENGINE=PERFORMANCE_SCHEMA DEFAULT CHARSET=utf8mb4 COLLATE=utf8mb4_0900_ai_ci;

--
-- Dumping data for table `user_variables_by_thread`
--


--
-- Table structure for table `users`
--

CREATE TABLE `users` (
  `USER` char(32) CHARACTER SET utf8mb4 COLLATE utf8mb4_bin DEFAULT NULL,
  `CURRENT_CONNECTIONS` bigint NOT NULL,
  `TOTAL_CONNECTIONS` bigint NOT NULL,
  `MAX_SESSION_CONTROLLED_MEMORY` bigint unsigned NOT NULL,
  `MAX_SESSION_TOTAL_MEMORY` bigint unsigned NOT NULL,
  UNIQUE KEY `USER` (`USER`)
) ENGINE=PERFORMANCE_SCHEMA DEFAULT CHARSET=utf8mb4 COLLATE=utf8mb4_0900_ai_ci;

--
-- Dumping data for table `users`
--

INSERT INTO `users` VALUES (NULL,36,46,272128,66907149),('event_scheduler',1,1,0,16665),('oc_ucr',0,1655401,1437872,1478180),('root',1,404,3175336,7307504);

--
-- Table structure for table `variables_by_thread`
--

CREATE TABLE `variables_by_thread` (
  `THREAD_ID` bigint unsigned NOT NULL,
  `VARIABLE_NAME` varchar(64) NOT NULL,
  `VARIABLE_VALUE` varchar(1024) DEFAULT NULL,
  PRIMARY KEY (`THREAD_ID`,`VARIABLE_NAME`)
) ENGINE=PERFORMANCE_SCHEMA DEFAULT CHARSET=utf8mb4 COLLATE=utf8mb4_0900_ai_ci;

--
-- Dumping data for table `variables_by_thread`
--

INSERT INTO `variables_by_thread` VALUES (1655855,'auto_increment_increment','1'),(1655855,'auto_increment_offset','1'),(1655855,'autocommit','ON'),(1655855,'big_tables','OFF'),(1655855,'binlog_direct_non_transactional_updates','OFF'),(1655855,'binlog_format','ROW'),(1655855,'binlog_row_image','FULL'),(1655855,'binlog_row_value_options',''),(1655855,'binlog_rows_query_log_events','OFF'),(1655855,'binlog_transaction_compression','OFF'),(1655855,'binlog_transaction_compression_level_zstd','3'),(1655855,'block_encryption_mode','aes-128-ecb'),(1655855,'bulk_insert_buffer_size','8388608'),(1655855,'character_set_client','utf8mb4'),(1655855,'character_set_connection','utf8mb4'),(1655855,'character_set_database','utf8mb4'),(1655855,'character_set_filesystem','binary'),(1655855,'character_set_results','utf8mb4'),(1655855,'character_set_server','utf8mb4'),(1655855,'collation_connection','utf8mb4_0900_ai_ci'),(1655855,'collation_database','utf8mb4_0900_ai_ci'),(1655855,'collation_server','utf8mb4_0900_ai_ci'),(1655855,'completion_type','NO_CHAIN'),(1655855,'connection_memory_chunk_size','8192'),(1655855,'connection_memory_limit','18446744073709551615'),(1655855,'cte_max_recursion_depth','1000'),(1655855,'default_collation_for_utf8mb4','utf8mb4_0900_ai_ci'),(1655855,'default_storage_engine','InnoDB'),(1655855,'default_table_encryption','OFF'),(1655855,'default_tmp_storage_engine','InnoDB'),(1655855,'default_week_format','0'),(1655855,'div_precision_increment','4'),(1655855,'end_markers_in_json','OFF'),(1655855,'eq_range_index_dive_limit','200'),(1655855,'error_count','0'),(1655855,'explain_format','TRADITIONAL'),(1655855,'explicit_defaults_for_timestamp','ON'),(1655855,'external_user',''),(1655855,'foreign_key_checks','ON'),(1655855,'generated_random_password_length','20'),(1655855,'global_connection_memory_tracking','OFF'),(1655855,'group_concat_max_len','1024'),(1655855,'group_replication_consistency','EVENTUAL'),(1655855,'gtid_next','AUTOMATIC'),(1655855,'gtid_owned',''),(1655855,'histogram_generation_max_mem_size','20000000'),(1655855,'identity','0'),(1655855,'immediate_server_version','999999'),(1655855,'information_schema_stats_expiry','0'),(1655855,'innodb_ddl_buffer_size','1048576'),(1655855,'innodb_ddl_threads','4'),(1655855,'innodb_ft_enable_stopword','ON'),(1655855,'innodb_ft_user_stopword_table',''),(1655855,'innodb_lock_wait_timeout','50'),(1655855,'innodb_parallel_read_threads','4'),(1655855,'innodb_strict_mode','ON'),(1655855,'innodb_table_locks','ON'),(1655855,'innodb_tmpdir',''),(1655855,'insert_id','0'),(1655855,'interactive_timeout','28800'),(1655855,'internal_tmp_mem_storage_engine','TempTable'),(1655855,'join_buffer_size','262144'),(1655855,'keep_files_on_create','OFF'),(1655855,'last_insert_id','0'),(1655855,'lc_messages','en_US'),(1655855,'lc_time_names','en_US'),(1655855,'lock_wait_timeout','31536000'),(1655855,'long_query_time','10.000000'),(1655855,'low_priority_updates','OFF'),(1655855,'max_allowed_packet','67108864'),(1655855,'max_delayed_threads','20'),(1655855,'max_error_count','1024'),(1655855,'max_execution_time','0'),(1655855,'max_heap_table_size','16777216'),(1655855,'max_insert_delayed_threads','20'),(1655855,'max_join_size','18446744073709551615'),(1655855,'max_length_for_sort_data','4096'),(1655855,'max_points_in_geometry','65536'),(1655855,'max_seeks_for_key','18446744073709551615'),(1655855,'max_sort_length','1024'),(1655855,'max_sp_recursion_depth','0'),(1655855,'max_user_connections','0'),(1655855,'min_examined_row_limit','0'),(1655855,'myisam_sort_buffer_size','8388608'),(1655855,'myisam_stats_method','nulls_unequal'),(1655855,'mysqlx_read_timeout','30'),(1655855,'mysqlx_wait_timeout','28800'),(1655855,'mysqlx_write_timeout','60'),(1655855,'net_buffer_length','16384'),(1655855,'net_read_timeout','86400'),(1655855,'net_retry_count','10'),(1655855,'net_write_timeout','86400'),(1655855,'new','OFF'),(1655855,'old_alter_table','OFF'),(1655855,'optimizer_max_subgraph_pairs','100000'),(1655855,'optimizer_prune_level','1'),(1655855,'optimizer_search_depth','62'),(1655855,'optimizer_switch','index_merge=on,index_merge_union=on,index_merge_sort_union=on,index_merge_intersection=on,engine_condition_pushdown=on,index_condition_pushdown=on,mrr=on,mrr_cost_based=on,block_nested_loop=on,batched_key_access=off,materialization=on,semijoin=on,loosescan=on,firstmatch=on,duplicateweedout=on,subquery_materialization_cost_based=on,use_index_extensions=on,condition_fanout_filter=on,derived_merge=on,use_invisible_indexes=off,skip_scan=on,hash_join=on,subquery_to_derived=off,prefer_ordering_index=on,hypergraph_optimizer=off,derived_condition_pushdown=on'),(1655855,'optimizer_trace','enabled=off,one_line=off'),(1655855,'optimizer_trace_features','greedy_search=on,range_optimizer=on,dynamic_range=on,repeated_subselect=on'),(1655855,'optimizer_trace_limit','1'),(1655855,'optimizer_trace_max_mem_size','1048576'),(1655855,'optimizer_trace_offset','-1'),(1655855,'original_commit_timestamp','36028797018963968'),(1655855,'original_server_version','999999'),(1655855,'parser_max_mem_size','18446744073709551615'),(1655855,'preload_buffer_size','32768'),(1655855,'print_identified_with_as_hex','OFF'),(1655855,'profiling','OFF'),(1655855,'profiling_history_size','15'),(1655855,'proxy_user',''),(1655855,'pseudo_replica_mode','OFF'),(1655855,'pseudo_slave_mode','OFF'),(1655855,'pseudo_thread_id','1655976'),(1655855,'query_alloc_block_size','8192'),(1655855,'query_prealloc_size','8192'),(1655855,'rand_seed1','0'),(1655855,'rand_seed2','0'),(1655855,'range_alloc_block_size','4096'),(1655855,'range_optimizer_max_mem_size','8388608'),(1655855,'rbr_exec_mode','STRICT'),(1655855,'read_buffer_size','131072'),(1655855,'read_rnd_buffer_size','262144'),(1655855,'require_row_format','OFF'),(1655855,'resultset_metadata','FULL'),(1655855,'secondary_engine_cost_threshold','100000.000000'),(1655855,'select_into_buffer_size','131072'),(1655855,'select_into_disk_sync','OFF'),(1655855,'select_into_disk_sync_delay','0'),(1655855,'session_track_gtids','OFF'),(1655855,'session_track_schema','ON'),(1655855,'session_track_state_change','OFF'),(1655855,'session_track_system_variables','time_zone,autocommit,character_set_client,character_set_results,character_set_connection'),(1655855,'session_track_transaction_info','OFF'),(1655855,'show_create_table_skip_secondary_engine','OFF'),(1655855,'show_create_table_verbosity','OFF'),(1655855,'show_gipk_in_create_table_and_information_schema','ON'),(1655855,'show_old_temporals','OFF'),(1655855,'sort_buffer_size','262144'),(1655855,'sql_auto_is_null','OFF'),(1655855,'sql_big_selects','ON'),(1655855,'sql_buffer_result','OFF'),(1655855,'sql_generate_invisible_primary_key','OFF'),(1655855,'sql_log_bin','ON'),(1655855,'sql_log_off','OFF'),(1655855,'sql_mode',''),(1655855,'sql_notes','ON'),(1655855,'sql_quote_show_create','ON'),(1655855,'sql_require_primary_key','OFF'),(1655855,'sql_safe_updates','OFF'),(1655855,'sql_select_limit','18446744073709551615'),(1655855,'sql_warnings','OFF'),(1655855,'statement_id','49627822'),(1655855,'terminology_use_previous','NONE'),(1655855,'time_zone','+00:00'),(1655855,'timestamp','1765756805.266904'),(1655855,'tmp_table_size','16777216'),(1655855,'transaction_alloc_block_size','8192'),(1655855,'transaction_allow_batching','OFF'),(1655855,'transaction_isolation','REPEATABLE-READ'),(1655855,'transaction_prealloc_size','4096'),(1655855,'transaction_read_only','OFF'),(1655855,'transaction_write_set_extraction','XXHASH64'),(1655855,'unique_checks','ON'),(1655855,'updatable_views_with_limit','YES'),(1655855,'use_secondary_engine','ON'),(1655855,'wait_timeout','28800'),(1655855,'warning_count','1'),(1655855,'windowing_use_high_precision','ON'),(1655855,'xa_detach_on_prepare','ON');

--
-- Table structure for table `variables_info`
--

CREATE TABLE `variables_info` (
  `VARIABLE_NAME` varchar(64) NOT NULL,
  `VARIABLE_SOURCE` enum('COMPILED','GLOBAL','SERVER','EXPLICIT','EXTRA','USER','LOGIN','COMMAND_LINE','PERSISTED','DYNAMIC') DEFAULT 'COMPILED',
  `VARIABLE_PATH` varchar(1024) DEFAULT NULL,
  `MIN_VALUE` varchar(64) DEFAULT NULL,
  `MAX_VALUE` varchar(64) DEFAULT NULL,
  `SET_TIME` timestamp(6) NULL DEFAULT NULL,
  `SET_USER` char(32) CHARACTER SET utf8mb4 COLLATE utf8mb4_bin DEFAULT NULL,
  `SET_HOST` char(255) CHARACTER SET ascii COLLATE ascii_general_ci DEFAULT NULL
) ENGINE=PERFORMANCE_SCHEMA DEFAULT CHARSET=utf8mb4 COLLATE=utf8mb4_0900_ai_ci;

--
-- Dumping data for table `variables_info`
--

INSERT INTO `variables_info` VALUES ('activate_all_roles_on_login','COMPILED','','0','0',NULL,NULL,NULL),('admin_address','COMPILED','','0','0',NULL,NULL,NULL),('admin_port','COMPILED','','0','65535',NULL,NULL,NULL),('admin_ssl_ca','COMPILED','','0','0',NULL,NULL,NULL),('admin_ssl_capath','COMPILED','','0','0',NULL,NULL,NULL),('admin_ssl_cert','COMPILED','','0','0',NULL,NULL,NULL),('admin_ssl_cipher','COMPILED','','0','0',NULL,NULL,NULL),('admin_ssl_crl','COMPILED','','0','0',NULL,NULL,NULL),('admin_ssl_crlpath','COMPILED','','0','0',NULL,NULL,NULL),('admin_ssl_key','COMPILED','','0','0',NULL,NULL,NULL),('admin_tls_ciphersuites','COMPILED','','0','0',NULL,NULL,NULL),('admin_tls_version','COMPILED','','0','0',NULL,NULL,NULL),('authentication_policy','COMPILED','','0','0',NULL,NULL,NULL),('auto_generate_certs','COMPILED','','0','0',NULL,NULL,NULL),('auto_increment_increment','COMPILED','','1','65535',NULL,NULL,NULL),('auto_increment_offset','COMPILED','','1','65535',NULL,NULL,NULL),('autocommit','DYNAMIC','','0','0','2025-12-14 23:40:16.283709','oc_ucr','localhost'),('automatic_sp_privileges','COMPILED','','0','0',NULL,NULL,NULL),('avoid_temporal_upgrade','COMPILED','','0','0',NULL,NULL,NULL),('back_log','COMPILED','','0','65535',NULL,NULL,NULL),('basedir','COMPILED','','0','0',NULL,NULL,NULL),('big_tables','COMPILED','','0','0',NULL,NULL,NULL),('bind_address','GLOBAL','/etc/mysql/mysql.conf.d/mysqld.cnf','0','0',NULL,NULL,NULL),('binlog_cache_size','COMPILED','','4096','18446744073709547520',NULL,NULL,NULL),('binlog_checksum','COMPILED','','0','0',NULL,NULL,NULL),('binlog_direct_non_transactional_updates','COMPILED','','0','0',NULL,NULL,NULL),('binlog_encryption','COMPILED','','0','0',NULL,NULL,NULL),('binlog_error_action','COMPILED','','0','0',NULL,NULL,NULL),('binlog_expire_logs_auto_purge','COMPILED','','0','0',NULL,NULL,NULL),('binlog_expire_logs_seconds','COMPILED','','0','4294967295',NULL,NULL,NULL),('binlog_format','COMPILED','','0','0',NULL,NULL,NULL),('binlog_group_commit_sync_delay','COMPILED','','0','1000000',NULL,NULL,NULL),('binlog_group_commit_sync_no_delay_count','COMPILED','','0','100000',NULL,NULL,NULL),('binlog_gtid_simple_recovery','COMPILED','','0','0',NULL,NULL,NULL),('binlog_max_flush_queue_time','COMPILED','','0','100000',NULL,NULL,NULL),('binlog_order_commits','COMPILED','','0','0',NULL,NULL,NULL),('binlog_rotate_encryption_master_key_at_startup','COMPILED','','0','0',NULL,NULL,NULL),('binlog_row_event_max_size','COMPILED','','256','18446744073709551360',NULL,NULL,NULL),('binlog_row_image','COMPILED','','0','0',NULL,NULL,NULL),('binlog_row_metadata','COMPILED','','0','0',NULL,NULL,NULL),('binlog_row_value_options','COMPILED','','0','0',NULL,NULL,NULL),('binlog_rows_query_log_events','COMPILED','','0','0',NULL,NULL,NULL),('binlog_stmt_cache_size','COMPILED','','4096','18446744073709547520',NULL,NULL,NULL),('binlog_transaction_compression','COMPILED','','0','0',NULL,NULL,NULL),('binlog_transaction_compression_level_zstd','COMPILED','','1','22',NULL,NULL,NULL),('binlog_transaction_dependency_history_size','COMPILED','','1','1000000',NULL,NULL,NULL),('binlog_transaction_dependency_tracking','COMPILED','','0','0',NULL,NULL,NULL),('block_encryption_mode','COMPILED','','0','0',NULL,NULL,NULL),('build_id','COMPILED','','0','0',NULL,NULL,NULL),('bulk_insert_buffer_size','COMPILED','','0','18446744073709551615',NULL,NULL,NULL),('caching_sha2_password_auto_generate_rsa_keys','COMPILED','','0','0',NULL,NULL,NULL),('caching_sha2_password_digest_rounds','COMPILED','','5000','4095000',NULL,NULL,NULL),('caching_sha2_password_private_key_path','COMPILED','','0','0',NULL,NULL,NULL),('caching_sha2_password_public_key_path','COMPILED','','0','0',NULL,NULL,NULL),('character_set_client','COMPILED','','0','0',NULL,NULL,NULL),('character_set_connection','COMPILED','','0','0',NULL,NULL,NULL),('character_set_database','COMPILED','','0','0',NULL,NULL,NULL),('character_set_filesystem','COMPILED','','0','0',NULL,NULL,NULL),('character_set_results','DYNAMIC','','0','0','2025-12-15 00:00:05.270830','root','localhost'),('character_set_server','COMPILED','','0','0',NULL,NULL,NULL),('character_set_system','COMPILED','','0','0',NULL,NULL,NULL),('character_sets_dir','COMPILED','','0','0',NULL,NULL,NULL),('check_proxy_users','COMPILED','','0','0',NULL,NULL,NULL),('collation_connection','COMPILED','','0','0',NULL,NULL,NULL),('collation_database','COMPILED','','0','0',NULL,NULL,NULL),('collation_server','COMPILED','','0','0',NULL,NULL,NULL),('completion_type','COMPILED','','0','0',NULL,NULL,NULL),('concurrent_insert','COMPILED','','0','0',NULL,NULL,NULL),('connect_timeout','COMPILED','','2','31536000',NULL,NULL,NULL),('connection_memory_chunk_size','COMPILED','','1','536870912',NULL,NULL,NULL),('connection_memory_limit','COMPILED','','2097152','18446744073709551615',NULL,NULL,NULL),('core_file','COMPILED','','0','0',NULL,NULL,NULL),('create_admin_listener_thread','COMPILED','','0','0',NULL,NULL,NULL),('cte_max_recursion_depth','COMPILED','','0','4294967295',NULL,NULL,NULL),('datadir','COMPILED','','0','0',NULL,NULL,NULL),('default_authentication_plugin','COMPILED','','0','0',NULL,NULL,NULL),('default_collation_for_utf8mb4','COMPILED','','0','0',NULL,NULL,NULL),('default_password_lifetime','COMPILED','','0','65535',NULL,NULL,NULL),('default_storage_engine','COMPILED','','0','0',NULL,NULL,NULL),('default_table_encryption','COMPILED','','0','0',NULL,NULL,NULL),('default_tmp_storage_engine','COMPILED','','0','0',NULL,NULL,NULL),('default_week_format','COMPILED','','0','7',NULL,NULL,NULL),('delay_key_write','COMPILED','','0','0',NULL,NULL,NULL),('delayed_insert_limit','COMPILED','','1','18446744073709551615',NULL,NULL,NULL),('delayed_insert_timeout','COMPILED','','1','31536000',NULL,NULL,NULL),('delayed_queue_size','COMPILED','','1','18446744073709551615',NULL,NULL,NULL),('disabled_storage_engines','COMPILED','','0','0',NULL,NULL,NULL),('disconnect_on_expired_password','COMPILED','','0','0',NULL,NULL,NULL),('div_precision_increment','COMPILED','','0','30',NULL,NULL,NULL),('end_markers_in_json','COMPILED','','0','0',NULL,NULL,NULL),('enforce_gtid_consistency','COMPILED','','0','0',NULL,NULL,NULL),('eq_range_index_dive_limit','COMPILED','','0','4294967295',NULL,NULL,NULL),('error_count','COMPILED','','0','18446744073709551615',NULL,NULL,NULL),('event_scheduler','COMPILED','','0','0',NULL,NULL,NULL),('expire_logs_days','COMPILED','','0','99',NULL,NULL,NULL),('explain_format','COMPILED','','0','0',NULL,NULL,NULL),('explicit_defaults_for_timestamp','COMPILED','','0','0',NULL,NULL,NULL),('external_user','COMPILED','','0','0',NULL,NULL,NULL),('flush','COMPILED','','0','0',NULL,NULL,NULL),('flush_time','COMPILED','','0','31536000',NULL,NULL,NULL),('foreign_key_checks','DYNAMIC','','0','0','2025-09-25 06:57:17.986918',NULL,NULL),('ft_boolean_syntax','COMPILED','','0','0',NULL,NULL,NULL),('ft_max_word_len','COMPILED','','10','84',NULL,NULL,NULL),('ft_min_word_len','COMPILED','','1','84',NULL,NULL,NULL),('ft_query_expansion_limit','COMPILED','','0','1000',NULL,NULL,NULL),('ft_stopword_file','COMPILED','','0','0',NULL,NULL,NULL),('general_log','COMPILED','','0','0',NULL,NULL,NULL),('general_log_file','COMPILED','','0','0',NULL,NULL,NULL),('generated_random_password_length','COMPILED','','5','255',NULL,NULL,NULL),('global_connection_memory_limit','COMPILED','','16777216','18446744073709551615',NULL,NULL,NULL),('global_connection_memory_tracking','COMPILED','','0','0',NULL,NULL,NULL),('group_concat_max_len','COMPILED','','4','18446744073709551615',NULL,NULL,NULL),('group_replication_consistency','COMPILED','','0','0',NULL,NULL,NULL),('gtid_executed','COMPILED','','0','0',NULL,NULL,NULL),('gtid_executed_compression_period','COMPILED','','0','4294967295',NULL,NULL,NULL),('gtid_mode','COMPILED','','0','0',NULL,NULL,NULL),('gtid_next','COMPILED','','0','0',NULL,NULL,NULL),('gtid_owned','COMPILED','','0','0',NULL,NULL,NULL),('gtid_purged','COMPILED','','0','0',NULL,NULL,NULL),('have_compress','COMPILED','','0','0',NULL,NULL,NULL),('have_dynamic_loading','COMPILED','','0','0',NULL,NULL,NULL),('have_geometry','COMPILED','','0','0',NULL,NULL,NULL),('have_openssl','COMPILED','','0','0',NULL,NULL,NULL),('have_profiling','COMPILED','','0','0',NULL,NULL,NULL),('have_query_cache','COMPILED','','0','0',NULL,NULL,NULL),('have_rtree_keys','COMPILED','','0','0',NULL,NULL,NULL),('have_ssl','COMPILED','','0','0',NULL,NULL,NULL),('have_statement_timeout','COMPILED','','0','0',NULL,NULL,NULL),('have_symlink','COMPILED','','0','0',NULL,NULL,NULL),('histogram_generation_max_mem_size','COMPILED','','1000000','18446744073709551615',NULL,NULL,NULL),('host_cache_size','COMPILED','','0','65536',NULL,NULL,NULL),('hostname','COMPILED','','0','0',NULL,NULL,NULL),('identity','COMPILED','','0','18446744073709551615',NULL,NULL,NULL),('immediate_server_version','COMPILED','','0','999999',NULL,NULL,NULL),('information_schema_stats_expiry','DYNAMIC','','0','31536000','2025-12-15 00:00:03.702132','root','localhost'),('init_connect','COMPILED','','0','0',NULL,NULL,NULL),('init_file','COMPILED','','0','0',NULL,NULL,NULL),('init_replica','COMPILED','','0','0',NULL,NULL,NULL),('init_slave','COMPILED','','0','0',NULL,NULL,NULL),('innodb_adaptive_flushing','COMPILED','','0','0',NULL,NULL,NULL),('innodb_adaptive_flushing_lwm','COMPILED','','0','70',NULL,NULL,NULL),('innodb_adaptive_hash_index','COMPILED','','0','0',NULL,NULL,NULL),('innodb_adaptive_hash_index_parts','COMPILED','','1','512',NULL,NULL,NULL),('innodb_adaptive_max_sleep_delay','COMPILED','','0','1000000',NULL,NULL,NULL),('innodb_api_bk_commit_interval','COMPILED','','1','1073741824',NULL,NULL,NULL),('innodb_api_disable_rowlock','COMPILED','','0','0',NULL,NULL,NULL),('innodb_api_enable_binlog','COMPILED','','0','0',NULL,NULL,NULL),('innodb_api_enable_mdl','COMPILED','','0','0',NULL,NULL,NULL),('innodb_api_trx_level','COMPILED','','0','3',NULL,NULL,NULL),('innodb_autoextend_increment','COMPILED','','1','1000',NULL,NULL,NULL),('innodb_autoinc_lock_mode','COMPILED','','0','2',NULL,NULL,NULL),('innodb_buffer_pool_chunk_size','COMPILED','','1048576','144115188075855871',NULL,NULL,NULL),('innodb_buffer_pool_dump_at_shutdown','COMPILED','','0','0',NULL,NULL,NULL),('innodb_buffer_pool_dump_now','COMPILED','','0','0',NULL,NULL,NULL),('innodb_buffer_pool_dump_pct','COMPILED','','1','100',NULL,NULL,NULL),('innodb_buffer_pool_filename','COMPILED','','0','0',NULL,NULL,NULL),('innodb_buffer_pool_in_core_file','COMPILED','','0','0',NULL,NULL,NULL),('innodb_buffer_pool_instances','COMPILED','','0','64',NULL,NULL,NULL),('innodb_buffer_pool_load_abort','COMPILED','','0','0',NULL,NULL,NULL),('innodb_buffer_pool_load_at_startup','COMPILED','','0','0',NULL,NULL,NULL),('innodb_buffer_pool_load_now','COMPILED','','0','0',NULL,NULL,NULL),('innodb_buffer_pool_size','COMPILED','','5242880','9223372036854775807',NULL,NULL,NULL),('innodb_change_buffer_max_size','COMPILED','','0','50',NULL,NULL,NULL),('innodb_change_buffering','COMPILED','','0','0',NULL,NULL,NULL),('innodb_checksum_algorithm','COMPILED','','0','0',NULL,NULL,NULL),('innodb_cmp_per_index_enabled','COMPILED','','0','0',NULL,NULL,NULL),('innodb_commit_concurrency','COMPILED','','0','1000',NULL,NULL,NULL),('innodb_compression_failure_threshold_pct','COMPILED','','0','100',NULL,NULL,NULL),('innodb_compression_level','COMPILED','','0','9',NULL,NULL,NULL),('innodb_compression_pad_pct_max','COMPILED','','0','75',NULL,NULL,NULL),('innodb_concurrency_tickets','COMPILED','','1','4294967295',NULL,NULL,NULL),('innodb_data_file_path','COMPILED','','0','0',NULL,NULL,NULL),('innodb_data_home_dir','COMPILED','','0','0',NULL,NULL,NULL),('innodb_ddl_buffer_size','COMPILED','','65536','4294967295',NULL,NULL,NULL),('innodb_ddl_threads','COMPILED','','1','64',NULL,NULL,NULL),('innodb_deadlock_detect','COMPILED','','0','0',NULL,NULL,NULL),('innodb_dedicated_server','COMPILED','','0','0',NULL,NULL,NULL),('innodb_default_row_format','COMPILED','','0','0',NULL,NULL,NULL),('innodb_directories','COMPILED','','0','0',NULL,NULL,NULL),('innodb_disable_sort_file_cache','COMPILED','','0','0',NULL,NULL,NULL),('innodb_doublewrite','COMPILED','','0','0',NULL,NULL,NULL),('innodb_doublewrite_batch_size','COMPILED','','0','256',NULL,NULL,NULL),('innodb_doublewrite_dir','COMPILED','','0','0',NULL,NULL,NULL),('innodb_doublewrite_files','COMPILED','','0','256',NULL,NULL,NULL),('innodb_doublewrite_pages','COMPILED','','0','512',NULL,NULL,NULL),('innodb_extend_and_initialize','COMPILED','','0','0',NULL,NULL,NULL),('innodb_fast_shutdown','COMPILED','','0','2',NULL,NULL,NULL),('innodb_file_per_table','COMPILED','','0','0',NULL,NULL,NULL),('innodb_fill_factor','COMPILED','','10','100',NULL,NULL,NULL),('innodb_flush_log_at_timeout','COMPILED','','0','2700',NULL,NULL,NULL),('innodb_flush_log_at_trx_commit','COMPILED','','0','2',NULL,NULL,NULL),('innodb_flush_method','COMPILED','','0','0',NULL,NULL,NULL),('innodb_flush_neighbors','COMPILED','','0','2',NULL,NULL,NULL),('innodb_flush_sync','COMPILED','','0','0',NULL,NULL,NULL),('innodb_flushing_avg_loops','COMPILED','','1','1000',NULL,NULL,NULL),('innodb_force_load_corrupted','COMPILED','','0','0',NULL,NULL,NULL),('innodb_force_recovery','COMPILED','','0','6',NULL,NULL,NULL),('innodb_fsync_threshold','COMPILED','','0','18446744073709551615',NULL,NULL,NULL),('innodb_ft_aux_table','COMPILED','','0','0',NULL,NULL,NULL),('innodb_ft_cache_size','COMPILED','','1600000','80000000',NULL,NULL,NULL),('innodb_ft_enable_diag_print','COMPILED','','0','0',NULL,NULL,NULL),('innodb_ft_enable_stopword','COMPILED','','0','0',NULL,NULL,NULL),('innodb_ft_max_token_size','COMPILED','','10','84',NULL,NULL,NULL),('innodb_ft_min_token_size','COMPILED','','0','16',NULL,NULL,NULL),('innodb_ft_num_word_optimize','COMPILED','','1000','10000',NULL,NULL,NULL),('innodb_ft_result_cache_limit','COMPILED','','1000000','4294967295',NULL,NULL,NULL),('innodb_ft_server_stopword_table','COMPILED','','0','0',NULL,NULL,NULL),('innodb_ft_sort_pll_degree','COMPILED','','1','16',NULL,NULL,NULL),('innodb_ft_total_cache_size','COMPILED','','32000000','1600000000',NULL,NULL,NULL),('innodb_ft_user_stopword_table','COMPILED','','0','0',NULL,NULL,NULL),('innodb_idle_flush_pct','COMPILED','','0','100',NULL,NULL,NULL),('innodb_io_capacity','COMPILED','','100','4294967295',NULL,NULL,NULL),('innodb_io_capacity_max','COMPILED','','100','4294967295',NULL,NULL,NULL),('innodb_lock_wait_timeout','COMPILED','','1','1073741824',NULL,NULL,NULL),('innodb_log_buffer_size','COMPILED','','262144','4294967295',NULL,NULL,NULL),('innodb_log_checksums','COMPILED','','0','0',NULL,NULL,NULL),('innodb_log_compressed_pages','COMPILED','','0','0',NULL,NULL,NULL),('innodb_log_file_size','COMPILED','','4194304','18446744073709551615',NULL,NULL,NULL),('innodb_log_files_in_group','COMPILED','','2','100',NULL,NULL,NULL),('innodb_log_group_home_dir','COMPILED','','0','0',NULL,NULL,NULL),('innodb_log_spin_cpu_abs_lwm','COMPILED','','0','4294967295',NULL,NULL,NULL),('innodb_log_spin_cpu_pct_hwm','COMPILED','','0','100',NULL,NULL,NULL),('innodb_log_wait_for_flush_spin_hwm','COMPILED','','0','4294967295',NULL,NULL,NULL),('innodb_log_write_ahead_size','COMPILED','','512','16384',NULL,NULL,NULL),('innodb_log_writer_threads','COMPILED','','0','0',NULL,NULL,NULL),('innodb_lru_scan_depth','COMPILED','','100','4294967295',NULL,NULL,NULL),('innodb_max_dirty_pages_pct','COMPILED','','0','99',NULL,NULL,NULL),('innodb_max_dirty_pages_pct_lwm','COMPILED','','0','99',NULL,NULL,NULL),('innodb_max_purge_lag','COMPILED','','0','4294967295',NULL,NULL,NULL),('innodb_max_purge_lag_delay','COMPILED','','0','10000000',NULL,NULL,NULL),('innodb_max_undo_log_size','COMPILED','','10485760','18446744073709551615',NULL,NULL,NULL),('innodb_monitor_disable','COMPILED','','0','0',NULL,NULL,NULL),('innodb_monitor_enable','COMPILED','','0','0',NULL,NULL,NULL),('innodb_monitor_reset','COMPILED','','0','0',NULL,NULL,NULL),('innodb_monitor_reset_all','COMPILED','','0','0',NULL,NULL,NULL),('innodb_numa_interleave','COMPILED','','0','0',NULL,NULL,NULL),('innodb_old_blocks_pct','COMPILED','','5','95',NULL,NULL,NULL),('innodb_old_blocks_time','COMPILED','','0','4294967295',NULL,NULL,NULL),('innodb_online_alter_log_max_size','COMPILED','','65536','18446744073709551615',NULL,NULL,NULL),('innodb_open_files','COMPILED','','0','2147483647',NULL,NULL,NULL),('innodb_optimize_fulltext_only','COMPILED','','0','0',NULL,NULL,NULL),('innodb_page_cleaners','COMPILED','','1','64',NULL,NULL,NULL),('innodb_page_size','COMPILED','','4096','65536',NULL,NULL,NULL),('innodb_parallel_read_threads','COMPILED','','1','256',NULL,NULL,NULL),('innodb_print_all_deadlocks','COMPILED','','0','0',NULL,NULL,NULL),('innodb_print_ddl_logs','COMPILED','','0','0',NULL,NULL,NULL),('innodb_purge_batch_size','COMPILED','','1','5000',NULL,NULL,NULL),('innodb_purge_rseg_truncate_frequency','COMPILED','','1','128',NULL,NULL,NULL),('innodb_purge_threads','COMPILED','','1','32',NULL,NULL,NULL),('innodb_random_read_ahead','COMPILED','','0','0',NULL,NULL,NULL),('innodb_read_ahead_threshold','COMPILED','','0','64',NULL,NULL,NULL),('innodb_read_io_threads','COMPILED','','1','64',NULL,NULL,NULL),('innodb_read_only','COMPILED','','0','0',NULL,NULL,NULL),('innodb_redo_log_archive_dirs','COMPILED','','0','0',NULL,NULL,NULL),('innodb_redo_log_capacity','COMPILED','','8388608','549755813888',NULL,NULL,NULL),('innodb_redo_log_encrypt','COMPILED','','0','0',NULL,NULL,NULL),('innodb_replication_delay','COMPILED','','0','4294967295',NULL,NULL,NULL),('innodb_rollback_on_timeout','COMPILED','','0','0',NULL,NULL,NULL),('innodb_rollback_segments','COMPILED','','1','128',NULL,NULL,NULL),('innodb_segment_reserve_factor','COMPILED','','0','40',NULL,NULL,NULL),('innodb_sort_buffer_size','COMPILED','','65536','67108864',NULL,NULL,NULL),('innodb_spin_wait_delay','COMPILED','','0','1000',NULL,NULL,NULL),('innodb_spin_wait_pause_multiplier','COMPILED','','0','100',NULL,NULL,NULL),('innodb_stats_auto_recalc','COMPILED','','0','0',NULL,NULL,NULL),('innodb_stats_include_delete_marked','COMPILED','','0','0',NULL,NULL,NULL),('innodb_stats_method','COMPILED','','0','0',NULL,NULL,NULL),('innodb_stats_on_metadata','COMPILED','','0','0',NULL,NULL,NULL),('innodb_stats_persistent','COMPILED','','0','0',NULL,NULL,NULL),('innodb_stats_persistent_sample_pages','COMPILED','','1','18446744073709551615',NULL,NULL,NULL),('innodb_stats_transient_sample_pages','COMPILED','','1','18446744073709551615',NULL,NULL,NULL),('innodb_status_output','COMPILED','','0','0',NULL,NULL,NULL),('innodb_status_output_locks','COMPILED','','0','0',NULL,NULL,NULL),('innodb_strict_mode','COMPILED','','0','0',NULL,NULL,NULL),('innodb_sync_array_size','COMPILED','','1','1024',NULL,NULL,NULL),('innodb_sync_spin_loops','COMPILED','','0','4294967295',NULL,NULL,NULL),('innodb_table_locks','COMPILED','','0','0',NULL,NULL,NULL),('innodb_temp_data_file_path','COMPILED','','0','0',NULL,NULL,NULL),('innodb_temp_tablespaces_dir','COMPILED','','0','0',NULL,NULL,NULL),('innodb_thread_concurrency','COMPILED','','0','1000',NULL,NULL,NULL),('innodb_thread_sleep_delay','COMPILED','','0','1000000',NULL,NULL,NULL),('innodb_tmpdir','COMPILED','','0','0',NULL,NULL,NULL),('innodb_undo_directory','COMPILED','','0','0',NULL,NULL,NULL),('innodb_undo_log_encrypt','COMPILED','','0','0',NULL,NULL,NULL),('innodb_undo_log_truncate','COMPILED','','0','0',NULL,NULL,NULL),('innodb_undo_tablespaces','COMPILED','','2','127',NULL,NULL,NULL),('innodb_use_fdatasync','COMPILED','','0','0',NULL,NULL,NULL),('innodb_use_native_aio','COMPILED','','0','0',NULL,NULL,NULL),('innodb_validate_tablespace_paths','COMPILED','','0','0',NULL,NULL,NULL),('innodb_version','COMPILED','','0','0',NULL,NULL,NULL),('innodb_write_io_threads','COMPILED','','1','64',NULL,NULL,NULL),('insert_id','COMPILED','','0','18446744073709551615',NULL,NULL,NULL),('interactive_timeout','COMPILED','','1','31536000',NULL,NULL,NULL),('internal_tmp_mem_storage_engine','COMPILED','','0','0',NULL,NULL,NULL),('join_buffer_size','COMPILED','','128','18446744073709551488',NULL,NULL,NULL),('keep_files_on_create','COMPILED','','0','0',NULL,NULL,NULL),('key_buffer_size','GLOBAL','/etc/mysql/mysql.conf.d/mysqld.cnf','0','18446744073709547520',NULL,NULL,NULL),('key_cache_age_threshold','COMPILED','','100','18446744073709551600',NULL,NULL,NULL),('key_cache_block_size','COMPILED','','512','16384',NULL,NULL,NULL),('key_cache_division_limit','COMPILED','','1','100',NULL,NULL,NULL),('keyring_operations','COMPILED','','0','0',NULL,NULL,NULL),('large_files_support','COMPILED','','0','0',NULL,NULL,NULL),('large_page_size','COMPILED','','0','4294967295',NULL,NULL,NULL),('large_pages','COMPILED','','0','0',NULL,NULL,NULL),('last_insert_id','COMPILED','','0','18446744073709551615',NULL,NULL,NULL),('lc_messages','COMPILED','','0','0',NULL,NULL,NULL),('lc_messages_dir','COMPILED','','0','0',NULL,NULL,NULL),('lc_time_names','COMPILED','','0','0',NULL,NULL,NULL),('license','COMPILED','','0','0',NULL,NULL,NULL),('local_infile','COMPILED','','0','0',NULL,NULL,NULL),('lock_wait_timeout','COMPILED','','1','31536000',NULL,NULL,NULL),('locked_in_memory','COMPILED','','0','0',NULL,NULL,NULL),('log_bin','COMPILED','','0','0',NULL,NULL,NULL),('log_bin_basename','COMPILED','','0','0',NULL,NULL,NULL),('log_bin_index','COMPILED','','0','0',NULL,NULL,NULL),('log_bin_trust_function_creators','COMPILED','','0','0',NULL,NULL,NULL),('log_bin_use_v1_row_events','COMPILED','','0','0',NULL,NULL,NULL),('log_error','GLOBAL','/etc/mysql/mysql.conf.d/mysqld.cnf','0','0',NULL,NULL,NULL),('log_error_services','COMPILED','','0','0',NULL,NULL,NULL),('log_error_suppression_list','COMPILED','','0','0',NULL,NULL,NULL),('log_error_verbosity','COMPILED','','1','3',NULL,NULL,NULL),('log_output','COMPILED','','0','0',NULL,NULL,NULL),('log_queries_not_using_indexes','COMPILED','','0','0',NULL,NULL,NULL),('log_raw','COMPILED','','0','0',NULL,NULL,NULL),('log_replica_updates','COMPILED','','0','0',NULL,NULL,NULL),('log_slave_updates','COMPILED','','0','0',NULL,NULL,NULL),('log_slow_admin_statements','COMPILED','','0','0',NULL,NULL,NULL),('log_slow_extra','COMPILED','','0','0',NULL,NULL,NULL),('log_slow_replica_statements','COMPILED','','0','0',NULL,NULL,NULL),('log_slow_slave_statements','COMPILED','','0','0',NULL,NULL,NULL),('log_statements_unsafe_for_binlog','COMPILED','','0','0',NULL,NULL,NULL),('log_throttle_queries_not_using_indexes','COMPILED','','0','18446744073709551615',NULL,NULL,NULL),('log_timestamps','COMPILED','','0','0',NULL,NULL,NULL),('long_query_time','COMPILED','','0','4719230590769954816',NULL,NULL,NULL),('low_priority_updates','COMPILED','','0','0',NULL,NULL,NULL),('lower_case_file_system','COMPILED','','0','0',NULL,NULL,NULL),('lower_case_table_names','COMPILED','','0','2',NULL,NULL,NULL),('mandatory_roles','COMPILED','','0','0',NULL,NULL,NULL),('master_info_repository','COMPILED','','0','0',NULL,NULL,NULL),('master_verify_checksum','COMPILED','','0','0',NULL,NULL,NULL),('max_allowed_packet','COMPILED','','1024','1073741824',NULL,NULL,NULL),('max_binlog_cache_size','COMPILED','','4096','18446744073709547520',NULL,NULL,NULL),('max_binlog_size','GLOBAL','/etc/mysql/mysql.conf.d/mysqld.cnf','4096','1073741824',NULL,NULL,NULL),('max_binlog_stmt_cache_size','COMPILED','','4096','18446744073709547520',NULL,NULL,NULL),('max_connect_errors','COMPILED','','1','18446744073709551615',NULL,NULL,NULL),('max_connections','COMPILED','','1','100000',NULL,NULL,NULL),('max_delayed_threads','COMPILED','','0','16384',NULL,NULL,NULL),('max_digest_length','COMPILED','','0','1048576',NULL,NULL,NULL),('max_error_count','COMPILED','','0','65535',NULL,NULL,NULL),('max_execution_time','COMPILED','','0','18446744073709551615',NULL,NULL,NULL),('max_heap_table_size','COMPILED','','16384','18446744073709550592',NULL,NULL,NULL),('max_insert_delayed_threads','COMPILED','','0','16384',NULL,NULL,NULL),('max_join_size','COMPILED','','1','18446744073709551615',NULL,NULL,NULL),('max_length_for_sort_data','COMPILED','','4','8388608',NULL,NULL,NULL),('max_points_in_geometry','COMPILED','','3','1048576',NULL,NULL,NULL),('max_prepared_stmt_count','COMPILED','','0','4194304',NULL,NULL,NULL),('max_relay_log_size','COMPILED','','0','1073741824',NULL,NULL,NULL),('max_seeks_for_key','COMPILED','','1','18446744073709551615',NULL,NULL,NULL),('max_sort_length','COMPILED','','4','8388608',NULL,NULL,NULL),('max_sp_recursion_depth','COMPILED','','0','255',NULL,NULL,NULL),('max_user_connections','COMPILED','','0','4294967295',NULL,NULL,NULL),('max_write_lock_count','COMPILED','','1','18446744073709551615',NULL,NULL,NULL),('min_examined_row_limit','COMPILED','','0','18446744073709551615',NULL,NULL,NULL),('myisam_data_pointer_size','COMPILED','','2','7',NULL,NULL,NULL),('myisam_max_sort_file_size','COMPILED','','0','9223372036854775807',NULL,NULL,NULL),('myisam_mmap_size','COMPILED','','7','18446744073709551615',NULL,NULL,NULL),('myisam_recover_options','GLOBAL','/etc/mysql/mysql.conf.d/mysqld.cnf','0','0',NULL,NULL,NULL),('myisam_sort_buffer_size','COMPILED','','4096','18446744073709551615',NULL,NULL,NULL),('myisam_stats_method','COMPILED','','0','0',NULL,NULL,NULL),('myisam_use_mmap','COMPILED','','0','0',NULL,NULL,NULL),('mysql_native_password_proxy_users','COMPILED','','0','0',NULL,NULL,NULL),('mysqlx_bind_address','GLOBAL','/etc/mysql/mysql.conf.d/mysqld.cnf','0','0',NULL,NULL,NULL),('mysqlx_compression_algorithms','COMPILED','','0','0',NULL,NULL,NULL),('mysqlx_connect_timeout','COMPILED','','1','1000000000',NULL,NULL,NULL),('mysqlx_deflate_default_compression_level','COMPILED','','1','9',NULL,NULL,NULL),('mysqlx_deflate_max_client_compression_level','COMPILED','','1','9',NULL,NULL,NULL),('mysqlx_document_id_unique_prefix','COMPILED','','0','65535',NULL,NULL,NULL),('mysqlx_enable_hello_notice','COMPILED','','0','0',NULL,NULL,NULL),('mysqlx_idle_worker_thread_timeout','COMPILED','','0','3600',NULL,NULL,NULL),('mysqlx_interactive_timeout','COMPILED','','1','2147483',NULL,NULL,NULL),('mysqlx_lz4_default_compression_level','COMPILED','','0','16',NULL,NULL,NULL),('mysqlx_lz4_max_client_compression_level','COMPILED','','0','16',NULL,NULL,NULL),('mysqlx_max_allowed_packet','COMPILED','','512','1073741824',NULL,NULL,NULL),('mysqlx_max_connections','COMPILED','','1','65535',NULL,NULL,NULL),('mysqlx_min_worker_threads','COMPILED','','1','100',NULL,NULL,NULL),('mysqlx_port','COMPILED','','1','65535',NULL,NULL,NULL),('mysqlx_port_open_timeout','COMPILED','','0','120',NULL,NULL,NULL),('mysqlx_read_timeout','COMPILED','','1','2147483',NULL,NULL,NULL),('mysqlx_socket','COMPILED','','0','0',NULL,NULL,NULL),('mysqlx_ssl_ca','COMPILED','','0','0',NULL,NULL,NULL),('mysqlx_ssl_capath','COMPILED','','0','0',NULL,NULL,NULL),('mysqlx_ssl_cert','COMPILED','','0','0',NULL,NULL,NULL),('mysqlx_ssl_cipher','COMPILED','','0','0',NULL,NULL,NULL),('mysqlx_ssl_crl','COMPILED','','0','0',NULL,NULL,NULL),('mysqlx_ssl_crlpath','COMPILED','','0','0',NULL,NULL,NULL),('mysqlx_ssl_key','COMPILED','','0','0',NULL,NULL,NULL),('mysqlx_wait_timeout','COMPILED','','1','2147483',NULL,NULL,NULL),('mysqlx_write_timeout','COMPILED','','1','2147483',NULL,NULL,NULL),('mysqlx_zstd_default_compression_level','COMPILED','','4294836224','22',NULL,NULL,NULL),('mysqlx_zstd_max_client_compression_level','COMPILED','','4294836224','22',NULL,NULL,NULL),('net_buffer_length','COMPILED','','1024','1048576',NULL,NULL,NULL),('net_read_timeout','DYNAMIC','','1','31536000','2025-12-15 00:00:03.702195','root','localhost'),('net_retry_count','COMPILED','','1','18446744073709551615',NULL,NULL,NULL),('net_write_timeout','DYNAMIC','','1','31536000','2025-12-15 00:00:03.702196','root','localhost'),('new','COMPILED','','0','0',NULL,NULL,NULL),('ngram_token_size','COMPILED','','1','10',NULL,NULL,NULL),('offline_mode','COMPILED','','0','0',NULL,NULL,NULL),('old','COMPILED','','0','0',NULL,NULL,NULL),('old_alter_table','COMPILED','','0','0',NULL,NULL,NULL),('open_files_limit','COMPILED','','0','4294967295',NULL,NULL,NULL),('optimizer_max_subgraph_pairs','COMPILED','','1','2147483647',NULL,NULL,NULL),('optimizer_prune_level','COMPILED','','0','1',NULL,NULL,NULL),('optimizer_search_depth','COMPILED','','0','62',NULL,NULL,NULL),('optimizer_switch','COMPILED','','0','0',NULL,NULL,NULL),('optimizer_trace','COMPILED','','0','0',NULL,NULL,NULL),('optimizer_trace_features','COMPILED','','0','0',NULL,NULL,NULL),('optimizer_trace_limit','COMPILED','','0','9223372036854775807',NULL,NULL,NULL),('optimizer_trace_max_mem_size','COMPILED','','0','18446744073709551615',NULL,NULL,NULL),('optimizer_trace_offset','COMPILED','','-9223372036854775808','9223372036854775807',NULL,NULL,NULL),('original_commit_timestamp','COMPILED','','0','36028797018963968',NULL,NULL,NULL),('original_server_version','COMPILED','','0','999999',NULL,NULL,NULL),('parser_max_mem_size','COMPILED','','10000000','18446744073709551615',NULL,NULL,NULL),('partial_revokes','COMPILED','','0','0',NULL,NULL,NULL),('password_history','COMPILED','','0','4294967295',NULL,NULL,NULL),('password_require_current','COMPILED','','0','0',NULL,NULL,NULL),('password_reuse_interval','COMPILED','','0','4294967295',NULL,NULL,NULL),('performance_schema','COMPILED','','0','0',NULL,NULL,NULL),('performance_schema_accounts_size','COMPILED','','-1','1048576',NULL,NULL,NULL),('performance_schema_digests_size','COMPILED','','-1','1048576',NULL,NULL,NULL),('performance_schema_error_size','COMPILED','','0','1048576',NULL,NULL,NULL),('performance_schema_events_stages_history_long_size','COMPILED','','-1','1048576',NULL,NULL,NULL),('performance_schema_events_stages_history_size','COMPILED','','-1','1024',NULL,NULL,NULL),('performance_schema_events_statements_history_long_size','COMPILED','','-1','1048576',NULL,NULL,NULL),('performance_schema_events_statements_history_size','COMPILED','','-1','1024',NULL,NULL,NULL),('performance_schema_events_transactions_history_long_size','COMPILED','','-1','1048576',NULL,NULL,NULL),('performance_schema_events_transactions_history_size','COMPILED','','-1','1024',NULL,NULL,NULL),('performance_schema_events_waits_history_long_size','COMPILED','','-1','1048576',NULL,NULL,NULL),('performance_schema_events_waits_history_size','COMPILED','','-1','1024',NULL,NULL,NULL),('performance_schema_hosts_size','COMPILED','','-1','1048576',NULL,NULL,NULL),('performance_schema_max_cond_classes','COMPILED','','0','1024',NULL,NULL,NULL),('performance_schema_max_cond_instances','COMPILED','','-1','1048576',NULL,NULL,NULL),('performance_schema_max_digest_length','COMPILED','','0','1048576',NULL,NULL,NULL),('performance_schema_max_digest_sample_age','COMPILED','','0','1048576',NULL,NULL,NULL),('performance_schema_max_file_classes','COMPILED','','0','1024',NULL,NULL,NULL),('performance_schema_max_file_handles','COMPILED','','0','1048576',NULL,NULL,NULL),('performance_schema_max_file_instances','COMPILED','','-1','1048576',NULL,NULL,NULL),('performance_schema_max_index_stat','COMPILED','','-1','1048576',NULL,NULL,NULL),('performance_schema_max_memory_classes','COMPILED','','0','1024',NULL,NULL,NULL),('performance_schema_max_metadata_locks','COMPILED','','-1','104857600',NULL,NULL,NULL),('performance_schema_max_mutex_classes','COMPILED','','0','1024',NULL,NULL,NULL),('performance_schema_max_mutex_instances','COMPILED','','-1','104857600',NULL,NULL,NULL),('performance_schema_max_prepared_statements_instances','COMPILED','','-1','4194304',NULL,NULL,NULL),('performance_schema_max_program_instances','COMPILED','','-1','1048576',NULL,NULL,NULL),('performance_schema_max_rwlock_classes','COMPILED','','0','1024',NULL,NULL,NULL),('performance_schema_max_rwlock_instances','COMPILED','','-1','104857600',NULL,NULL,NULL),('performance_schema_max_socket_classes','COMPILED','','0','1024',NULL,NULL,NULL),('performance_schema_max_socket_instances','COMPILED','','-1','1048576',NULL,NULL,NULL),('performance_schema_max_sql_text_length','COMPILED','','0','1048576',NULL,NULL,NULL),('performance_schema_max_stage_classes','COMPILED','','0','1024',NULL,NULL,NULL),('performance_schema_max_statement_classes','COMPILED','','0','256',NULL,NULL,NULL),('performance_schema_max_statement_stack','COMPILED','','1','256',NULL,NULL,NULL),('performance_schema_max_table_handles','COMPILED','','-1','1048576',NULL,NULL,NULL),('performance_schema_max_table_instances','COMPILED','','-1','1048576',NULL,NULL,NULL),('performance_schema_max_table_lock_stat','COMPILED','','-1','1048576',NULL,NULL,NULL),('performance_schema_max_thread_classes','COMPILED','','0','1024',NULL,NULL,NULL),('performance_schema_max_thread_instances','COMPILED','','-1','1048576',NULL,NULL,NULL),('performance_schema_session_connect_attrs_size','COMPILED','','-1','1048576',NULL,NULL,NULL),('performance_schema_setup_actors_size','COMPILED','','-1','1048576',NULL,NULL,NULL),('performance_schema_setup_objects_size','COMPILED','','-1','1048576',NULL,NULL,NULL),('performance_schema_show_processlist','COMPILED','','0','0',NULL,NULL,NULL),('performance_schema_users_size','COMPILED','','-1','1048576',NULL,NULL,NULL),('persist_only_admin_x509_subject','COMPILED','','0','0',NULL,NULL,NULL),('persist_sensitive_variables_in_plaintext','COMPILED','','0','0',NULL,NULL,NULL),('persisted_globals_load','COMPILED','','0','0',NULL,NULL,NULL),('pid_file','COMPILED','','0','0',NULL,NULL,NULL),('plugin_dir','COMPILED','','0','0',NULL,NULL,NULL),('port','COMPILED','','0','65535',NULL,NULL,NULL),('preload_buffer_size','COMPILED','','1024','1073741824',NULL,NULL,NULL),('print_identified_with_as_hex','COMPILED','','0','0',NULL,NULL,NULL),('profiling','COMPILED','','0','0',NULL,NULL,NULL),('profiling_history_size','COMPILED','','0','100',NULL,NULL,NULL),('protocol_compression_algorithms','COMPILED','','0','0',NULL,NULL,NULL),('protocol_version','COMPILED','','0','4294967295',NULL,NULL,NULL),('proxy_user','COMPILED','','0','0',NULL,NULL,NULL),('pseudo_replica_mode','COMPILED','','0','0',NULL,NULL,NULL),('pseudo_slave_mode','COMPILED','','0','0',NULL,NULL,NULL),('pseudo_thread_id','COMPILED','','0','4294967295',NULL,NULL,NULL),('query_alloc_block_size','COMPILED','','1024','4294966272',NULL,NULL,NULL),('query_prealloc_size','COMPILED','','8192','18446744073709550592',NULL,NULL,NULL),('rand_seed1','COMPILED','','0','18446744073709551615',NULL,NULL,NULL),('rand_seed2','COMPILED','','0','18446744073709551615',NULL,NULL,NULL),('range_alloc_block_size','COMPILED','','4096','4294966272',NULL,NULL,NULL),('range_optimizer_max_mem_size','COMPILED','','0','18446744073709551615',NULL,NULL,NULL),('rbr_exec_mode','COMPILED','','0','0',NULL,NULL,NULL),('read_buffer_size','COMPILED','','8192','2147479552',NULL,NULL,NULL),('read_only','COMPILED','','0','0',NULL,NULL,NULL),('read_rnd_buffer_size','COMPILED','','1','2147483647',NULL,NULL,NULL),('regexp_stack_limit','COMPILED','','0','2147483647',NULL,NULL,NULL),('regexp_time_limit','COMPILED','','0','2147483647',NULL,NULL,NULL),('relay_log','COMPILED','','0','0',NULL,NULL,NULL),('relay_log_basename','COMPILED','','0','0',NULL,NULL,NULL),('relay_log_index','COMPILED','','0','0',NULL,NULL,NULL),('relay_log_info_file','COMPILED','','0','0',NULL,NULL,NULL),('relay_log_info_repository','COMPILED','','0','0',NULL,NULL,NULL),('relay_log_purge','COMPILED','','0','0',NULL,NULL,NULL),('relay_log_recovery','COMPILED','','0','0',NULL,NULL,NULL),('relay_log_space_limit','COMPILED','','0','18446744073709551615',NULL,NULL,NULL),('replica_allow_batching','COMPILED','','0','0',NULL,NULL,NULL),('replica_checkpoint_group','COMPILED','','32','524280',NULL,NULL,NULL),('replica_checkpoint_period','COMPILED','','1','4294967295',NULL,NULL,NULL),('replica_compressed_protocol','COMPILED','','0','0',NULL,NULL,NULL),('replica_exec_mode','COMPILED','','0','0',NULL,NULL,NULL),('replica_load_tmpdir','COMPILED','','0','0',NULL,NULL,NULL),('replica_max_allowed_packet','COMPILED','','1024','1073741824',NULL,NULL,NULL),('replica_net_timeout','COMPILED','','1','31536000',NULL,NULL,NULL),('replica_parallel_type','COMPILED','','0','0',NULL,NULL,NULL),('replica_parallel_workers','COMPILED','','0','1024',NULL,NULL,NULL),('replica_pending_jobs_size_max','COMPILED','','1024','18446744073709550592',NULL,NULL,NULL),('replica_preserve_commit_order','COMPILED','','0','0',NULL,NULL,NULL),('replica_skip_errors','COMPILED','','0','0',NULL,NULL,NULL),('replica_sql_verify_checksum','COMPILED','','0','0',NULL,NULL,NULL),('replica_transaction_retries','COMPILED','','0','18446744073709551615',NULL,NULL,NULL),('replica_type_conversions','COMPILED','','0','0',NULL,NULL,NULL),('replication_optimize_for_static_plugin_config','COMPILED','','0','0',NULL,NULL,NULL),('replication_sender_observe_commit_only','COMPILED','','0','0',NULL,NULL,NULL),('report_host','COMPILED','','0','0',NULL,NULL,NULL),('report_password','COMPILED','','0','0',NULL,NULL,NULL),('report_port','COMPILED','','0','65535',NULL,NULL,NULL),('report_user','COMPILED','','0','0',NULL,NULL,NULL),('require_row_format','COMPILED','','0','0',NULL,NULL,NULL),('require_secure_transport','COMPILED','','0','0',NULL,NULL,NULL),('resultset_metadata','COMPILED','','0','0',NULL,NULL,NULL),('rpl_read_size','COMPILED','','8192','18446744073709547520',NULL,NULL,NULL),('rpl_stop_replica_timeout','COMPILED','','2','31536000',NULL,NULL,NULL),('rpl_stop_slave_timeout','COMPILED','','2','31536000',NULL,NULL,NULL),('schema_definition_cache','COMPILED','','256','524288',NULL,NULL,NULL),('secondary_engine_cost_threshold','COMPILED','','0','9218868437227405311',NULL,NULL,NULL),('secure_file_priv','COMPILED','','0','0',NULL,NULL,NULL),('select_into_buffer_size','COMPILED','','8192','2147479552',NULL,NULL,NULL),('select_into_disk_sync','COMPILED','','0','0',NULL,NULL,NULL),('select_into_disk_sync_delay','COMPILED','','0','31536000',NULL,NULL,NULL),('server_id','COMPILED','','0','4294967295',NULL,NULL,NULL),('server_id_bits','COMPILED','','0','32',NULL,NULL,NULL),('server_uuid','COMPILED','','0','0',NULL,NULL,NULL),('session_track_gtids','COMPILED','','0','0',NULL,NULL,NULL),('session_track_schema','COMPILED','','0','0',NULL,NULL,NULL),('session_track_state_change','COMPILED','','0','0',NULL,NULL,NULL),('session_track_system_variables','COMPILED','','0','0',NULL,NULL,NULL),('session_track_transaction_info','COMPILED','','0','0',NULL,NULL,NULL),('sha256_password_auto_generate_rsa_keys','COMPILED','','0','0',NULL,NULL,NULL),('sha256_password_private_key_path','COMPILED','','0','0',NULL,NULL,NULL),('sha256_password_proxy_users','COMPILED','','0','0',NULL,NULL,NULL),('sha256_password_public_key_path','COMPILED','','0','0',NULL,NULL,NULL),('show_create_table_skip_secondary_engine','COMPILED','','0','0',NULL,NULL,NULL),('show_create_table_verbosity','COMPILED','','0','0',NULL,NULL,NULL),('show_gipk_in_create_table_and_information_schema','COMPILED','','0','0',NULL,NULL,NULL),('show_old_temporals','COMPILED','','0','0',NULL,NULL,NULL),('skip_external_locking','COMPILED','','0','0',NULL,NULL,NULL),('skip_name_resolve','COMPILED','','0','0',NULL,NULL,NULL),('skip_networking','COMPILED','','0','0',NULL,NULL,NULL),('skip_replica_start','COMPILED','','0','0',NULL,NULL,NULL),('skip_show_database','COMPILED','','0','0',NULL,NULL,NULL),('skip_slave_start','COMPILED','','0','0',NULL,NULL,NULL),('slave_allow_batching','COMPILED','','0','0',NULL,NULL,NULL),('slave_checkpoint_group','COMPILED','','32','524280',NULL,NULL,NULL),('slave_checkpoint_period','COMPILED','','1','4294967295',NULL,NULL,NULL),('slave_compressed_protocol','COMPILED','','0','0',NULL,NULL,NULL),('slave_exec_mode','COMPILED','','0','0',NULL,NULL,NULL),('slave_load_tmpdir','COMPILED','','0','0',NULL,NULL,NULL),('slave_max_allowed_packet','COMPILED','','1024','1073741824',NULL,NULL,NULL),('slave_net_timeout','COMPILED','','1','31536000',NULL,NULL,NULL),('slave_parallel_type','COMPILED','','0','0',NULL,NULL,NULL),('slave_parallel_workers','COMPILED','','0','1024',NULL,NULL,NULL),('slave_pending_jobs_size_max','COMPILED','','1024','18446744073709550592',NULL,NULL,NULL),('slave_preserve_commit_order','COMPILED','','0','0',NULL,NULL,NULL),('slave_rows_search_algorithms','COMPILED','','0','0',NULL,NULL,NULL),('slave_skip_errors','COMPILED','','0','0',NULL,NULL,NULL),('slave_sql_verify_checksum','COMPILED','','0','0',NULL,NULL,NULL),('slave_transaction_retries','COMPILED','','0','18446744073709551615',NULL,NULL,NULL),('slave_type_conversions','COMPILED','','0','0',NULL,NULL,NULL),('slow_launch_time','COMPILED','','0','31536000',NULL,NULL,NULL),('slow_query_log','COMPILED','','0','0',NULL,NULL,NULL),('slow_query_log_file','COMPILED','','0','0',NULL,NULL,NULL),('socket','COMPILED','','0','0',NULL,NULL,NULL),('sort_buffer_size','COMPILED','','32768','18446744073709551615',NULL,NULL,NULL),('source_verify_checksum','COMPILED','','0','0',NULL,NULL,NULL),('sql_auto_is_null','COMPILED','','0','0',NULL,NULL,NULL),('sql_big_selects','COMPILED','','0','0',NULL,NULL,NULL),('sql_buffer_result','COMPILED','','0','0',NULL,NULL,NULL),('sql_generate_invisible_primary_key','COMPILED','','0','0',NULL,NULL,NULL),('sql_log_bin','COMPILED','','0','0',NULL,NULL,NULL),('sql_log_off','COMPILED','','0','0',NULL,NULL,NULL),('sql_mode','DYNAMIC','','0','0','2025-12-15 00:00:03.701991','root','localhost'),('sql_notes','COMPILED','','0','0',NULL,NULL,NULL),('sql_quote_show_create','DYNAMIC','','0','0','2025-12-15 00:00:05.270232','root','localhost'),('sql_replica_skip_counter','COMPILED','','0','4294967295',NULL,NULL,NULL),('sql_require_primary_key','COMPILED','','0','0',NULL,NULL,NULL),('sql_safe_updates','COMPILED','','0','0',NULL,NULL,NULL),('sql_select_limit','COMPILED','','0','18446744073709551615',NULL,NULL,NULL),('sql_slave_skip_counter','COMPILED','','0','4294967295',NULL,NULL,NULL),('sql_warnings','COMPILED','','0','0',NULL,NULL,NULL),('ssl_ca','COMPILED','','0','0',NULL,NULL,NULL),('ssl_capath','COMPILED','','0','0',NULL,NULL,NULL),('ssl_cert','COMPILED','','0','0',NULL,NULL,NULL),('ssl_cipher','COMPILED','','0','0',NULL,NULL,NULL),('ssl_crl','COMPILED','','0','0',NULL,NULL,NULL),('ssl_crlpath','COMPILED','','0','0',NULL,NULL,NULL),('ssl_fips_mode','COMPILED','','0','0',NULL,NULL,NULL),('ssl_key','COMPILED','','0','0',NULL,NULL,NULL),('ssl_session_cache_mode','COMPILED','','0','0',NULL,NULL,NULL),('ssl_session_cache_timeout','COMPILED','','0','84600',NULL,NULL,NULL),('statement_id','COMPILED','','0','9223372036854775807',NULL,NULL,NULL),('stored_program_cache','COMPILED','','16','524288',NULL,NULL,NULL),('stored_program_definition_cache','COMPILED','','256','524288',NULL,NULL,NULL),('super_read_only','COMPILED','','0','0',NULL,NULL,NULL),('sync_binlog','COMPILED','','0','4294967295',NULL,NULL,NULL),('sync_master_info','COMPILED','','0','4294967295',NULL,NULL,NULL),('sync_relay_log','COMPILED','','0','4294967295',NULL,NULL,NULL),('sync_relay_log_info','COMPILED','','0','4294967295',NULL,NULL,NULL),('sync_source_info','COMPILED','','0','4294967295',NULL,NULL,NULL),('system_time_zone','COMPILED','','0','0',NULL,NULL,NULL),('table_definition_cache','COMPILED','','400','524288',NULL,NULL,NULL),('table_encryption_privilege_check','COMPILED','','0','0',NULL,NULL,NULL),('table_open_cache','COMPILED','','1','524288',NULL,NULL,NULL),('table_open_cache_instances','COMPILED','','1','64',NULL,NULL,NULL),('tablespace_definition_cache','COMPILED','','256','524288',NULL,NULL,NULL),('temptable_max_mmap','COMPILED','','0','18446744073709551615',NULL,NULL,NULL),('temptable_max_ram','COMPILED','','2097152','18446744073709551615',NULL,NULL,NULL),('temptable_use_mmap','COMPILED','','0','0',NULL,NULL,NULL),('terminology_use_previous','COMPILED','','0','0',NULL,NULL,NULL),('thread_cache_size','COMPILED','','0','16384',NULL,NULL,NULL),('thread_handling','COMPILED','','0','0',NULL,NULL,NULL),('thread_stack','COMPILED','','131072','18446744073709550592',NULL,NULL,NULL),('time_zone','DYNAMIC','','0','0','2025-12-15 00:00:03.702063','root','localhost'),('timestamp','COMPILED','','0','0',NULL,NULL,NULL),('tls_ciphersuites','COMPILED','','0','0',NULL,NULL,NULL),('tls_version','COMPILED','','0','0',NULL,NULL,NULL),('tmp_table_size','COMPILED','','1024','18446744073709551615',NULL,NULL,NULL),('tmpdir','COMPILED','','0','0',NULL,NULL,NULL),('transaction_alloc_block_size','COMPILED','','1024','131072',NULL,NULL,NULL),('transaction_allow_batching','COMPILED','','0','0',NULL,NULL,NULL),('transaction_isolation','DYNAMIC','','0','0','2025-12-14 23:40:16.284189','oc_ucr','localhost'),('transaction_prealloc_size','COMPILED','','1024','131072',NULL,NULL,NULL),('transaction_read_only','COMPILED','','0','0',NULL,NULL,NULL),('transaction_write_set_extraction','COMPILED','','0','0',NULL,NULL,NULL),('unique_checks','COMPILED','','0','0',NULL,NULL,NULL),('updatable_views_with_limit','COMPILED','','0','0',NULL,NULL,NULL),('use_secondary_engine','COMPILED','','0','0',NULL,NULL,NULL),('version','COMPILED','','0','0',NULL,NULL,NULL),('version_comment','COMPILED','','0','0',NULL,NULL,NULL),('version_compile_machine','COMPILED','','0','0',NULL,NULL,NULL),('version_compile_os','COMPILED','','0','0',NULL,NULL,NULL),('version_compile_zlib','COMPILED','','0','0',NULL,NULL,NULL),('wait_timeout','COMPILED','','1','31536000',NULL,NULL,NULL),('warning_count','COMPILED','','0','18446744073709551615',NULL,NULL,NULL),('windowing_use_high_precision','COMPILED','','0','0',NULL,NULL,NULL),('xa_detach_on_prepare','COMPILED','','0','0',NULL,NULL,NULL);


